{"id":5895,"date":"2020-06-22T12:43:39","date_gmt":"2020-06-22T10:43:39","guid":{"rendered":"https:\/\/semmelweis.hu\/patologia1\/?page_id=5895"},"modified":"2020-07-02T20:58:19","modified_gmt":"2020-07-02T18:58:19","slug":"aramlascytometria-labor","status":"publish","type":"page","link":"https:\/\/semmelweis.hu\/patologia1\/laboregysegek\/aramlascytometria-labor\/","title":{"rendered":"\u00c1raml\u00e1scytometria labor"},"content":{"rendered":"<p><a href=\"https:\/\/semmelweis.hu\/patologia1\/files\/2015\/02\/172355312.jpg\"><img loading=\"lazy\" decoding=\"async\" class=\"size-medium wp-image-1224 alignleft\" src=\"https:\/\/semmelweis.hu\/patologia1\/files\/2015\/02\/172355312-300x249.jpg\" alt=\"\" width=\"300\" height=\"249\" srcset=\"https:\/\/semmelweis.hu\/patologia1\/files\/2015\/02\/172355312-300x249.jpg 300w, https:\/\/semmelweis.hu\/patologia1\/files\/2015\/02\/172355312-1024x849.jpg 1024w, https:\/\/semmelweis.hu\/patologia1\/files\/2015\/02\/172355312-362x300.jpg 362w\" sizes=\"auto, (max-width: 300px) 100vw, 300px\" \/><\/a>Laborat\u00f3riumunkban lymphom\u00e1k, leuk\u00e9mi\u00e1k immunfenotipiz\u00e1l\u00e1s\u00e1t v\u00e9gezz\u00fck a hozz\u00e1nk \u00e9rkez\u0151 v\u00e9r, csontvel\u0151 aspir\u00e1tum \u00e9s liquor mint\u00e1kon. Ehhez k\u00f6t\u00f6d\u0151en v\u00e9gezz\u00fck a kutat\u00e1sainkat is.<\/p>\n<p>&nbsp;<\/p>\n<p>&nbsp;<\/p>\n<p>&nbsp;<\/p>\n<div class=\"responsive-tabs\">\n<h2 class=\"tabtitle\">Munkat\u00e1rsak<\/h2>\n<div class=\"tabcontent\">\n\n<p><a href=\"https:\/\/semmelweis.hu\/patologia1\/files\/2020\/06\/pic-frame.jpg\"><img loading=\"lazy\" decoding=\"async\" class=\"alignleft\" src=\"https:\/\/semmelweis.hu\/patologia1\/files\/2020\/06\/pic-frame.jpg\" alt=\"Fintha Attila\" width=\"121\" height=\"130\" \/><\/a>Dr. Barna G\u00e1bor (tudom\u00e1nyos f\u0151munkat\u00e1rs)<br \/>\n<a href=\"https:\/\/semmelweis.hu\/telefonkonyv\/?emp_id=5369\">el\u00e9rhet\u0151s\u00e9g<\/a><\/p>\n<p>&nbsp;<\/p>\n<p>&nbsp;<\/p>\n<p><a href=\"https:\/\/semmelweis.hu\/patologia1\/files\/2020\/06\/pic-frame.jpg\"><img loading=\"lazy\" decoding=\"async\" class=\"alignleft\" src=\"https:\/\/semmelweis.hu\/patologia1\/files\/2020\/06\/pic-frame.jpg\" alt=\"\" width=\"121\" height=\"130\" \/><\/a>Kov\u00e1csn\u00e9 dr. M\u00e1rk \u00c1gnes (tudom\u00e1nyos munkat\u00e1rs)<br \/>\n<a href=\"https:\/\/semmelweis.hu\/telefonkonyv\/?emp_id=10154\">el\u00e9rhet\u0151s\u00e9g<\/a><\/p>\n<p>&nbsp;<\/p>\n<p>&nbsp;<\/p>\n<p><a href=\"https:\/\/semmelweis.hu\/patologia1\/files\/2020\/06\/pic-frame.jpg\"><img loading=\"lazy\" decoding=\"async\" class=\"alignleft\" src=\"https:\/\/semmelweis.hu\/patologia1\/files\/2020\/06\/pic-frame.jpg\" alt=\"\" width=\"121\" height=\"130\" \/><\/a>Dr. Szal\u00f3ki G\u00e1bor (tudom\u00e1nyos munkat\u00e1rs)<br \/>\n<a href=\"https:\/\/semmelweis.hu\/telefonkonyv\/?emp_id=14956\">el\u00e9rhet\u0151s\u00e9g<\/a><\/p>\n<p>&nbsp;<\/p>\n<p>&nbsp;<\/p>\n<p><a href=\"https:\/\/semmelweis.hu\/patologia1\/files\/2020\/06\/pic-frame.jpg\"><img loading=\"lazy\" decoding=\"async\" class=\"alignleft\" src=\"https:\/\/semmelweis.hu\/patologia1\/files\/2020\/06\/pic-frame.jpg\" alt=\"\" width=\"121\" height=\"130\" \/><\/a>Szab\u00f3 Orsolya (labor analitikus)<br \/>\n<a href=\"https:\/\/semmelweis.hu\/telefonkonyv\/?emp_id=6196\">el\u00e9rhet\u0151s\u00e9g<\/a><\/p>\n<p>&nbsp;<\/p>\n<p>&nbsp;<\/p>\n<p><a href=\"https:\/\/semmelweis.hu\/patologia1\/files\/2020\/06\/pic-frame.jpg\"><img loading=\"lazy\" decoding=\"async\" class=\"alignleft\" src=\"https:\/\/semmelweis.hu\/patologia1\/files\/2020\/06\/pic-frame.jpg\" alt=\"\" width=\"121\" height=\"130\" \/><\/a>Arany\u00e1s Mikl\u00f3s (biol\u00f3gus)<br \/>\n<a href=\"https:\/\/semmelweis.hu\/telefonkonyv\/?emp_id=14941\">el\u00e9rhet\u0151s\u00e9g<\/a><\/p>\n<p>&nbsp;<\/p>\n<p>&nbsp;<\/p>\n<p>PhD hallgat\u00f3k:<br \/>\nCzeti \u00c1gnes<br \/>\ndr. Tak\u00e1cs Ferenc<\/p>\n\n<\/div><h2 class=\"tabtitle\">Vizsg\u00e1latok<\/h2>\n<div class=\"tabcontent\">\n\n<style type=\"text\/css\"><!--td {border: 1px solid #ccc;}br {mso-data-placement:same-cell;}--><\/style>\n<\/p>\n<table class=\"alignleft\" dir=\"ltr\" style=\"width: 100%;border-style: none\" border=\"1\" cellspacing=\"0\" cellpadding=\"0\">\n<colgroup>\n<col width=\"269\" \/><\/colgroup>\n<colgroup>\n<col width=\"83\" \/>\n<col width=\"60\" \/><\/colgroup>\n<tbody>\n<tr>\n<td style=\"width: 21.327%\" data-sheets-value=\"{&quot;1&quot;:2,&quot;2&quot;:&quot;Akut leuk\u00e9mia screening &quot;}\">Akut leuk\u00e9mia screening<\/td>\n<td style=\"width: 12.0379%\">\u00a0<\/td>\n<td style=\"width: 61.1374%\" data-sheets-value=\"{&quot;1&quot;:2,&quot;2&quot;:&quot;CD14-CD34-CD7-CD33-CD45-CD117-HLA-DR-CD19&quot;}\">\n<div>\n<div>CD14-CD34-CD7-CD33-CD45-CD117-HLA-DR-CD19<\/div>\n<\/div>\n<\/td>\n<\/tr>\n<tr>\n<td style=\"width: 21.327%\" data-sheets-value=\"{&quot;1&quot;:2,&quot;2&quot;:&quot;AML panel&quot;}\">AML panel<\/td>\n<td style=\"width: 12.0379%\" data-sheets-value=\"{&quot;1&quot;:2,&quot;2&quot;:&quot;AML1 = &quot;}\">AML1 =<\/td>\n<td style=\"width: 61.1374%\" data-sheets-value=\"{&quot;1&quot;:2,&quot;2&quot;:&quot;CD36-CD64-CD34-CD45-CD117-HLA-DR-CD14-CD11b&quot;}\">\n<div>\n<div>CD36-CD64-CD34-CD45-CD117-HLA-DR-CD14-CD11b<\/div>\n<\/div>\n<\/td>\n<\/tr>\n<tr>\n<td style=\"width: 21.327%\">\u00a0<\/td>\n<td style=\"width: 12.0379%\" data-sheets-value=\"{&quot;1&quot;:2,&quot;2&quot;:&quot;AML2 =&quot;}\">AML2 =<\/td>\n<td style=\"width: 61.1374%\" data-sheets-value=\"{&quot;1&quot;:2,&quot;2&quot;:&quot;CD15-NG2-CD34-CD45-CD117-HLA-DR-CD133-CD4&quot;}\">\n<div>\n<div>CD15-NG2-CD34-CD45-CD117-HLA-DR-CD133-CD4<\/div>\n<\/div>\n<\/td>\n<\/tr>\n<tr>\n<td style=\"width: 21.327%\">\u00a0<\/td>\n<td style=\"width: 12.0379%\" data-sheets-value=\"{&quot;1&quot;:2,&quot;2&quot;:&quot;AML3=&quot;}\">AML3=<\/td>\n<td style=\"width: 61.1374%\" data-sheets-value=\"{&quot;1&quot;:2,&quot;2&quot;:&quot;CD99-CD13-CD33-CD71-CD34-CD45-CD117-HLA-DR&quot;}\">\n<div>\n<div>CD99-CD13-CD33-CD71-CD34-CD45-CD117-HLA-DR<\/div>\n<\/div>\n<\/td>\n<\/tr>\n<tr>\n<td style=\"width: 21.327%\">\u00a0<\/td>\n<td style=\"width: 12.0379%\" data-sheets-value=\"{&quot;1&quot;:2,&quot;2&quot;:&quot;AML4=&quot;}\">AML4=<\/td>\n<td style=\"width: 61.1374%\" data-sheets-value=\"{&quot;1&quot;:2,&quot;2&quot;:&quot;CD2-CD22-CD34-CD45-CD117-HLA-DR-CD56-CD38&quot;}\">\n<div>\n<div>CD2-CD22-CD34-CD45-CD117-HLA-DR-CD56-CD38<\/div>\n<\/div>\n<\/td>\n<\/tr>\n<tr>\n<td style=\"width: 21.327%\">\u00a0<\/td>\n<td style=\"width: 12.0379%\" data-sheets-value=\"{&quot;1&quot;:2,&quot;2&quot;:&quot;IC =&quot;}\">IC =<\/td>\n<td style=\"width: 61.1374%\" data-sheets-value=\"{&quot;1&quot;:2,&quot;2&quot;:&quot;TdT-MPO-CD7-CD3-CD45-CD7-icCD3-CD5&quot;}\">\n<div>\n<div>TdT-MPO-CD7-CD3-CD45-CD7-icCD3-CD5<\/div>\n<\/div>\n<\/td>\n<\/tr>\n<tr>\n<td style=\"width: 21.327%\" data-sheets-value=\"{&quot;1&quot;:2,&quot;2&quot;:&quot;T-sejtes ALL panel&quot;}\">T-sejtes ALL panel<\/td>\n<td style=\"width: 12.0379%\" data-sheets-value=\"{&quot;1&quot;:2,&quot;2&quot;:&quot;TALL1=&quot;}\">TALL1=<\/td>\n<td style=\"width: 61.1374%\" data-sheets-value=\"{&quot;1&quot;:2,&quot;2&quot;:&quot;CD99-CD1a-CD7-CD4-CD45-CD3-CD8-CD2-CD34&quot;}\">\n<div>\n<div>CD99-CD1a-CD7-CD4-CD45-CD3-CD8-CD2-CD34<\/div>\n<\/div>\n<\/td>\n<\/tr>\n<tr>\n<td style=\"width: 21.327%\">\u00a0<\/td>\n<td style=\"width: 12.0379%\" data-sheets-value=\"{&quot;1&quot;:2,&quot;2&quot;:&quot;TALL2=&quot;}\">TALL2=<\/td>\n<td style=\"width: 61.1374%\" data-sheets-value=\"{&quot;1&quot;:2,&quot;2&quot;:&quot;CD4-CD99-CD34-CD45-CD7-CD2-CD8-CD5-CD3&quot;}\">\n<div>\n<div>CD4-CD99-CD34-CD45-CD7-CD2-CD8-CD5-CD3<\/div>\n<\/div>\n<\/td>\n<\/tr>\n<tr>\n<td style=\"width: 21.327%\">\u00a0<\/td>\n<td style=\"width: 12.0379%\" data-sheets-value=\"{&quot;1&quot;:2,&quot;2&quot;:&quot;IC=&quot;}\">IC=<\/td>\n<td style=\"width: 61.1374%\" data-sheets-value=\"{&quot;1&quot;:2,&quot;2&quot;:&quot;TdT-CD5-CD3-CD45-icCD3-MPO&quot;}\">\n<div>\n<div>TdT-CD5-CD3-CD45-icCD3-MPO<\/div>\n<\/div>\n<\/td>\n<\/tr>\n<tr>\n<td style=\"width: 21.327%\" data-sheets-value=\"{&quot;1&quot;:2,&quot;2&quot;:&quot;B-sejtes ALL panel&quot;}\">B-sejtes ALL panel<\/td>\n<td style=\"width: 12.0379%\" data-sheets-value=\"{&quot;1&quot;:2,&quot;2&quot;:&quot;B-ALL 1.=&quot;}\">B-ALL 1.=<\/td>\n<td style=\"width: 61.1374%\" data-sheets-value=\"{&quot;1&quot;:2,&quot;2&quot;:&quot;SYTO16-CD34-CD10-CD45-CD19-CD20&quot;}\">\n<div>\n<div>SYTO16-CD34-CD10-CD45-CD19-CD20<\/div>\n<\/div>\n<\/td>\n<\/tr>\n<tr>\n<td style=\"width: 21.327%\">\u00a0<\/td>\n<td style=\"width: 12.0379%\" data-sheets-value=\"{&quot;1&quot;:2,&quot;2&quot;:&quot;B-ALL 2.=&quot;}\">B-ALL 2.=<\/td>\n<td style=\"width: 61.1374%\" data-sheets-value=\"{&quot;1&quot;:2,&quot;2&quot;:&quot;CD58-CD38-CD45-CD10-CD19-CD20&quot;}\">\n<div>\n<div>CD58-CD38-CD45-CD10-CD19-CD20<\/div>\n<\/div>\n<\/td>\n<\/tr>\n<tr>\n<td style=\"width: 21.327%\">\u00a0<\/td>\n<td style=\"width: 12.0379%\" data-sheets-value=\"{&quot;1&quot;:2,&quot;2&quot;:&quot;IgM=&quot;}\">IgM=<\/td>\n<td style=\"width: 61.1374%\" data-sheets-value=\"{&quot;1&quot;:2,&quot;2&quot;:&quot;CD22-CD45-IgM&quot;}\">\n<div>\n<div>CD22-CD45-IgM<\/div>\n<\/div>\n<\/td>\n<\/tr>\n<tr>\n<td style=\"width: 21.327%\" data-sheets-value=\"{&quot;1&quot;:2,&quot;2&quot;:&quot;PNH&quot;}\">PNH<\/td>\n<td style=\"width: 12.0379%\">\u00a0<\/td>\n<td style=\"width: 61.1374%\" data-sheets-value=\"{&quot;1&quot;:2,&quot;2&quot;:&quot;FLAER-CD14-CD24-CD45&quot;}\">\n<div>\n<div>FLAER-CD14-CD24-CD45<\/div>\n<\/div>\n<\/td>\n<\/tr>\n<tr>\n<td style=\"width: 21.327%\" data-sheets-value=\"{&quot;1&quot;:2,&quot;2&quot;:&quot;Lymphoma screening&quot;}\">Lymphoma screening<\/td>\n<td style=\"width: 12.0379%\">\u00a0<\/td>\n<td style=\"width: 61.1374%\" data-sheets-value=\"{&quot;1&quot;:2,&quot;2&quot;:&quot;kappa-lambda\/CD56-CD5-CD4-CD45-CD3-CD19-CD8-CD10&quot;}\">\n<div>\n<div>kappa-lambda\/CD56-CD5-CD4-CD45-CD3-CD19-CD8-CD10<\/div>\n<\/div>\n<\/td>\n<\/tr>\n<tr>\n<td style=\"width: 21.327%\" data-sheets-value=\"{&quot;1&quot;:2,&quot;2&quot;:&quot;Lymphoma B-sejtes staging&quot;}\">Lymphoma B-sejtes staging<\/td>\n<td style=\"width: 12.0379%\">\u00a0<\/td>\n<td style=\"width: 61.1374%\" data-sheets-value=\"{&quot;1&quot;:2,&quot;2&quot;:&quot;kappa-lambda-CD10-CD19-CD45&quot;}\">\n<div>\n<div>kappa-lambda-CD10-CD19-CD45<\/div>\n<\/div>\n<\/td>\n<\/tr>\n<tr>\n<td style=\"width: 21.327%\" data-sheets-value=\"{&quot;1&quot;:2,&quot;2&quot;:&quot;T-sejtes staging&quot;}\">T-sejtes staging<\/td>\n<td style=\"width: 12.0379%\">\u00a0<\/td>\n<td style=\"width: 61.1374%\" data-sheets-value=\"{&quot;1&quot;:2,&quot;2&quot;:&quot;CD4-CD8-CD3-CD45-CD56&quot;}\">\n<div>\n<div>CD4-CD8-CD3-CD45-CD56<\/div>\n<\/div>\n<\/td>\n<\/tr>\n<tr>\n<td style=\"width: 21.327%\" data-sheets-value=\"{&quot;1&quot;:2,&quot;2&quot;:&quot;Sezary\/mycosis fungoides panel&quot;}\">Sezary\/mycosis fungoides panel<\/td>\n<td style=\"width: 12.0379%\">\u00a0<\/td>\n<td style=\"width: 61.1374%\" data-sheets-value=\"{&quot;1&quot;:2,&quot;2&quot;:&quot;CD4-CD26-CD7-CD3-CD45-CD2-CD19-CD8&quot;}\">\n<div>\n<div>CD4-CD26-CD7-CD3-CD45-CD2-CD19-CD8<\/div>\n<\/div>\n<\/td>\n<\/tr>\n<tr>\n<td style=\"width: 21.327%\" data-sheets-value=\"{&quot;1&quot;:2,&quot;2&quot;:&quot;LGL panel&quot;}\">LGL panel<\/td>\n<td style=\"width: 12.0379%\">\u00a0<\/td>\n<td style=\"width: 61.1374%\" data-sheets-value=\"{&quot;1&quot;:2,&quot;2&quot;:&quot;CD57-CD4-CD45-CD3-CD8&quot;}\">\n<div>\n<div>CD57-CD4-CD45-CD3-CD8<\/div>\n<\/div>\n<\/td>\n<\/tr>\n<tr>\n<td style=\"width: 21.327%\" data-sheets-value=\"{&quot;1&quot;:2,&quot;2&quot;:&quot;Myeloma panel&quot;}\">Myeloma panel<\/td>\n<td style=\"width: 12.0379%\">\u00a0<\/td>\n<td style=\"width: 61.1374%\" data-sheets-value=\"{&quot;1&quot;:2,&quot;2&quot;:&quot;CD81-CD138-CD38-CD19-CD45-CD56-CD20-CD117&quot;}\">\n<div>\n<div>CD81-CD138-CD38-CD19-CD45-CD56-CD20-CD117<\/div>\n<\/div>\n<\/td>\n<\/tr>\n<tr>\n<td style=\"width: 21.327%\" data-sheets-value=\"{&quot;1&quot;:2,&quot;2&quot;:&quot;Myeloma ickappa\/iclambda&quot;}\">Myeloma ickappa\/iclambda<\/td>\n<td style=\"width: 12.0379%\">\u00a0<\/td>\n<td style=\"width: 61.1374%\" data-sheets-value=\"{&quot;1&quot;:2,&quot;2&quot;:&quot;icKappa-icLambda-CD138-CD45-CD19-CD56&quot;}\">\n<div>\n<div>icKappa-icLambda-CD138-CD45-CD19-CD56<\/div>\n<\/div>\n<\/td>\n<\/tr>\n<tr>\n<td style=\"width: 21.327%\" data-sheets-value=\"{&quot;1&quot;:2,&quot;2&quot;:&quot;CLL panel&quot;}\">CLL panel<\/td>\n<td style=\"width: 12.0379%\">\u00a0<\/td>\n<td style=\"width: 61.1374%\" data-sheets-value=\"{&quot;1&quot;:2,&quot;2&quot;:&quot;CD23-CD49d -CD38-CD20-CD200-CD19-CD45-CD79b&quot;}\">\n<div>\n<div>CD23-CD49d -CD38-CD20-CD200-CD19-CD45-CD79b<\/div>\n<\/div>\n<\/td>\n<\/tr>\n<tr>\n<td style=\"width: 21.327%\" data-sheets-value=\"{&quot;1&quot;:2,&quot;2&quot;:&quot;HFZML panel&quot;}\">HFZML panel<\/td>\n<td style=\"width: 12.0379%\">\u00a0<\/td>\n<td style=\"width: 61.1374%\" data-sheets-value=\"{&quot;1&quot;:2,&quot;2&quot;:&quot;CD103-CD10-CD38-CD25-CD11c-CD20-CD19-CD45&quot;}\">\n<div>\n<div>CD103-CD10-CD38-CD25-CD11c-CD20-CD19-CD45<\/div>\n<\/div>\n<\/td>\n<\/tr>\n<tr>\n<td style=\"width: 21.327%\" data-sheets-value=\"{&quot;1&quot;:2,&quot;2&quot;:&quot;CLL sz\u0171k\u00edtett panel&quot;}\">CLL sz\u0171k\u00edtett panel<\/td>\n<td style=\"width: 12.0379%\">\u00a0<\/td>\n<td style=\"width: 61.1374%\" data-sheets-value=\"{&quot;1&quot;:2,&quot;2&quot;:&quot;CD5-CD38-CD19-CD45&quot;}\">\n<div>\n<div>CD5-CD38-CD19-CD45<\/div>\n<\/div>\n<\/td>\n<\/tr>\n<tr>\n<td style=\"width: 21.327%\" data-sheets-value=\"{&quot;1&quot;:2,&quot;2&quot;:&quot;CLL MRD panel&quot;}\">CLL MRD panel<\/td>\n<td style=\"width: 12.0379%\">\u00a0<\/td>\n<td style=\"width: 61.1374%\" data-sheets-value=\"{&quot;1&quot;:2,&quot;2&quot;:&quot;CD5-CD3-CD19- CD20-CD79b-CD43-ROR1-CD81&quot;}\">\n<div>\n<div>CD5-CD3-CD19- CD20-CD79b-CD43-ROR1-CD81<\/div>\n<\/div>\n<\/td>\n<\/tr>\n<tr>\n<td style=\"width: 21.327%\" data-sheets-value=\"{&quot;1&quot;:2,&quot;2&quot;:&quot;ploidit\u00e1s (DNS index) vizsg\u00e1lat&quot;}\">ploidit\u00e1s (DNS index) vizsg\u00e1lat<\/td>\n<td style=\"width: 12.0379%\">\u00a0<\/td>\n<td style=\"width: 61.1374%\">\u00a0<\/td>\n<\/tr>\n<\/tbody>\n<\/table>\n\n<\/div><h2 class=\"tabtitle\">Eszk\u00f6z\u00f6k<\/h2>\n<div class=\"tabcontent\">\n\n<table style=\"border-collapse: collapse;width: 100%;height: 98px\">\n<tbody>\n<tr style=\"height: 33px\">\n<td style=\"width: 27.5355%;height: 33px\">FACSCalibur \u00e1raml\u00e1si citom\u00e9ter (4 sz\u00edn)<\/td>\n<\/tr>\n<tr style=\"height: 33px\">\n<td style=\"width: 27.5355%;height: 33px\">Navios \u00e1raml\u00e1si citom\u00e9ter (8 sz\u00edn)<\/td>\n<\/tr>\n<tr style=\"height: 32px\">\n<td style=\"width: 27.5355%;height: 32px\">FACSLyric \u00e1raml\u00e1si citom\u00e9ter (10 sz\u00edn)<\/td>\n<\/tr>\n<\/tbody>\n<\/table>\n<\/div><\/div>\n","protected":false},"excerpt":{"rendered":"<p><a href=\"https:\/\/semmelweis.hu\/patologia1\/files\/2015\/02\/172355312.jpg\"><\/a> Laborat\u00f3riumunkban lymphom\u00e1k, leuk\u00e9mi\u00e1k immunfenotipiz\u00e1l\u00e1s\u00e1t v\u00e9gezz\u00fck a hozz\u00e1nk \u00e9rkez\u0151 v\u00e9r, csontvel\u0151 aspir\u00e1tum \u00e9s liquor mint\u00e1kon. Ehhez k\u00f6t\u00f6d\u0151en v\u00e9gezz\u00fck a kutat\u00e1sainkat is. &nbsp; &nbsp; &nbsp; <a href=\"https:\/\/semmelweis.hu\/patologia1\/files\/2020\/06\/pic-frame.jpg\"><\/a> Dr. Barna G\u00e1bor (tudom\u00e1nyos f\u0151munkat\u00e1rs) <a href=\"https:\/\/semmelweis.hu\/telefonkonyv\/?emp_id=5369\">el\u00e9rhet\u0151s\u00e9g<\/a> &nbsp; &nbsp; <a href=\"https:\/\/semmelweis.hu\/patologia1\/files\/2020\/06\/pic-frame.jpg\"><\/a> Kov\u00e1csn\u00e9 dr. M\u00e1rk \u00c1gnes (tudom\u00e1nyos munkat\u00e1rs) <a href=\"https:\/\/semmelweis.hu\/telefonkonyv\/?emp_id=10154\">el\u00e9rhet\u0151s\u00e9g<\/a> &nbsp; &nbsp; <a href=\"https:\/\/semmelweis.hu\/patologia1\/files\/2020\/06\/pic-frame.jpg\"><\/a> Dr. Szal\u00f3ki G\u00e1bor (tudom\u00e1nyos munkat\u00e1rs) <a href=\"https:\/\/semmelweis.hu\/telefonkonyv\/?emp_id=14956\">el\u00e9rhet\u0151s\u00e9g<\/a> &nbsp; &nbsp; <a href=\"https:\/\/semmelweis.hu\/patologia1\/files\/2020\/06\/pic-frame.jpg\"><\/a> Szab\u00f3 Orsolya (labor analitikus) <a href=\"https:\/\/semmelweis.hu\/telefonkonyv\/?emp_id=6196\">el\u00e9rhet\u0151s\u00e9g<\/a> &nbsp; &nbsp; <a href=\"https:\/\/semmelweis.hu\/patologia1\/files\/2020\/06\/pic-frame.jpg\"><\/a> Arany\u00e1s Mikl\u00f3s (biol\u00f3gus) <a href=\"https:\/\/semmelweis.hu\/telefonkonyv\/?emp_id=14941\">el\u00e9rhet\u0151s\u00e9g<\/a> &nbsp; &hellip;<\/p>\n","protected":false},"author":101745,"featured_media":0,"parent":5701,"menu_order":7,"comment_status":"closed","ping_status":"closed","template":"","meta":{"_acf_changed":false,"footnotes":""},"categories":[],"tags":[],"class_list":["post-5895","page","type-page","status-publish","hentry"],"acf":[],"_links":{"self":[{"href":"https:\/\/semmelweis.hu\/patologia1\/wp-json\/wp\/v2\/pages\/5895","targetHints":{"allow":["GET"]}}],"collection":[{"href":"https:\/\/semmelweis.hu\/patologia1\/wp-json\/wp\/v2\/pages"}],"about":[{"href":"https:\/\/semmelweis.hu\/patologia1\/wp-json\/wp\/v2\/types\/page"}],"author":[{"embeddable":true,"href":"https:\/\/semmelweis.hu\/patologia1\/wp-json\/wp\/v2\/users\/101745"}],"replies":[{"embeddable":true,"href":"https:\/\/semmelweis.hu\/patologia1\/wp-json\/wp\/v2\/comments?post=5895"}],"version-history":[{"count":3,"href":"https:\/\/semmelweis.hu\/patologia1\/wp-json\/wp\/v2\/pages\/5895\/revisions"}],"predecessor-version":[{"id":5914,"href":"https:\/\/semmelweis.hu\/patologia1\/wp-json\/wp\/v2\/pages\/5895\/revisions\/5914"}],"up":[{"embeddable":true,"href":"https:\/\/semmelweis.hu\/patologia1\/wp-json\/wp\/v2\/pages\/5701"}],"wp:attachment":[{"href":"https:\/\/semmelweis.hu\/patologia1\/wp-json\/wp\/v2\/media?parent=5895"}],"wp:term":[{"taxonomy":"category","embeddable":true,"href":"https:\/\/semmelweis.hu\/patologia1\/wp-json\/wp\/v2\/categories?post=5895"},{"taxonomy":"post_tag","embeddable":true,"href":"https:\/\/semmelweis.hu\/patologia1\/wp-json\/wp\/v2\/tags?post=5895"}],"curies":[{"name":"wp","href":"https:\/\/api.w.org\/{rel}","templated":true}]}}