{"id":5871,"date":"2020-06-22T12:36:12","date_gmt":"2020-06-22T10:36:12","guid":{"rendered":"https:\/\/semmelweis.hu\/patologia1\/?page_id=5871"},"modified":"2026-02-23T17:57:37","modified_gmt":"2026-02-23T16:57:37","slug":"molekularis-onkologia","status":"publish","type":"page","link":"https:\/\/semmelweis.hu\/patologia1\/diagnosztika-profilok\/molekularis-onkologia\/","title":{"rendered":"Molekul\u00e1ris Patol\u00f3gia"},"content":{"rendered":"<p><img loading=\"lazy\" decoding=\"async\" class=\"wp-image-5985  alignnone\" src=\"https:\/\/semmelweis.hu\/patologia1\/files\/2020\/07\/SOTE_ikonok_expand-02-e1639640896242.jpg\" alt=\"\" width=\"263\" height=\"263\" \/>Molekul\u00e1ris Patol\u00f3gia<\/p>\n<p>Az int\u00e9zet molekul\u00e1ris patol\u00f3gia r\u00e9szlege orsz\u00e1gos centrumk\u00e9nt v\u00e9gez genomikai vizsg\u00e1latokat Magyarorsz\u00e1g sz\u00e1mos klinikai centruma sz\u00e1m\u00e1ra. A legkorszer\u0171bb \u00fajgener\u00e1ci\u00f3s szekven\u00e1l\u00e1si technol\u00f3gi\u00e1kkal diagnosztikus, prognosztikus \u00e9s predikt\u00edv biomarkerek vizsg\u00e1lata zajlik a molekul\u00e1ris patol\u00f3giai laborat\u00f3riumokban az <strong>onkohematol\u00f3gia<\/strong>, a <strong>szolid tumorok<\/strong> \u00e9s a <strong>kardiogenetika<\/strong> ter\u00fclet\u00e9n egyar\u00e1nt. Vizsg\u00e1lataink k\u00f6z\u00f6tt megtal\u00e1lhat\u00f3 az \u00e1tfog\u00f3 onkogenomikai profiloz\u00e1s, teljes exomszekven\u00e1l\u00e1s \u00e9s k\u00fcl\u00f6nb\u00f6z\u0151, betegs\u00e9gspecifikus NGS panelvizsg\u00e1latok is. T\u00f6bb vizsg\u00e1latunk sz\u00f6vetmint\u00e1k mellett, \u00fan. likvid (folyad\u00e9k) biopszi\u00e1s mint\u00e1kb\u00f3l is megval\u00f3s\u00edthat\u00f3. Tov\u00e1bb\u00e1, haz\u00e1nkban egyed\u00fcl\u00e1ll\u00f3 m\u00f3don, int\u00e9zet\u00fcnk molekul\u00e1ris patol\u00f3giai r\u00e9szleg\u00e9n el\u00e9rhet\u0151ek az otpikai genomt\u00e9rk\u00e9pez\u00e9s (digit\u00e1lis citogenomika) is. Vizsg\u00e1lataink ki\u00e9rt\u00e9kel\u00e9se, g\u00e9pi tanul\u00e1s vez\u00e9relt bioinformatikai rendszerekkel t\u00f6rt\u00e9nik. Munkat\u00e1rsaink megfelel\u0151 szakk\u00e9p\u00edt\u00e9ssel \u00e9s t\u00f6bb \u00e9vtizedes tapasztalattal rendelkeznek a molekul\u00e1ris vizsg\u00e1latok ter\u00e9n.<\/p>\n<p>&nbsp;<\/p>\n<p><a href=\"https:\/\/semmelweis.hu\/patologia1\/diagnosztika-profilok\/vizsgalatkeres\/tso500\/\">Vizsg\u00e1latk\u00e9r\u00e9sek<\/a><\/p>\n","protected":false},"excerpt":{"rendered":"<p>Molekul\u00e1ris Patol\u00f3gia Az int\u00e9zet molekul\u00e1ris patol\u00f3gia r\u00e9szlege orsz\u00e1gos centrumk\u00e9nt v\u00e9gez genomikai vizsg\u00e1latokat Magyarorsz\u00e1g sz\u00e1mos klinikai centruma sz\u00e1m\u00e1ra. A legkorszer\u0171bb \u00fajgener\u00e1ci\u00f3s szekven\u00e1l\u00e1si technol\u00f3gi\u00e1kkal diagnosztikus, prognosztikus \u00e9s predikt\u00edv biomarkerek vizsg\u00e1lata zajlik a molekul\u00e1ris patol\u00f3giai laborat\u00f3riumokban az onkohematol\u00f3gia, a szolid tumorok \u00e9s a kardiogenetika ter\u00fclet\u00e9n egyar\u00e1nt. Vizsg\u00e1lataink k\u00f6z\u00f6tt megtal\u00e1lhat\u00f3 az \u00e1tfog\u00f3 onkogenomikai profiloz\u00e1s, teljes exomszekven\u00e1l\u00e1s \u00e9s k\u00fcl\u00f6nb\u00f6z\u0151, betegs\u00e9gspecifikus &hellip;<\/p>\n","protected":false},"author":101745,"featured_media":0,"parent":35,"menu_order":0,"comment_status":"closed","ping_status":"closed","template":"","meta":{"_acf_changed":false,"footnotes":""},"categories":[],"tags":[],"class_list":["post-5871","page","type-page","status-publish","hentry"],"acf":[],"_links":{"self":[{"href":"https:\/\/semmelweis.hu\/patologia1\/wp-json\/wp\/v2\/pages\/5871","targetHints":{"allow":["GET"]}}],"collection":[{"href":"https:\/\/semmelweis.hu\/patologia1\/wp-json\/wp\/v2\/pages"}],"about":[{"href":"https:\/\/semmelweis.hu\/patologia1\/wp-json\/wp\/v2\/types\/page"}],"author":[{"embeddable":true,"href":"https:\/\/semmelweis.hu\/patologia1\/wp-json\/wp\/v2\/users\/101745"}],"replies":[{"embeddable":true,"href":"https:\/\/semmelweis.hu\/patologia1\/wp-json\/wp\/v2\/comments?post=5871"}],"version-history":[{"count":10,"href":"https:\/\/semmelweis.hu\/patologia1\/wp-json\/wp\/v2\/pages\/5871\/revisions"}],"predecessor-version":[{"id":8970,"href":"https:\/\/semmelweis.hu\/patologia1\/wp-json\/wp\/v2\/pages\/5871\/revisions\/8970"}],"up":[{"embeddable":true,"href":"https:\/\/semmelweis.hu\/patologia1\/wp-json\/wp\/v2\/pages\/35"}],"wp:attachment":[{"href":"https:\/\/semmelweis.hu\/patologia1\/wp-json\/wp\/v2\/media?parent=5871"}],"wp:term":[{"taxonomy":"category","embeddable":true,"href":"https:\/\/semmelweis.hu\/patologia1\/wp-json\/wp\/v2\/categories?post=5871"},{"taxonomy":"post_tag","embeddable":true,"href":"https:\/\/semmelweis.hu\/patologia1\/wp-json\/wp\/v2\/tags?post=5871"}],"curies":[{"name":"wp","href":"https:\/\/api.w.org\/{rel}","templated":true}]}}

Molekuláris Patológia

<p><img loading="lazy" decoding="async" class="wp-image-5985  alignnone" src="https://semmelweis.hu/patologia1/files/2020/07/SOTE_ikonok_expand-02-e1639640896242.jpg" alt="" width="263" height="263" />Molekuláris Patológia</p>
<p>Az intézet molekuláris patológia részlege országos centrumként végez genomikai vizsgálatokat Magyarország számos klinikai centruma számára. A legkorszerűbb újgenerációs szekvenálási technológiákkal diagnosztikus, prognosztikus és prediktív biomarkerek vizsgálata zajlik a molekuláris patológiai laboratóriumokban az <strong>onkohematológia</strong>, a <strong>szolid tumorok</strong> és a <strong>kardiogenetika</strong> területén egyaránt. Vizsgálataink között megtalálható az átfogó onkogenomikai profilozás, teljes exomszekvenálás és különböző, betegségspecifikus NGS panelvizsgálatok is. Több vizsgálatunk szövetminták mellett, ún. likvid (folyadék) biopsziás mintákból is megvalósítható. Továbbá, hazánkban egyedülálló módon, intézetünk molekuláris patológiai részlegén elérhetőek az otpikai genomtérképezés (digitális citogenomika) is. Vizsgálataink kiértékelése, gépi tanulás vezérelt bioinformatikai rendszerekkel történik. Munkatársaink megfelelő szakképítéssel és több évtizedes tapasztalattal rendelkeznek a molekuláris vizsgálatok terén.</p>
<p>&nbsp;</p>
<p><a href="https://semmelweis.hu/patologia1/diagnosztika-profilok/vizsgalatkeres/tso500/">Vizsgálatkérések</a></p>

<p>Molekuláris Patológia Az intézet molekuláris patológia részlege országos centrumként végez genomikai vizsgálatokat Magyarország számos klinikai centruma számára. A legkorszerűbb újgenerációs szekvenálási technológiákkal diagnosztikus, prognosztikus és prediktív biomarkerek vizsgálata zajlik a molekuláris patológiai laboratóriumokban az onkohematológia, a szolid tumorok és a kardiogenetika területén egyaránt. Vizsgálataink között megtalálható az átfogó onkogenomikai profilozás, teljes exomszekvenálás és különböző, betegségspecifikus &hellip;</p>
