{"id":5861,"date":"2020-06-22T12:34:25","date_gmt":"2020-06-22T10:34:25","guid":{"rendered":"https:\/\/semmelweis.hu\/patologia1\/?page_id=5861"},"modified":"2026-02-10T10:13:39","modified_gmt":"2026-02-10T09:13:39","slug":"szajsebeszeti-patologia","status":"publish","type":"page","link":"https:\/\/semmelweis.hu\/patologia1\/diagnosztika-profilok\/szajsebeszeti-patologia\/","title":{"rendered":"Sz\u00e1jseb\u00e9szeti patol\u00f3gia"},"content":{"rendered":"<p style=\"text-align: justify\"><span data-olk-copy-source=\"MessageBody\"><img loading=\"lazy\" decoding=\"async\" class=\"wp-image-5988 alignleft\" src=\"https:\/\/semmelweis.hu\/patologia1\/files\/2020\/07\/SOTE_ikonok_expand-05-400x400.jpg\" alt=\"\" width=\"250\" height=\"250\" srcset=\"https:\/\/semmelweis.hu\/patologia1\/files\/2020\/07\/SOTE_ikonok_expand-05-400x400.jpg 400w, https:\/\/semmelweis.hu\/patologia1\/files\/2020\/07\/SOTE_ikonok_expand-05-1024x1024.jpg 1024w, https:\/\/semmelweis.hu\/patologia1\/files\/2020\/07\/SOTE_ikonok_expand-05-150x150.jpg 150w, https:\/\/semmelweis.hu\/patologia1\/files\/2020\/07\/SOTE_ikonok_expand-05-768x768.jpg 768w, https:\/\/semmelweis.hu\/patologia1\/files\/2020\/07\/SOTE_ikonok_expand-05-753x753.jpg 753w, https:\/\/semmelweis.hu\/patologia1\/files\/2020\/07\/SOTE_ikonok_expand-05.jpg 1167w\" sizes=\"auto, (max-width: 250px) 100vw, 250px\" \/>Int\u00e9zet\u00fcnkben t\u00f6bb, mint egy \u00e9vtizede foglalkozunk sz\u00e1jseb\u00e9szeti esetek feldolgoz\u00e1s\u00e1val. Kezdetben ez hisztol\u00f3giai mint\u00e1kat jelentett, 2024-t\u0151l azonban a Sz\u00e1jseb\u00e9szeti munkacsoport megalakul\u00e1s\u00e1val a sz\u00e1jseb\u00e9szeti daganatos betegek aspir\u00e1ci\u00f3s citol\u00f3giai vizsg\u00e1lata is Int\u00e9zet\u00fcnkben zajlik. A hozz\u00e1nk tartoz\u00f3 int\u00e9zm\u00e9nyekkel \u00a0&#8211; SE Arc-\u00c1llcsont-Sz\u00e1jseb\u00e9szeti \u00e9s Fog\u00e1szati Klinika, Parodontol\u00f3giai Klinika, Fog\u00e1szati \u00e9s Sz\u00e1jseb\u00e9szeti Oktat\u00f3 Int\u00e9zet, \u00e9s Or\u00e1lis Diagnosztikai Klinika &#8211; szorosan egy\u00fcttm\u0171k\u00f6dve az egyetemi profilb\u00f3l ad\u00f3d\u00f3an a sz\u00e1jseb\u00e9szeti patol\u00f3gia teljes spektrum\u00e1t lefedj\u00fck.<\/span><\/p>\n<div class=\"responsive-tabs\">\n<h2 class=\"tabtitle\">Munkat\u00e1rsak<\/h2>\n<div class=\"tabcontent\">\n\n<\/div><\/div>\n<p><strong>Orvosok:<\/strong><\/p>\n<div class=\"x_elementToProof\" data-olk-copy-source=\"MessageBody\">Dr. J\u00e1kob No\u00e9mi (klinikai szakorvos)<br \/>\nmunkacsoport vezet\u0151<\/div>\n<div class=\"x_elementToProof\" data-olk-copy-source=\"MessageBody\"><a href=\"https:\/\/semmelweis.hu\/telefonkonyv\/?emp_id=10145\">el\u00e9rhet\u0151s\u00e9g<\/a><\/div>\n<div data-olk-copy-source=\"MessageBody\">\u00a0<\/div>\n<div class=\"x_elementToProof\" data-olk-copy-source=\"MessageBody\"><span style=\"font-size: 1rem\">Dr. Nagy P\u00e9ter (egyetemi tan\u00e1r)<\/span><\/div>\n<div data-olk-copy-source=\"MessageBody\">\n<div><a href=\"https:\/\/semmelweis.hu\/telefonkonyv\/?emp_id=5344\">el\u00e9rhet\u0151s\u00e9g<\/a><\/div>\n<div>\u00a0<\/div>\n<\/div>\n<div class=\"x_elementToProof\">Dr. Dezs\u0151 Katalin (egyetemi tan\u00e1r)<\/div>\n<div><a href=\"https:\/\/semmelweis.hu\/telefonkonyv\/?emp_id=10140\">el\u00e9rhet\u0151s\u00e9g<\/a><\/div>\n<div>\u00a0<\/div>\n<div>Dr. Arat\u00f3 Gabriella (klinikai f\u0151orvos)<br \/>\n<a href=\"https:\/\/semmelweis.hu\/telefonkonyv\/?emp_id=5898\">el\u00e9rhet\u0151s\u00e9g<\/a><\/div>\n<div>\u00a0<\/div>\n<div><span data-olk-copy-source=\"MessageBody\">Dr. Szatm\u00e1ri Eszter (klinikai szakorvos)<\/span><\/div>\n<p>&nbsp;<\/p>\n<div class=\"x_elementToProof\">Dr. P\u00e9terffy Borb\u00e1la (rezidens)<\/div>\n<div><a href=\"https:\/\/semmelweis.hu\/telefonkonyv\/?emp_id=21758\">el\u00e9rhet\u0151s\u00e9g<\/a><\/div>\n<div>\u00a0<\/div>\n<div>\u00a0<\/div>\n","protected":false},"excerpt":{"rendered":"<p>Int\u00e9zet\u00fcnkben t\u00f6bb, mint egy \u00e9vtizede foglalkozunk sz\u00e1jseb\u00e9szeti esetek feldolgoz\u00e1s\u00e1val. Kezdetben ez hisztol\u00f3giai mint\u00e1kat jelentett, 2024-t\u0151l azonban a Sz\u00e1jseb\u00e9szeti munkacsoport megalakul\u00e1s\u00e1val a sz\u00e1jseb\u00e9szeti daganatos betegek aspir\u00e1ci\u00f3s citol\u00f3giai vizsg\u00e1lata is Int\u00e9zet\u00fcnkben zajlik. A hozz\u00e1nk tartoz\u00f3 int\u00e9zm\u00e9nyekkel \u00a0&#8211; SE Arc-\u00c1llcsont-Sz\u00e1jseb\u00e9szeti \u00e9s Fog\u00e1szati Klinika, Parodontol\u00f3giai Klinika, Fog\u00e1szati \u00e9s Sz\u00e1jseb\u00e9szeti Oktat\u00f3 Int\u00e9zet, \u00e9s Or\u00e1lis Diagnosztikai Klinika &#8211; szorosan egy\u00fcttm\u0171k\u00f6dve az &hellip;<\/p>\n","protected":false},"author":101745,"featured_media":0,"parent":35,"menu_order":0,"comment_status":"closed","ping_status":"closed","template":"","meta":{"_acf_changed":false,"footnotes":""},"categories":[],"tags":[],"class_list":["post-5861","page","type-page","status-publish","hentry"],"acf":[],"_links":{"self":[{"href":"https:\/\/semmelweis.hu\/patologia1\/wp-json\/wp\/v2\/pages\/5861","targetHints":{"allow":["GET"]}}],"collection":[{"href":"https:\/\/semmelweis.hu\/patologia1\/wp-json\/wp\/v2\/pages"}],"about":[{"href":"https:\/\/semmelweis.hu\/patologia1\/wp-json\/wp\/v2\/types\/page"}],"author":[{"embeddable":true,"href":"https:\/\/semmelweis.hu\/patologia1\/wp-json\/wp\/v2\/users\/101745"}],"replies":[{"embeddable":true,"href":"https:\/\/semmelweis.hu\/patologia1\/wp-json\/wp\/v2\/comments?post=5861"}],"version-history":[{"count":9,"href":"https:\/\/semmelweis.hu\/patologia1\/wp-json\/wp\/v2\/pages\/5861\/revisions"}],"predecessor-version":[{"id":8923,"href":"https:\/\/semmelweis.hu\/patologia1\/wp-json\/wp\/v2\/pages\/5861\/revisions\/8923"}],"up":[{"embeddable":true,"href":"https:\/\/semmelweis.hu\/patologia1\/wp-json\/wp\/v2\/pages\/35"}],"wp:attachment":[{"href":"https:\/\/semmelweis.hu\/patologia1\/wp-json\/wp\/v2\/media?parent=5861"}],"wp:term":[{"taxonomy":"category","embeddable":true,"href":"https:\/\/semmelweis.hu\/patologia1\/wp-json\/wp\/v2\/categories?post=5861"},{"taxonomy":"post_tag","embeddable":true,"href":"https:\/\/semmelweis.hu\/patologia1\/wp-json\/wp\/v2\/tags?post=5861"}],"curies":[{"name":"wp","href":"https:\/\/api.w.org\/{rel}","templated":true}]}}