{"id":5854,"date":"2020-06-22T12:32:38","date_gmt":"2020-06-22T10:32:38","guid":{"rendered":"https:\/\/semmelweis.hu\/patologia1\/?page_id=5854"},"modified":"2026-02-10T14:05:27","modified_gmt":"2026-02-10T13:05:27","slug":"hematopatologia","status":"publish","type":"page","link":"https:\/\/semmelweis.hu\/patologia1\/diagnosztika-profilok\/hematopatologia\/","title":{"rendered":"Hematopatol\u00f3gia"},"content":{"rendered":"<section>\n<h2>Hematopatol\u00f3gia munkacsoport<\/h2>\n<p>A hematopatol\u00f3gia munkacsoport budapesti hematol\u00f3giai centrumok mellett orsz\u00e1gszerte sz\u00e1mos egy\u00e9b k\u00f3rh\u00e1z \u00e9s rendel\u0151int\u00e9zet sz\u00e1m\u00e1ra biztos\u00edtja a patol\u00f3giai diagnosztikai h\u00e1tteret. A munkacsoport a v\u00e9rk\u00e9pz\u0151- \u00e9s nyirokszervek betegs\u00e9geinek diagnosztik\u00e1j\u00e1val foglalkozik, k\u00fcl\u00f6n\u00f6s tekintettel a leuk\u00e9mi\u00e1kra \u00e9s limf\u00f3m\u00e1kra. A sz\u00f6vettani \u00e9s citol\u00f3giai vizsg\u00e1latokon alapul\u00f3 morfol\u00f3giai diagn\u00f3zison t\u00fal a hematopatol\u00f3gusok az int\u00e9zetben m\u0171k\u00f6d\u0151 \u00e1raml\u00e1si citometri\u00e1s \u00e9s molekul\u00e1ris onkohematol\u00f3giai laborat\u00f3riumok kieg\u00e9sz\u00edt\u0151 vizsg\u00e1latait is felhaszn\u00e1lva integr\u00e1lt diagn\u00f3zist alkotnak.<\/p>\n<hr \/>\n<h3>Munkacsoport vezet\u0151<\/h3>\n<table style=\"border-collapse: collapse;width: 100%\" role=\"presentation\" border=\"0\" cellspacing=\"0\" cellpadding=\"0\">\n<tbody>\n<tr>\n<td style=\"width: 140px;vertical-align: top;padding: 6px 10px 6px 0\"><img decoding=\"async\" style=\"width: 105px;height: auto;border-radius: 12px\" src=\"https:\/\/semmelweis.hu\/patologia1\/files\/2026\/02\/TB.png\" alt=\"Dr. Tim\u00e1r Botond\" \/><\/td>\n<td style=\"vertical-align: top;padding: 6px 0\">\n<div style=\"font-weight: bold\">Dr. Tim\u00e1r Botond, PhD<\/div>\n<div>egyetemi docens<br \/>\nmunkacsoport vezet\u0151<\/div>\n<\/td>\n<\/tr>\n<\/tbody>\n<\/table>\n<hr \/>\n<h3>Munkacsoport tagjai<\/h3>\n<p><!-- 3 oszlopos t\u00e1bl\u00e1zat (WP-ben nagyon stabil) --><\/p>\n<table style=\"border-collapse: collapse;width: 100%\" role=\"presentation\" border=\"0\" cellspacing=\"0\" cellpadding=\"0\">\n<tbody>\n<tr>\n<td style=\"width: 33.33%;vertical-align: top;padding: 10px\">\n<table style=\"border-collapse: collapse;width: 100%\" role=\"presentation\" border=\"0\" cellspacing=\"0\" cellpadding=\"0\">\n<tbody>\n<tr>\n<td style=\"width: 110px;vertical-align: top;padding-right: 10px\"><img decoding=\"async\" style=\"width: 96px;height: auto;border-radius: 12px\" src=\"https:\/\/semmelweis.hu\/patologia1\/files\/2026\/02\/CsJ.png\" alt=\"Dr. Csomor Judit\" \/><\/td>\n<td style=\"vertical-align: top\">\n<div style=\"font-weight: bold\">Dr. Csomor Judit<\/div>\n<div>klinikai f\u0151orvos, mesteroktat\u00f3<\/div>\n<\/td>\n<\/tr>\n<\/tbody>\n<\/table>\n<\/td>\n<td style=\"width: 33.33%;vertical-align: top;padding: 10px\">\n<table style=\"border-collapse: collapse;width: 100%\" role=\"presentation\" border=\"0\" cellspacing=\"0\" cellpadding=\"0\">\n<tbody>\n<tr>\n<td style=\"width: 110px;vertical-align: top;padding-right: 10px\"><img decoding=\"async\" style=\"width: 96px;height: auto;border-radius: 12px\" src=\"https:\/\/semmelweis.hu\/patologia1\/files\/2026\/02\/MA.png\" alt=\"Dr. Matolcsy Andr\u00e1s\" \/><\/td>\n<td style=\"vertical-align: top\">\n<div style=\"font-weight: bold\">Dr. Matolcsy Andr\u00e1s<\/div>\n<div>egyetemi tan\u00e1r<\/div>\n<\/td>\n<\/tr>\n<\/tbody>\n<\/table>\n<\/td>\n<td style=\"width: 33.33%;vertical-align: top;padding: 10px\">\n<table style=\"border-collapse: collapse;width: 100%\" role=\"presentation\" border=\"0\" cellspacing=\"0\" cellpadding=\"0\">\n<tbody>\n<tr>\n<td style=\"width: 110px;vertical-align: top;padding-right: 10px\"><img decoding=\"async\" style=\"width: 96px;height: auto;border-radius: 12px\" src=\"https:\/\/semmelweis.hu\/patologia1\/files\/2026\/02\/SzA.png\" alt=\"Dr. Sz\u00e1ll\u00e1si \u00c1rp\u00e1d\" \/><\/td>\n<td style=\"vertical-align: top\">\n<div style=\"font-weight: bold\">Dr. Sz\u00e1ll\u00e1si \u00c1rp\u00e1d<\/div>\n<div>egyetemi tan\u00e1r<\/div>\n<\/td>\n<\/tr>\n<\/tbody>\n<\/table>\n<\/td>\n<\/tr>\n<tr>\n<td style=\"width: 33.33%;vertical-align: top;padding: 10px\">\n<table style=\"border-collapse: collapse;width: 100%\" role=\"presentation\" border=\"0\" cellspacing=\"0\" cellpadding=\"0\">\n<tbody>\n<tr>\n<td style=\"width: 110px;vertical-align: top;padding-right: 10px\"><img decoding=\"async\" style=\"width: 96px;height: auto;border-radius: 12px\" src=\"https:\/\/semmelweis.hu\/patologia1\/files\/2026\/02\/CsB.png\" alt=\"Dr. Csernus Bal\u00e1zs\" \/><\/td>\n<td style=\"vertical-align: top\">\n<div style=\"font-weight: bold\">Dr. Csernus Bal\u00e1zs<\/div>\n<div>egyetemi adjunktus<\/div>\n<\/td>\n<\/tr>\n<\/tbody>\n<\/table>\n<\/td>\n<td style=\"width: 33.33%;vertical-align: top;padding: 10px\">\n<table style=\"border-collapse: collapse;width: 100%\" role=\"presentation\" border=\"0\" cellspacing=\"0\" cellpadding=\"0\">\n<tbody>\n<tr>\n<td style=\"width: 110px;vertical-align: top;padding-right: 10px\"><img decoding=\"async\" style=\"width: 96px;height: auto;border-radius: 12px\" src=\"https:\/\/semmelweis.hu\/patologia1\/files\/2026\/02\/RH.png\" alt=\"Dr. Rajnai Hajnalka\" \/><\/td>\n<td style=\"vertical-align: top\">\n<div style=\"font-weight: bold\">Dr. Rajnai Hajnalka<\/div>\n<div>egyetemi adjunktus<\/div>\n<\/td>\n<\/tr>\n<\/tbody>\n<\/table>\n<\/td>\n<td style=\"width: 33.33%;vertical-align: top;padding: 10px\">\n<table style=\"border-collapse: collapse;width: 100%\" role=\"presentation\" border=\"0\" cellspacing=\"0\" cellpadding=\"0\">\n<tbody>\n<tr>\n<td style=\"width: 110px;vertical-align: top;padding-right: 10px\"><img decoding=\"async\" style=\"width: 96px;height: auto;border-radius: 12px\" src=\"https:\/\/semmelweis.hu\/patologia1\/files\/2026\/02\/MR.png\" alt=\"Dr. M\u00f3zes R\u00e9ka\" \/><\/td>\n<td style=\"vertical-align: top\">\n<div style=\"font-weight: bold\">Dr. M\u00f3zes R\u00e9ka<\/div>\n<div>egyetemi adjunktus<\/div>\n<\/td>\n<\/tr>\n<\/tbody>\n<\/table>\n<\/td>\n<\/tr>\n<tr>\n<td style=\"width: 33.33%;vertical-align: top;padding: 10px\">\n<table style=\"border-collapse: collapse;width: 100%\" role=\"presentation\" border=\"0\" cellspacing=\"0\" cellpadding=\"0\">\n<tbody>\n<tr>\n<td style=\"width: 110px;vertical-align: top;padding-right: 10px\"><img decoding=\"async\" style=\"width: 96px;height: auto;border-radius: 12px\" src=\"https:\/\/semmelweis.hu\/patologia1\/files\/2026\/02\/KR.png\" alt=\"Dr. Kiss Rich\u00e1rd\" \/><\/td>\n<td style=\"vertical-align: top\">\n<div style=\"font-weight: bold\">Dr. Kiss Rich\u00e1rd<\/div>\n<div>egyetemi tan\u00e1rseg\u00e9d<\/div>\n<\/td>\n<\/tr>\n<\/tbody>\n<\/table>\n<\/td>\n<td style=\"width: 33.33%;vertical-align: top;padding: 10px\">\n<table style=\"border-collapse: collapse;width: 100%\" role=\"presentation\" border=\"0\" cellspacing=\"0\" cellpadding=\"0\">\n<tbody>\n<tr>\n<td style=\"width: 110px;vertical-align: top;padding-right: 10px\"><img decoding=\"async\" style=\"width: 96px;height: auto;border-radius: 12px\" src=\"https:\/\/semmelweis.hu\/patologia1\/files\/2026\/02\/JA.png\" alt=\"Dr. Jenei Alex\" \/><\/td>\n<td style=\"vertical-align: top\">\n<div style=\"font-weight: bold\">Dr. Jenei Alex<\/div>\n<div>klinikai szakorvos<\/div>\n<\/td>\n<\/tr>\n<\/tbody>\n<\/table>\n<\/td>\n<td style=\"width: 33.33%;vertical-align: top;padding: 10px\"><!-- \u00fcres cella, hogy megmaradjon a 3 oszlopos r\u00e1cs --> \u00a0<\/td>\n<\/tr>\n<\/tbody>\n<\/table>\n<\/section>\n","protected":false},"excerpt":{"rendered":"<p>Hematopatol\u00f3gia munkacsoport A hematopatol\u00f3gia munkacsoport budapesti hematol\u00f3giai centrumok mellett orsz\u00e1gszerte sz\u00e1mos egy\u00e9b k\u00f3rh\u00e1z \u00e9s rendel\u0151int\u00e9zet sz\u00e1m\u00e1ra biztos\u00edtja a patol\u00f3giai diagnosztikai h\u00e1tteret. A munkacsoport a v\u00e9rk\u00e9pz\u0151- \u00e9s nyirokszervek betegs\u00e9geinek diagnosztik\u00e1j\u00e1val foglalkozik, k\u00fcl\u00f6n\u00f6s tekintettel a leuk\u00e9mi\u00e1kra \u00e9s limf\u00f3m\u00e1kra. A sz\u00f6vettani \u00e9s citol\u00f3giai vizsg\u00e1latokon alapul\u00f3 morfol\u00f3giai diagn\u00f3zison t\u00fal a hematopatol\u00f3gusok az int\u00e9zetben m\u0171k\u00f6d\u0151 \u00e1raml\u00e1si citometri\u00e1s \u00e9s molekul\u00e1ris onkohematol\u00f3giai &hellip;<\/p>\n","protected":false},"author":101745,"featured_media":0,"parent":35,"menu_order":0,"comment_status":"closed","ping_status":"closed","template":"","meta":{"_acf_changed":false,"footnotes":""},"categories":[],"tags":[],"class_list":["post-5854","page","type-page","status-publish","hentry"],"acf":[],"_links":{"self":[{"href":"https:\/\/semmelweis.hu\/patologia1\/wp-json\/wp\/v2\/pages\/5854","targetHints":{"allow":["GET"]}}],"collection":[{"href":"https:\/\/semmelweis.hu\/patologia1\/wp-json\/wp\/v2\/pages"}],"about":[{"href":"https:\/\/semmelweis.hu\/patologia1\/wp-json\/wp\/v2\/types\/page"}],"author":[{"embeddable":true,"href":"https:\/\/semmelweis.hu\/patologia1\/wp-json\/wp\/v2\/users\/101745"}],"replies":[{"embeddable":true,"href":"https:\/\/semmelweis.hu\/patologia1\/wp-json\/wp\/v2\/comments?post=5854"}],"version-history":[{"count":6,"href":"https:\/\/semmelweis.hu\/patologia1\/wp-json\/wp\/v2\/pages\/5854\/revisions"}],"predecessor-version":[{"id":8955,"href":"https:\/\/semmelweis.hu\/patologia1\/wp-json\/wp\/v2\/pages\/5854\/revisions\/8955"}],"up":[{"embeddable":true,"href":"https:\/\/semmelweis.hu\/patologia1\/wp-json\/wp\/v2\/pages\/35"}],"wp:attachment":[{"href":"https:\/\/semmelweis.hu\/patologia1\/wp-json\/wp\/v2\/media?parent=5854"}],"wp:term":[{"taxonomy":"category","embeddable":true,"href":"https:\/\/semmelweis.hu\/patologia1\/wp-json\/wp\/v2\/categories?post=5854"},{"taxonomy":"post_tag","embeddable":true,"href":"https:\/\/semmelweis.hu\/patologia1\/wp-json\/wp\/v2\/tags?post=5854"}],"curies":[{"name":"wp","href":"https:\/\/api.w.org\/{rel}","templated":true}]}}