{"id":5844,"date":"2020-06-22T12:27:48","date_gmt":"2020-06-22T10:27:48","guid":{"rendered":"https:\/\/semmelweis.hu\/patologia1\/?page_id=5844"},"modified":"2026-02-10T10:20:11","modified_gmt":"2026-02-10T09:20:11","slug":"borpatologia","status":"publish","type":"page","link":"https:\/\/semmelweis.hu\/patologia1\/diagnosztika-profilok\/borpatologia\/","title":{"rendered":"B\u0151rpatol\u00f3gia"},"content":{"rendered":"<p><a href=\"https:\/\/semmelweis.hu\/patologia1\/files\/2020\/07\/SOTE_ikonok_expand-08.jpg\"><img loading=\"lazy\" decoding=\"async\" class=\"alignleft wp-image-5991\" src=\"https:\/\/semmelweis.hu\/patologia1\/files\/2020\/07\/SOTE_ikonok_expand-08-400x400.jpg\" alt=\"\" width=\"250\" height=\"250\" srcset=\"https:\/\/semmelweis.hu\/patologia1\/files\/2020\/07\/SOTE_ikonok_expand-08-400x400.jpg 400w, https:\/\/semmelweis.hu\/patologia1\/files\/2020\/07\/SOTE_ikonok_expand-08-1024x1024.jpg 1024w, https:\/\/semmelweis.hu\/patologia1\/files\/2020\/07\/SOTE_ikonok_expand-08-150x150.jpg 150w, https:\/\/semmelweis.hu\/patologia1\/files\/2020\/07\/SOTE_ikonok_expand-08-768x768.jpg 768w, https:\/\/semmelweis.hu\/patologia1\/files\/2020\/07\/SOTE_ikonok_expand-08-753x753.jpg 753w, https:\/\/semmelweis.hu\/patologia1\/files\/2020\/07\/SOTE_ikonok_expand-08.jpg 1167w\" sizes=\"auto, (max-width: 250px) 100vw, 250px\" \/><\/a>A b\u0151rpatol\u00f3gia a patol\u00f3giai diagnosztika egyik legszerte\u00e1gaz\u00f3bb ter\u00fclete. Sz\u00e1mtalan \u201csaj\u00e1t\u201d betegs\u00e9ge ismert a b\u0151rnek, illetve sz\u00e1mos betegs\u00e9g okozhat m\u00e1sodlagosan b\u0151relv\u00e1ltoz\u00e1sokat is. Munkacsoportunk a Semmelweis Egyetem B\u0151r-, Nemik\u00f3rtani \u00e9s B\u0151ronkol\u00f3giai Klinik\u00e1val szoros egy\u00fcttm\u0151k\u00f6d\u00e9sben dolgozik, az egyetemi profilb\u00f3l ad\u00f3d\u00f3an a b\u0151rpatol\u00f3gia teljes spektrum\u00e1t lefedve.<\/p>\n<p>&nbsp;<\/p>\n<div class=\"responsive-tabs\">\n<h2 class=\"tabtitle\">Munkat\u00e1rsak<\/h2>\n<div class=\"tabcontent\">\n\n<p><a href=\"https:\/\/semmelweis.hu\/patologia1\/files\/2020\/06\/pic-frame.jpg\"><img loading=\"lazy\" decoding=\"async\" class=\"alignleft\" src=\"https:\/\/semmelweis.hu\/patologia1\/files\/2020\/06\/pic-frame.jpg\" alt=\"\" width=\"121\" height=\"130\" \/><\/a>Dr. H\u00e1rsing Judit<br \/>\n<a href=\"https:\/\/semmelweis.hu\/telefonkonyv\/?emp_id=6805\">El\u00e9rhet\u0151s\u00e9g<\/a><\/p>\n<p>&nbsp;<\/p>\n<p>&nbsp;<\/p>\n<p><a href=\"https:\/\/semmelweis.hu\/patologia1\/files\/2020\/06\/pic-frame.jpg\"><img loading=\"lazy\" decoding=\"async\" class=\"alignleft\" src=\"https:\/\/semmelweis.hu\/patologia1\/files\/2020\/06\/pic-frame.jpg\" alt=\"\" width=\"121\" height=\"130\" \/><\/a>Dr. Kuroli Enik\u0151<br \/>\n<a href=\"https:\/\/semmelweis.hu\/telefonkonyv\/?emp_id=9745\">El\u00e9rhet\u0151s\u00e9g<\/a><\/p>\n<p>&nbsp;<\/p>\n<p>&nbsp;<\/p>\n<p><a href=\"https:\/\/semmelweis.hu\/patologia1\/files\/2020\/06\/Fonyad.jpg\"><img loading=\"lazy\" decoding=\"async\" class=\" wp-image-5722 alignleft\" src=\"https:\/\/semmelweis.hu\/patologia1\/files\/2020\/06\/Fonyad-373x400.jpg\" alt=\"\" width=\"121\" height=\"130\" srcset=\"https:\/\/semmelweis.hu\/patologia1\/files\/2020\/06\/Fonyad-373x400.jpg 373w, https:\/\/semmelweis.hu\/patologia1\/files\/2020\/06\/Fonyad.jpg 415w\" sizes=\"auto, (max-width: 121px) 100vw, 121px\" \/><\/a>Dr. F\u00f3nyad L\u00e1szl\u00f3<br \/>\n<a href=\"https:\/\/semmelweis.hu\/telefonkonyv\/?emp_id=5360\">El\u00e9rhet\u0151s\u00e9g<\/a><\/p>\n<p>&nbsp;<\/p>\n<p>&nbsp;<\/p>\n<p><a href=\"https:\/\/semmelweis.hu\/patologia1\/files\/2020\/06\/pic-frame.jpg\"><img loading=\"lazy\" decoding=\"async\" class=\"alignleft\" src=\"https:\/\/semmelweis.hu\/patologia1\/files\/2020\/06\/pic-frame.jpg\" alt=\"\" width=\"121\" height=\"130\" \/><\/a><\/p>\n<p>Dr. Sz\u00e9kely Tam\u00e1s<\/p>\n<p><a href=\"https:\/\/semmelweis.hu\/telefonkonyv\/?emp_id=9745\">El\u00e9rhet\u0151s\u00e9g<\/a><\/p>\n<p>&nbsp;<\/p>\n<p>&nbsp;<\/p>\n<p><a href=\"https:\/\/semmelweis.hu\/patologia1\/files\/2020\/06\/pic-frame.jpg\"><img loading=\"lazy\" decoding=\"async\" class=\"alignleft\" src=\"https:\/\/semmelweis.hu\/patologia1\/files\/2020\/06\/pic-frame.jpg\" alt=\"\" width=\"121\" height=\"130\" \/><\/a><\/p>\n<p>Dr. T\u00e9gl\u00e1si Vanda<\/p>\n<p><a href=\"https:\/\/semmelweis.hu\/telefonkonyv\/?emp_id=10581\">El\u00e9rhet\u0151s\u00e9g<\/a><\/p>\n<p>&nbsp;<\/p>\n<p>&nbsp;<\/p>\n<p>&nbsp;<\/p>\n<p>&nbsp;<\/p>\n\n<\/div><h2 class=\"tabtitle\">Speci\u00e1lis\/biomarker vizsg\u00e1latok<\/h2>\n<div class=\"tabcontent\">\n\n<p>BRAF<\/p>\n<p>PD-L1<\/p>\n<\/div><\/div>\n","protected":false},"excerpt":{"rendered":"<p><a href=\"https:\/\/semmelweis.hu\/patologia1\/files\/2020\/07\/SOTE_ikonok_expand-08.jpg\"><\/a> A b\u0151rpatol\u00f3gia a patol\u00f3giai diagnosztika egyik legszerte\u00e1gaz\u00f3bb ter\u00fclete. Sz\u00e1mtalan \u201csaj\u00e1t\u201d betegs\u00e9ge ismert a b\u0151rnek, illetve sz\u00e1mos betegs\u00e9g okozhat m\u00e1sodlagosan b\u0151relv\u00e1ltoz\u00e1sokat is. Munkacsoportunk a Semmelweis Egyetem B\u0151r-, Nemik\u00f3rtani \u00e9s B\u0151ronkol\u00f3giai Klinik\u00e1val szoros egy\u00fcttm\u0151k\u00f6d\u00e9sben dolgozik, az egyetemi profilb\u00f3l ad\u00f3d\u00f3an a b\u0151rpatol\u00f3gia teljes spektrum\u00e1t lefedve. &nbsp; <a href=\"https:\/\/semmelweis.hu\/patologia1\/files\/2020\/06\/pic-frame.jpg\"><\/a> Dr. H\u00e1rsing Judit <a href=\"https:\/\/semmelweis.hu\/telefonkonyv\/?emp_id=6805\">El\u00e9rhet\u0151s\u00e9g<\/a> &nbsp; &nbsp; <a href=\"https:\/\/semmelweis.hu\/patologia1\/files\/2020\/06\/pic-frame.jpg\"><\/a> Dr. Kuroli Enik\u0151 <a href=\"https:\/\/semmelweis.hu\/telefonkonyv\/?emp_id=9745\">El\u00e9rhet\u0151s\u00e9g<\/a> &nbsp; &nbsp; <a href=\"https:\/\/semmelweis.hu\/patologia1\/files\/2020\/06\/Fonyad.jpg\"><\/a> Dr. F\u00f3nyad &hellip;<\/p>\n","protected":false},"author":101745,"featured_media":0,"parent":35,"menu_order":0,"comment_status":"closed","ping_status":"closed","template":"","meta":{"_acf_changed":false,"footnotes":""},"categories":[],"tags":[],"class_list":["post-5844","page","type-page","status-publish","hentry"],"acf":[],"_links":{"self":[{"href":"https:\/\/semmelweis.hu\/patologia1\/wp-json\/wp\/v2\/pages\/5844","targetHints":{"allow":["GET"]}}],"collection":[{"href":"https:\/\/semmelweis.hu\/patologia1\/wp-json\/wp\/v2\/pages"}],"about":[{"href":"https:\/\/semmelweis.hu\/patologia1\/wp-json\/wp\/v2\/types\/page"}],"author":[{"embeddable":true,"href":"https:\/\/semmelweis.hu\/patologia1\/wp-json\/wp\/v2\/users\/101745"}],"replies":[{"embeddable":true,"href":"https:\/\/semmelweis.hu\/patologia1\/wp-json\/wp\/v2\/comments?post=5844"}],"version-history":[{"count":10,"href":"https:\/\/semmelweis.hu\/patologia1\/wp-json\/wp\/v2\/pages\/5844\/revisions"}],"predecessor-version":[{"id":8928,"href":"https:\/\/semmelweis.hu\/patologia1\/wp-json\/wp\/v2\/pages\/5844\/revisions\/8928"}],"up":[{"embeddable":true,"href":"https:\/\/semmelweis.hu\/patologia1\/wp-json\/wp\/v2\/pages\/35"}],"wp:attachment":[{"href":"https:\/\/semmelweis.hu\/patologia1\/wp-json\/wp\/v2\/media?parent=5844"}],"wp:term":[{"taxonomy":"category","embeddable":true,"href":"https:\/\/semmelweis.hu\/patologia1\/wp-json\/wp\/v2\/categories?post=5844"},{"taxonomy":"post_tag","embeddable":true,"href":"https:\/\/semmelweis.hu\/patologia1\/wp-json\/wp\/v2\/tags?post=5844"}],"curies":[{"name":"wp","href":"https:\/\/api.w.org\/{rel}","templated":true}]}}

Bőrpatológia

<p><a href="https://semmelweis.hu/patologia1/files/2020/07/SOTE_ikonok_expand-08.jpg"><img loading="lazy" decoding="async" class="alignleft wp-image-5991" src="https://semmelweis.hu/patologia1/files/2020/07/SOTE_ikonok_expand-08-400x400.jpg" alt="" width="250" height="250" srcset="https://semmelweis.hu/patologia1/files/2020/07/SOTE_ikonok_expand-08-400x400.jpg 400w, https://semmelweis.hu/patologia1/files/2020/07/SOTE_ikonok_expand-08-1024x1024.jpg 1024w, https://semmelweis.hu/patologia1/files/2020/07/SOTE_ikonok_expand-08-150x150.jpg 150w, https://semmelweis.hu/patologia1/files/2020/07/SOTE_ikonok_expand-08-768x768.jpg 768w, https://semmelweis.hu/patologia1/files/2020/07/SOTE_ikonok_expand-08-753x753.jpg 753w, https://semmelweis.hu/patologia1/files/2020/07/SOTE_ikonok_expand-08.jpg 1167w" sizes="auto, (max-width: 250px) 100vw, 250px" /></a>A bőrpatológia a patológiai diagnosztika egyik legszerteágazóbb területe. Számtalan “saját” betegsége ismert a bőrnek, illetve számos betegség okozhat másodlagosan bőrelváltozásokat is. Munkacsoportunk a Semmelweis Egyetem Bőr-, Nemikórtani és Bőronkológiai Klinikával szoros együttmőködésben dolgozik, az egyetemi profilból adódóan a bőrpatológia teljes spektrumát lefedve.</p>
<p>&nbsp;</p>
<div class="responsive-tabs">
<h2 class="tabtitle">Munkatársak</h2>
<div class="tabcontent">

<p><a href="https://semmelweis.hu/patologia1/files/2020/06/pic-frame.jpg"><img loading="lazy" decoding="async" class="alignleft" src="https://semmelweis.hu/patologia1/files/2020/06/pic-frame.jpg" alt="" width="121" height="130" /></a>Dr. Hársing Judit<br />
<a href="https://semmelweis.hu/telefonkonyv/?emp_id=6805">Elérhetőség</a></p>
<p>&nbsp;</p>
<p>&nbsp;</p>
<p><a href="https://semmelweis.hu/patologia1/files/2020/06/pic-frame.jpg"><img loading="lazy" decoding="async" class="alignleft" src="https://semmelweis.hu/patologia1/files/2020/06/pic-frame.jpg" alt="" width="121" height="130" /></a>Dr. Kuroli Enikő<br />
<a href="https://semmelweis.hu/telefonkonyv/?emp_id=9745">Elérhetőség</a></p>
<p>&nbsp;</p>
<p>&nbsp;</p>
<p><a href="https://semmelweis.hu/patologia1/files/2020/06/Fonyad.jpg"><img loading="lazy" decoding="async" class=" wp-image-5722 alignleft" src="https://semmelweis.hu/patologia1/files/2020/06/Fonyad-373x400.jpg" alt="" width="121" height="130" srcset="https://semmelweis.hu/patologia1/files/2020/06/Fonyad-373x400.jpg 373w, https://semmelweis.hu/patologia1/files/2020/06/Fonyad.jpg 415w" sizes="auto, (max-width: 121px) 100vw, 121px" /></a>Dr. Fónyad László<br />
<a href="https://semmelweis.hu/telefonkonyv/?emp_id=5360">Elérhetőség</a></p>
<p>&nbsp;</p>
<p>&nbsp;</p>
<p><a href="https://semmelweis.hu/patologia1/files/2020/06/pic-frame.jpg"><img loading="lazy" decoding="async" class="alignleft" src="https://semmelweis.hu/patologia1/files/2020/06/pic-frame.jpg" alt="" width="121" height="130" /></a></p>
<p>Dr. Székely Tamás</p>
<p><a href="https://semmelweis.hu/telefonkonyv/?emp_id=9745">Elérhetőség</a></p>
<p>&nbsp;</p>
<p>&nbsp;</p>
<p><a href="https://semmelweis.hu/patologia1/files/2020/06/pic-frame.jpg"><img loading="lazy" decoding="async" class="alignleft" src="https://semmelweis.hu/patologia1/files/2020/06/pic-frame.jpg" alt="" width="121" height="130" /></a></p>
<p>Dr. Téglási Vanda</p>
<p><a href="https://semmelweis.hu/telefonkonyv/?emp_id=10581">Elérhetőség</a></p>
<p>&nbsp;</p>
<p>&nbsp;</p>
<p>&nbsp;</p>
<p>&nbsp;</p>

</div><h2 class="tabtitle">Speciális/biomarker vizsgálatok</h2>
<div class="tabcontent">

<p>BRAF</p>
<p>PD-L1</p>
</div></div>

<p><a href="https://semmelweis.hu/patologia1/files/2020/07/SOTE_ikonok_expand-08.jpg"></a> A bőrpatológia a patológiai diagnosztika egyik legszerteágazóbb területe. Számtalan “saját” betegsége ismert a bőrnek, illetve számos betegség okozhat másodlagosan bőrelváltozásokat is. Munkacsoportunk a Semmelweis Egyetem Bőr-, Nemikórtani és Bőronkológiai Klinikával szoros együttmőködésben dolgozik, az egyetemi profilból adódóan a bőrpatológia teljes spektrumát lefedve. &nbsp; <a href="https://semmelweis.hu/patologia1/files/2020/06/pic-frame.jpg"></a> Dr. Hársing Judit <a href="https://semmelweis.hu/telefonkonyv/?emp_id=6805">Elérhetőség</a> &nbsp; &nbsp; <a href="https://semmelweis.hu/patologia1/files/2020/06/pic-frame.jpg"></a> Dr. Kuroli Enikő <a href="https://semmelweis.hu/telefonkonyv/?emp_id=9745">Elérhetőség</a> &nbsp; &nbsp; <a href="https://semmelweis.hu/patologia1/files/2020/06/Fonyad.jpg"></a> Dr. Fónyad &hellip;</p>
