{"id":5774,"date":"2020-06-18T16:21:36","date_gmt":"2020-06-18T14:21:36","guid":{"rendered":"https:\/\/semmelweis.hu\/patologia1\/?page_id=5774"},"modified":"2026-02-10T10:23:16","modified_gmt":"2026-02-10T09:23:16","slug":"neuropatologia","status":"publish","type":"page","link":"https:\/\/semmelweis.hu\/patologia1\/diagnosztika-profilok\/neuropatologia\/","title":{"rendered":"Neuropatol\u00f3gia"},"content":{"rendered":"<p><a href=\"https:\/\/semmelweis.hu\/patologia1\/files\/2020\/07\/SOTE_ikonok_expand-04.jpg\"><img loading=\"lazy\" decoding=\"async\" class=\"alignleft wp-image-5987\" src=\"https:\/\/semmelweis.hu\/patologia1\/files\/2020\/07\/SOTE_ikonok_expand-04-400x400.jpg\" alt=\"\" width=\"250\" height=\"250\" srcset=\"https:\/\/semmelweis.hu\/patologia1\/files\/2020\/07\/SOTE_ikonok_expand-04-400x400.jpg 400w, https:\/\/semmelweis.hu\/patologia1\/files\/2020\/07\/SOTE_ikonok_expand-04-1024x1024.jpg 1024w, https:\/\/semmelweis.hu\/patologia1\/files\/2020\/07\/SOTE_ikonok_expand-04-150x150.jpg 150w, https:\/\/semmelweis.hu\/patologia1\/files\/2020\/07\/SOTE_ikonok_expand-04-768x768.jpg 768w, https:\/\/semmelweis.hu\/patologia1\/files\/2020\/07\/SOTE_ikonok_expand-04-753x753.jpg 753w, https:\/\/semmelweis.hu\/patologia1\/files\/2020\/07\/SOTE_ikonok_expand-04.jpg 1167w\" sizes=\"auto, (max-width: 250px) 100vw, 250px\" \/><\/a>Int\u00e9zet\u00fcnkben m\u0171k\u00f6d\u0151 neuropatol\u00f3giai munkacsoport 2008 \u00f3ta foglalkozik gyermek \u00e9s feln\u0151tt k\u00f6zponti idegrendszeri megbeteged\u00e9sek, f\u0151k\u00e9nt tumorok patol\u00f3giai diagnosztik\u00e1j\u00e1val. Ide tartozik a k\u00f6zponti idegrendszer (agy, gerincvel\u0151), agyburkok, perif\u00e9ri\u00e1s idegrendszer \u00e9s bizonyos esetekben a koponyacsontb\u00f3l \u00e9s orbita \u00fcregb\u0151l elt\u00e1vol\u00edtott mint\u00e1k sz\u00f6vettani \u00e9s a liquor cytol\u00f3giai vizsg\u00e1lata. Az int\u00e9zet\u00fcnkben rendelkez\u00e9sre \u00e1ll\u00f3 modern laborat\u00f3riumi h\u00e1tt\u00e9r integr\u00e1lt hisztol\u00f3giai, immunhisztok\u00e9miai \u00e9s molekul\u00e1ris genetikai neuropatol\u00f3giai diagnosztik\u00e1t tesz lehet\u0151v\u00e9. A diagnosztikai tev\u00e9kenys\u00e9ggel szorosan \u00f6sszekapcsol\u00f3dik a munkacsoportunk \u00e1ltal v\u00e9gzett neuropatol\u00f3giai kutat\u00e1si tev\u00e9kenys\u00e9g is. A diagnosztika mellett r\u00e9szt vesz\u00fcnk a gradu\u00e1lis, illetve postgardu\u00e1lis oktat\u00e1sban is, mind magyar, mind idegen nyelven.<\/p>\n<p>&nbsp;<\/p>\n<p>&nbsp;<\/p>\n<div class=\"responsive-tabs\">\n<h2 class=\"tabtitle\">Munkat\u00e1rsak<\/h2>\n<div class=\"tabcontent\">\n\n<p><a href=\"https:\/\/semmelweis.hu\/patologia1\/files\/2020\/06\/pic-frame.jpg\"><img loading=\"lazy\" decoding=\"async\" class=\"alignleft\" src=\"https:\/\/semmelweis.hu\/patologia1\/files\/2020\/06\/pic-frame.jpg\" alt=\"\" width=\"121\" height=\"130\" \/><\/a><a href=\"http:\/\/scholar.semmelweis.hu\/rajnaihajnalka\/\">Dr. Rajnai Hajnalka (egyetemi adjunktus)<\/a><br \/>\ne-mail: rajnai.hajnalka@med.semmelweis-univ.hu<br \/>\nMell\u00e9k: 54435<\/p>\n<p>&nbsp;<\/p>\n<p>&nbsp;<\/p>\n<p><a href=\"https:\/\/semmelweis.hu\/patologia1\/files\/2020\/06\/pic-frame.jpg\"><img loading=\"lazy\" decoding=\"async\" class=\"alignleft\" src=\"https:\/\/semmelweis.hu\/patologia1\/files\/2020\/06\/pic-frame.jpg\" alt=\"\" width=\"121\" height=\"130\" \/><\/a>Dr. Scheich B\u00e1lint (egyetemi adjunktus)<br \/>\ne-mail: scheich.balint@med.semmelweis-univ.hu<br \/>\nMell\u00e9k: 54435<\/p>\n<p>&nbsp;<\/p>\n<p>&nbsp;<\/p>\n<p><a href=\"https:\/\/semmelweis.hu\/patologia1\/files\/2020\/06\/pic-frame.jpg\"><img loading=\"lazy\" decoding=\"async\" class=\"alignleft\" src=\"https:\/\/semmelweis.hu\/patologia1\/files\/2020\/06\/pic-frame.jpg\" alt=\"\" width=\"121\" height=\"130\" \/><\/a>Dr. T\u00e9gl\u00e1si Vanda (egyetemi tan\u00e1rseg\u00e9d)<br \/>\ne-mail: teglasi.vanda@med.semmelweis-univ.hu<br \/>\nMell\u00e9k: 54435<\/p>\n<p>&nbsp;<\/p>\n<p>&nbsp;<\/p>\n\n<\/div><h2 class=\"tabtitle\">Speci\u00e1lis\/biomarker vizsg\u00e1latok<\/h2>\n<div class=\"tabcontent\">\n\n<table width=\"100%\">\n<tbody>\n<tr>\n<td>Immunhisztok\u00e9mia:<\/td>\n<td>IDH1 R132H antitest<\/td>\n<\/tr>\n<tr>\n<td>&nbsp;<\/td>\n<td>BRAF V600E antitest<\/td>\n<\/tr>\n<tr>\n<td>&nbsp;<\/td>\n<td>L1CAM antitest<\/td>\n<\/tr>\n<tr>\n<td>&nbsp;<\/td>\n<td>Histon H3 K27M antitest<\/td>\n<\/tr>\n<tr>\n<td>&nbsp;<\/td>\n<td>Histon H3me3 antitest<\/td>\n<\/tr>\n<tr>\n<td>&nbsp;<\/td>\n<td>Beta-catenin, YAP1 \u00e9s GAB1 antitestek<\/td>\n<\/tr>\n<tr>\n<td>&nbsp;<\/td>\n<td>Hypophysis hormon panel<\/td>\n<\/tr>\n<tr>\n<td>&nbsp;<\/td>\n<td>&nbsp;<\/td>\n<\/tr>\n<tr>\n<td>FISH:<\/td>\n<td>BRAF\/KIAA1549 transzlok\u00e1ci\u00f3<\/td>\n<\/tr>\n<tr>\n<td>&nbsp;<\/td>\n<td>1p 19q codel\u00e9ci\u00f3s pr\u00f3ba<\/td>\n<\/tr>\n<tr>\n<td>&nbsp;<\/td>\n<td>c-myc, n-myc amplifik\u00e1ci\u00f3<\/td>\n<\/tr>\n<tr>\n<td>&nbsp;<\/td>\n<td>&nbsp;<\/td>\n<\/tr>\n<tr>\n<td>Molekul\u00e1ris vizsg\u00e1latok:<\/td>\n<td>IDH1 \u00e9s IDH2 mut\u00e1ci\u00f3 anal\u00edzis<\/td>\n<\/tr>\n<tr>\n<td>&nbsp;<\/td>\n<td>TP53 mut\u00e1ci\u00f3 anal\u00edzis<\/td>\n<\/tr>\n<tr>\n<td>&nbsp;<\/td>\n<td>TERT mut\u00e1ci\u00f3 anal\u00edzis (folyamatban)<\/td>\n<\/tr>\n<tr>\n<td>&nbsp;<\/td>\n<td>1-es \u00e9s 19-es kromosz\u00f3ma MLPA vizsg\u00e1lat<\/td>\n<\/tr>\n<tr>\n<td>&nbsp;<\/td>\n<td>MGMT promoter metil\u00e1ci\u00f3 anal\u00edzis<\/td>\n<\/tr>\n<\/tbody>\n<\/table>\n<p>&nbsp;<\/p>\n<\/div><\/div>\n","protected":false},"excerpt":{"rendered":"<p><a href=\"https:\/\/semmelweis.hu\/patologia1\/files\/2020\/07\/SOTE_ikonok_expand-04.jpg\"><\/a> Int\u00e9zet\u00fcnkben m\u0171k\u00f6d\u0151 neuropatol\u00f3giai munkacsoport 2008 \u00f3ta foglalkozik gyermek \u00e9s feln\u0151tt k\u00f6zponti idegrendszeri megbeteged\u00e9sek, f\u0151k\u00e9nt tumorok patol\u00f3giai diagnosztik\u00e1j\u00e1val. Ide tartozik a k\u00f6zponti idegrendszer (agy, gerincvel\u0151), agyburkok, perif\u00e9ri\u00e1s idegrendszer \u00e9s bizonyos esetekben a koponyacsontb\u00f3l \u00e9s orbita \u00fcregb\u0151l elt\u00e1vol\u00edtott mint\u00e1k sz\u00f6vettani \u00e9s a liquor cytol\u00f3giai vizsg\u00e1lata. Az int\u00e9zet\u00fcnkben rendelkez\u00e9sre \u00e1ll\u00f3 modern laborat\u00f3riumi h\u00e1tt\u00e9r integr\u00e1lt hisztol\u00f3giai, immunhisztok\u00e9miai \u00e9s molekul\u00e1ris &hellip;<\/p>\n","protected":false},"author":54,"featured_media":0,"parent":35,"menu_order":0,"comment_status":"closed","ping_status":"closed","template":"","meta":{"_acf_changed":false,"footnotes":""},"categories":[],"tags":[],"class_list":["post-5774","page","type-page","status-publish","hentry"],"acf":[],"_links":{"self":[{"href":"https:\/\/semmelweis.hu\/patologia1\/wp-json\/wp\/v2\/pages\/5774","targetHints":{"allow":["GET"]}}],"collection":[{"href":"https:\/\/semmelweis.hu\/patologia1\/wp-json\/wp\/v2\/pages"}],"about":[{"href":"https:\/\/semmelweis.hu\/patologia1\/wp-json\/wp\/v2\/types\/page"}],"author":[{"embeddable":true,"href":"https:\/\/semmelweis.hu\/patologia1\/wp-json\/wp\/v2\/users\/54"}],"replies":[{"embeddable":true,"href":"https:\/\/semmelweis.hu\/patologia1\/wp-json\/wp\/v2\/comments?post=5774"}],"version-history":[{"count":6,"href":"https:\/\/semmelweis.hu\/patologia1\/wp-json\/wp\/v2\/pages\/5774\/revisions"}],"predecessor-version":[{"id":8934,"href":"https:\/\/semmelweis.hu\/patologia1\/wp-json\/wp\/v2\/pages\/5774\/revisions\/8934"}],"up":[{"embeddable":true,"href":"https:\/\/semmelweis.hu\/patologia1\/wp-json\/wp\/v2\/pages\/35"}],"wp:attachment":[{"href":"https:\/\/semmelweis.hu\/patologia1\/wp-json\/wp\/v2\/media?parent=5774"}],"wp:term":[{"taxonomy":"category","embeddable":true,"href":"https:\/\/semmelweis.hu\/patologia1\/wp-json\/wp\/v2\/categories?post=5774"},{"taxonomy":"post_tag","embeddable":true,"href":"https:\/\/semmelweis.hu\/patologia1\/wp-json\/wp\/v2\/tags?post=5774"}],"curies":[{"name":"wp","href":"https:\/\/api.w.org\/{rel}","templated":true}]}}