{"id":5735,"date":"2020-06-18T11:33:31","date_gmt":"2020-06-18T09:33:31","guid":{"rendered":"https:\/\/semmelweis.hu\/patologia1\/?page_id=5735"},"modified":"2020-06-22T12:46:19","modified_gmt":"2020-06-22T10:46:19","slug":"rutin-hisztopatologiai-labor","status":"publish","type":"page","link":"https:\/\/semmelweis.hu\/patologia1\/laboregysegek\/rutin-hisztopatologiai-labor\/","title":{"rendered":"Rutin hisztopatol\u00f3giai labor"},"content":{"rendered":"<p><a href=\"https:\/\/semmelweis.hu\/patologia1\/files\/2015\/02\/172355312.jpg\"><img loading=\"lazy\" decoding=\"async\" class=\"size-medium wp-image-1224 alignleft\" src=\"https:\/\/semmelweis.hu\/patologia1\/files\/2015\/02\/172355312-300x249.jpg\" alt=\"\" width=\"300\" height=\"249\" srcset=\"https:\/\/semmelweis.hu\/patologia1\/files\/2015\/02\/172355312-300x249.jpg 300w, https:\/\/semmelweis.hu\/patologia1\/files\/2015\/02\/172355312-1024x849.jpg 1024w, https:\/\/semmelweis.hu\/patologia1\/files\/2015\/02\/172355312-362x300.jpg 362w\" sizes=\"auto, (max-width: 300px) 100vw, 300px\" \/><\/a>A biopszi\u00e1s laborat\u00f3rium int\u00e9zet\u00fcnk diagnosztikus tev\u00e9kenys\u00e9g\u00e9nek k\u00f6zpontja. Minden vizsg\u00e1lati minta ide \u00e9rkezik \u00e9s ker\u00fcl nyilv\u00e1ntart\u00e1sba, sz\u00fcks\u00e9g eset\u00e9n innen tov\u00e1bb\u00edtj\u00e1k az immunhisztok\u00e9miai, molekul\u00e1ris biol\u00f3giai vagy egy\u00e9b specializ\u00e1lt laborokba. A diagnosztikus mint\u00e1k ilyen k\u00f6zpontos\u00edt\u00e1sa teszi lehet\u0151v\u00e9, hogy a besz\u00e1ll\u00edt\u00f3k mindent egy helyen adhatnak le, tov\u00e1bb\u00e1 minden be\u00e9rkezett anyagnak egy helyen, a biopszi\u00e1s laborat\u00f3riumban nyoma van \u00e9s az \u00e9rdekl\u0151d\u0151 klinikusok azonnal a v\u00e9gs\u0151 feldolgoz\u00e1st v\u00e9gz\u0151 laborhoz, szem\u00e9lyhez ir\u00e1ny\u00edthat\u00f3ak.<\/p>\n<p>&nbsp;<\/p>\n<p><div class=\"responsive-tabs\">\n<h2 class=\"tabtitle\">Munkat\u00e1rsak<\/h2>\n<div class=\"tabcontent\">\n<br \/>\n\n<\/div><h2 class=\"tabtitle\">Vizsg\u00e1latok<\/h2>\n<div class=\"tabcontent\">\n<br \/>\n\n<\/div><h2 class=\"tabtitle\">Eszk\u00f6z\u00f6k<\/h2>\n<div class=\"tabcontent\">\n<br \/>\n<\/div><\/div><\/p>\n","protected":false},"excerpt":{"rendered":"<p><a href=\"https:\/\/semmelweis.hu\/patologia1\/files\/2015\/02\/172355312.jpg\"><\/a> A biopszi\u00e1s laborat\u00f3rium int\u00e9zet\u00fcnk diagnosztikus tev\u00e9kenys\u00e9g\u00e9nek k\u00f6zpontja. Minden vizsg\u00e1lati minta ide \u00e9rkezik \u00e9s ker\u00fcl nyilv\u00e1ntart\u00e1sba, sz\u00fcks\u00e9g eset\u00e9n innen tov\u00e1bb\u00edtj\u00e1k az immunhisztok\u00e9miai, molekul\u00e1ris biol\u00f3giai vagy egy\u00e9b specializ\u00e1lt laborokba. A diagnosztikus mint\u00e1k ilyen k\u00f6zpontos\u00edt\u00e1sa teszi lehet\u0151v\u00e9, hogy a besz\u00e1ll\u00edt\u00f3k mindent egy helyen adhatnak le, tov\u00e1bb\u00e1 minden be\u00e9rkezett anyagnak egy helyen, a biopszi\u00e1s laborat\u00f3riumban nyoma van \u00e9s az &hellip;<\/p>\n","protected":false},"author":54,"featured_media":0,"parent":5701,"menu_order":1,"comment_status":"closed","ping_status":"closed","template":"","meta":{"_acf_changed":false,"footnotes":""},"categories":[],"tags":[],"class_list":["post-5735","page","type-page","status-publish","hentry"],"acf":[],"_links":{"self":[{"href":"https:\/\/semmelweis.hu\/patologia1\/wp-json\/wp\/v2\/pages\/5735","targetHints":{"allow":["GET"]}}],"collection":[{"href":"https:\/\/semmelweis.hu\/patologia1\/wp-json\/wp\/v2\/pages"}],"about":[{"href":"https:\/\/semmelweis.hu\/patologia1\/wp-json\/wp\/v2\/types\/page"}],"author":[{"embeddable":true,"href":"https:\/\/semmelweis.hu\/patologia1\/wp-json\/wp\/v2\/users\/54"}],"replies":[{"embeddable":true,"href":"https:\/\/semmelweis.hu\/patologia1\/wp-json\/wp\/v2\/comments?post=5735"}],"version-history":[{"count":1,"href":"https:\/\/semmelweis.hu\/patologia1\/wp-json\/wp\/v2\/pages\/5735\/revisions"}],"predecessor-version":[{"id":5736,"href":"https:\/\/semmelweis.hu\/patologia1\/wp-json\/wp\/v2\/pages\/5735\/revisions\/5736"}],"up":[{"embeddable":true,"href":"https:\/\/semmelweis.hu\/patologia1\/wp-json\/wp\/v2\/pages\/5701"}],"wp:attachment":[{"href":"https:\/\/semmelweis.hu\/patologia1\/wp-json\/wp\/v2\/media?parent=5735"}],"wp:term":[{"taxonomy":"category","embeddable":true,"href":"https:\/\/semmelweis.hu\/patologia1\/wp-json\/wp\/v2\/categories?post=5735"},{"taxonomy":"post_tag","embeddable":true,"href":"https:\/\/semmelweis.hu\/patologia1\/wp-json\/wp\/v2\/tags?post=5735"}],"curies":[{"name":"wp","href":"https:\/\/api.w.org\/{rel}","templated":true}]}}