{"id":5489,"date":"2015-09-17T22:09:24","date_gmt":"2015-09-17T20:09:24","guid":{"rendered":"https:\/\/semmelweis.hu\/patologia1\/?page_id=5489"},"modified":"2020-06-10T16:21:53","modified_gmt":"2020-06-10T14:21:53","slug":"kontakt","status":"publish","type":"page","link":"https:\/\/semmelweis.hu\/patologia1\/de\/kontakt\/","title":{"rendered":"Kontakt"},"content":{"rendered":"<div class=\"textwidget\"><b>I. Institut f\u00fcr Pathologie und Experimentelle Krebsforschung<\/b><\/div>\n<div>\u00a0<\/div>\n<div class=\"textwidget\">\n<p>Addresse: H-1085 Budapest, \u00dcll\u0151i \u00fat 26.<\/p>\n<p>Direktor: Prof. Dr. Andr\u00e1s Matolcsy<\/p>\n<\/div>\n<div>\u00a0<\/div>\n","protected":false},"excerpt":{"rendered":"<p>I. Institut f\u00fcr Pathologie und Experimentelle Krebsforschung<br \/>\n\u00a0<\/p>\n<p>Addresse: H-1085 Budapest, \u00dcll\u0151i \u00fat 26.<br \/>\nDirektor: Prof. Dr. Andr\u00e1s Matolcsy<\/p>\n<p>\u00a0<\/p>\n","protected":false},"author":54,"featured_media":0,"parent":0,"menu_order":300,"comment_status":"closed","ping_status":"closed","template":"","meta":{"_acf_changed":false,"footnotes":""},"categories":[],"tags":[],"class_list":["post-5489","page","type-page","status-publish","hentry"],"acf":[],"_links":{"self":[{"href":"https:\/\/semmelweis.hu\/patologia1\/wp-json\/wp\/v2\/pages\/5489","targetHints":{"allow":["GET"]}}],"collection":[{"href":"https:\/\/semmelweis.hu\/patologia1\/wp-json\/wp\/v2\/pages"}],"about":[{"href":"https:\/\/semmelweis.hu\/patologia1\/wp-json\/wp\/v2\/types\/page"}],"author":[{"embeddable":true,"href":"https:\/\/semmelweis.hu\/patologia1\/wp-json\/wp\/v2\/users\/54"}],"replies":[{"embeddable":true,"href":"https:\/\/semmelweis.hu\/patologia1\/wp-json\/wp\/v2\/comments?post=5489"}],"version-history":[{"count":2,"href":"https:\/\/semmelweis.hu\/patologia1\/wp-json\/wp\/v2\/pages\/5489\/revisions"}],"predecessor-version":[{"id":5491,"href":"https:\/\/semmelweis.hu\/patologia1\/wp-json\/wp\/v2\/pages\/5489\/revisions\/5491"}],"wp:attachment":[{"href":"https:\/\/semmelweis.hu\/patologia1\/wp-json\/wp\/v2\/media?parent=5489"}],"wp:term":[{"taxonomy":"category","embeddable":true,"href":"https:\/\/semmelweis.hu\/patologia1\/wp-json\/wp\/v2\/categories?post=5489"},{"taxonomy":"post_tag","embeddable":true,"href":"https:\/\/semmelweis.hu\/patologia1\/wp-json\/wp\/v2\/tags?post=5489"}],"curies":[{"name":"wp","href":"https:\/\/api.w.org\/{rel}","templated":true}]}}