{"id":5483,"date":"2020-06-05T09:09:35","date_gmt":"2020-06-05T07:09:35","guid":{"rendered":"https:\/\/semmelweis.hu\/patologia1\/?page_id=5483"},"modified":"2020-06-11T14:39:33","modified_gmt":"2020-06-11T12:39:33","slug":"ueber-uns","status":"publish","type":"page","link":"https:\/\/semmelweis.hu\/patologia1\/de\/ueber-uns\/","title":{"rendered":"\u00dcber uns"},"content":{"rendered":"<div><a href=\"https:\/\/semmelweis.hu\/patologia1\/files\/2020\/06\/RS20702__ZZS0602-scaled.jpg\"><img loading=\"lazy\" decoding=\"async\" class=\"size-medium wp-image-5425 alignleft\" src=\"https:\/\/semmelweis.hu\/patologia1\/files\/2020\/06\/RS20702__ZZS0602-300x267.jpg\" alt=\"\" width=\"300\" height=\"267\" srcset=\"https:\/\/semmelweis.hu\/patologia1\/files\/2020\/06\/RS20702__ZZS0602-300x267.jpg 300w, https:\/\/semmelweis.hu\/patologia1\/files\/2020\/06\/RS20702__ZZS0602-1024x913.jpg 1024w, https:\/\/semmelweis.hu\/patologia1\/files\/2020\/06\/RS20702__ZZS0602-768x684.jpg 768w, https:\/\/semmelweis.hu\/patologia1\/files\/2020\/06\/RS20702__ZZS0602-337x300.jpg 337w, https:\/\/semmelweis.hu\/patologia1\/files\/2020\/06\/RS20702__ZZS0602-1536x1369.jpg 1536w, https:\/\/semmelweis.hu\/patologia1\/files\/2020\/06\/RS20702__ZZS0602-2048x1825.jpg 2048w\" sizes=\"auto, (max-width: 300px) 100vw, 300px\" \/><\/a>Als Teil der Semmelweis Universit\u00e4t erbringt das Institut f\u00fcr Pathologie hoch spezialisierte diagnostische Dienstleistung in der Krankenbetreuung. Als Teil der Universit\u00e4t deckt das Institut die universit\u00e4re Lehre ab und betreibt eine klinisch orientierte Forschung unter Einbezug modernster molekularer Methoden.<\/div>\n<div>\u00a0<\/div>\n<div>\u00a0<\/div>\n<div>\u00a0<\/div>\n<div>\u00a0<\/div>\n<div>\u00a0<\/div>\n<div>Das Institut f\u00fcr Pathologie umfasst die Abteilungen Histopathologie\/Autopsie, Zytopathologie, Molekularpathologie.\u00a0<\/p>\n<p>&nbsp;<\/p>\n<\/div>\n","protected":false},"excerpt":{"rendered":"<p>Als Teil der Semmelweis Universit\u00e4t erbringt das Institut f\u00fcr Pathologie hoch spezialisierte diagnostische Dienstleistung in der Krankenbetreuung. Als Teil der Universit\u00e4t deckt das Institut die universit\u00e4re Lehre ab und betreibt eine klinisch orientierte Forschung unter Einbezug modernster molekularer Methoden.<\/p>\n","protected":false},"author":54,"featured_media":5425,"parent":0,"menu_order":0,"comment_status":"closed","ping_status":"closed","template":"","meta":{"_acf_changed":false,"footnotes":""},"categories":[],"tags":[],"class_list":["post-5483","page","type-page","status-publish","has-post-thumbnail","hentry"],"acf":[],"_links":{"self":[{"href":"https:\/\/semmelweis.hu\/patologia1\/wp-json\/wp\/v2\/pages\/5483","targetHints":{"allow":["GET"]}}],"collection":[{"href":"https:\/\/semmelweis.hu\/patologia1\/wp-json\/wp\/v2\/pages"}],"about":[{"href":"https:\/\/semmelweis.hu\/patologia1\/wp-json\/wp\/v2\/types\/page"}],"author":[{"embeddable":true,"href":"https:\/\/semmelweis.hu\/patologia1\/wp-json\/wp\/v2\/users\/54"}],"replies":[{"embeddable":true,"href":"https:\/\/semmelweis.hu\/patologia1\/wp-json\/wp\/v2\/comments?post=5483"}],"version-history":[{"count":3,"href":"https:\/\/semmelweis.hu\/patologia1\/wp-json\/wp\/v2\/pages\/5483\/revisions"}],"predecessor-version":[{"id":5507,"href":"https:\/\/semmelweis.hu\/patologia1\/wp-json\/wp\/v2\/pages\/5483\/revisions\/5507"}],"wp:featuredmedia":[{"embeddable":true,"href":"https:\/\/semmelweis.hu\/patologia1\/wp-json\/wp\/v2\/media\/5425"}],"wp:attachment":[{"href":"https:\/\/semmelweis.hu\/patologia1\/wp-json\/wp\/v2\/media?parent=5483"}],"wp:term":[{"taxonomy":"category","embeddable":true,"href":"https:\/\/semmelweis.hu\/patologia1\/wp-json\/wp\/v2\/categories?post=5483"},{"taxonomy":"post_tag","embeddable":true,"href":"https:\/\/semmelweis.hu\/patologia1\/wp-json\/wp\/v2\/tags?post=5483"}],"curies":[{"name":"wp","href":"https:\/\/api.w.org\/{rel}","templated":true}]}}