{"id":43,"date":"2013-09-06T18:56:00","date_gmt":"2012-09-18T20:09:29","guid":{"rendered":"http:\/\/semmelweis-egyetem.hu\/patologia1\/?page_id=43"},"modified":"2026-03-16T13:22:39","modified_gmt":"2026-03-16T12:22:39","slug":"aok","status":"publish","type":"page","link":"https:\/\/semmelweis.hu\/patologia1\/gradualis-oktatas\/aok\/","title":{"rendered":"Patol\u00f3gia &#8211; \u00c1ltal\u00e1nos Orvostudom\u00e1nyi Kar"},"content":{"rendered":"<ul>\n<li><a href=\"https:\/\/semmelweis.hu\/patologia1\/files\/2024\/12\/AOK_kovetelmenyrendszer-I-felev-2024_2025-magyar-kollokvium-1.pdf\">K\u00f6vetelm\u00e9nyrendszer &#8211; kollokvium<\/a><\/li>\n<li><a href=\"https:\/\/semmelweis.hu\/patologia1\/files\/2026\/03\/AOK-tantargyleiras-2026-II-felev.pdf\">K\u00f6vetelm\u00e9nyrendszer &#8211; szigorlat<\/a><\/li>\n<\/ul>\n<p>Az oktat\u00f3i munka hallgat\u00f3i v\u00e9lem\u00e9nyez\u00e9se<\/p>\n<p><img loading=\"lazy\" decoding=\"async\" class=\"alignnone  wp-image-8640\" src=\"https:\/\/semmelweis.hu\/patologia1\/files\/2025\/03\/AOK-minosites-2025-1109-1M-400x232.jpg\" alt=\"\" width=\"521\" height=\"302\" srcset=\"https:\/\/semmelweis.hu\/patologia1\/files\/2025\/03\/AOK-minosites-2025-1109-1M-400x232.jpg 400w, https:\/\/semmelweis.hu\/patologia1\/files\/2025\/03\/AOK-minosites-2025-1109-1M-1024x594.jpg 1024w, https:\/\/semmelweis.hu\/patologia1\/files\/2025\/03\/AOK-minosites-2025-1109-1M-768x446.jpg 768w, https:\/\/semmelweis.hu\/patologia1\/files\/2025\/03\/AOK-minosites-2025-1109-1M-753x437.jpg 753w, https:\/\/semmelweis.hu\/patologia1\/files\/2025\/03\/AOK-minosites-2025-1109-1M.jpg 1149w\" sizes=\"auto, (max-width: 521px) 100vw, 521px\" \/><\/p>\n<p>Az oktat\u00e1ssal kapcsolatos inform\u00e1ci\u00f3k az egyetemi E-learningben (Moodle) tal\u00e1lhat\u00f3k.\u00a0<\/p>\n<p>&nbsp;<\/p>\n<p><a href=\"https:\/\/itc.semmelweis.hu\/moodle\/login\/index.php\"><img loading=\"lazy\" decoding=\"async\" class=\"alignnone size-medium wp-image-7712\" src=\"https:\/\/semmelweis.hu\/patologia1\/files\/2022\/08\/moodle-400x312.jpg\" alt=\"\" width=\"400\" height=\"312\" srcset=\"https:\/\/semmelweis.hu\/patologia1\/files\/2022\/08\/moodle-400x312.jpg 400w, https:\/\/semmelweis.hu\/patologia1\/files\/2022\/08\/moodle.jpg 425w\" sizes=\"auto, (max-width: 400px) 100vw, 400px\" \/><\/a><\/p>\n<p>&nbsp;<\/p>\n<p style=\"text-align: left\"><strong>\u00a0<\/strong><\/p>\n<p>&nbsp;<\/p>\n<p>&nbsp;<\/p>\n<p>&nbsp;<\/p>\n<p>&nbsp;<\/p>\n<p>&nbsp;<\/p>\n<p>&nbsp;<\/p>\n","protected":false},"excerpt":{"rendered":"<p><a href=\"https:\/\/semmelweis.hu\/patologia1\/files\/2024\/12\/AOK_kovetelmenyrendszer-I-felev-2024_2025-magyar-kollokvium-1.pdf\">K\u00f6vetelm\u00e9nyrendszer &#8211; kollokvium<\/a><br \/>\n<a href=\"https:\/\/semmelweis.hu\/patologia1\/files\/2026\/03\/AOK-tantargyleiras-2026-II-felev.pdf\">K\u00f6vetelm\u00e9nyrendszer &#8211; szigorlat<\/a><\/p>\n<p>Az oktat\u00f3i munka hallgat\u00f3i v\u00e9lem\u00e9nyez\u00e9se<\/p>\n<p>Az oktat\u00e1ssal kapcsolatos inform\u00e1ci\u00f3k az egyetemi E-learningben (Moodle) tal\u00e1lhat\u00f3k.\u00a0<br \/>\n&nbsp;<br \/>\n<a href=\"https:\/\/itc.semmelweis.hu\/moodle\/login\/index.php\"><\/a><br \/>\n&nbsp;<br \/>\n\u00a0<br \/>\n&nbsp;<br \/>\n&nbsp;<br \/>\n&nbsp;<br \/>\n&nbsp;<br \/>\n&nbsp;<br \/>\n&nbsp;<\/p>\n","protected":false},"author":54,"featured_media":0,"parent":33,"menu_order":1,"comment_status":"closed","ping_status":"closed","template":"","meta":{"_acf_changed":false,"footnotes":""},"categories":[],"tags":[],"class_list":["post-43","page","type-page","status-publish","hentry"],"acf":[],"_links":{"self":[{"href":"https:\/\/semmelweis.hu\/patologia1\/wp-json\/wp\/v2\/pages\/43","targetHints":{"allow":["GET"]}}],"collection":[{"href":"https:\/\/semmelweis.hu\/patologia1\/wp-json\/wp\/v2\/pages"}],"about":[{"href":"https:\/\/semmelweis.hu\/patologia1\/wp-json\/wp\/v2\/types\/page"}],"author":[{"embeddable":true,"href":"https:\/\/semmelweis.hu\/patologia1\/wp-json\/wp\/v2\/users\/54"}],"replies":[{"embeddable":true,"href":"https:\/\/semmelweis.hu\/patologia1\/wp-json\/wp\/v2\/comments?post=43"}],"version-history":[{"count":12,"href":"https:\/\/semmelweis.hu\/patologia1\/wp-json\/wp\/v2\/pages\/43\/revisions"}],"predecessor-version":[{"id":8977,"href":"https:\/\/semmelweis.hu\/patologia1\/wp-json\/wp\/v2\/pages\/43\/revisions\/8977"}],"up":[{"embeddable":true,"href":"https:\/\/semmelweis.hu\/patologia1\/wp-json\/wp\/v2\/pages\/33"}],"wp:attachment":[{"href":"https:\/\/semmelweis.hu\/patologia1\/wp-json\/wp\/v2\/media?parent=43"}],"wp:term":[{"taxonomy":"category","embeddable":true,"href":"https:\/\/semmelweis.hu\/patologia1\/wp-json\/wp\/v2\/categories?post=43"},{"taxonomy":"post_tag","embeddable":true,"href":"https:\/\/semmelweis.hu\/patologia1\/wp-json\/wp\/v2\/tags?post=43"}],"curies":[{"name":"wp","href":"https:\/\/api.w.org\/{rel}","templated":true}]}}