{"id":3699,"date":"2018-06-18T08:48:12","date_gmt":"2018-06-18T06:48:12","guid":{"rendered":"http:\/\/semmelweis.hu\/patologia1\/?page_id=3699"},"modified":"2025-07-24T15:24:27","modified_gmt":"2025-07-24T13:24:27","slug":"szakvizsga-tanfolyam-daganatok-patomorfologiai-diagnosztikaja","status":"publish","type":"page","link":"https:\/\/semmelweis.hu\/patologia1\/posztgradualis-oktatas\/szakvizsga-tanfolyam-daganatok-patomorfologiai-diagnosztikaja\/","title":{"rendered":"Szakvizsga tanfolyam"},"content":{"rendered":"<p><strong>Semmelweis Egyetem, \u00c1ltal\u00e1nos Orvostudom\u00e1nyi Kar <br \/>\n<\/strong><strong>patol\u00f3gus szakorvos-jel\u00f6ltek sz\u00e1m\u00e1ra szakvizsga el\u0151tti, k\u00f6telez\u0151 tanfolyam <\/strong><\/p>\n<p>&nbsp;<\/p>\n<p><strong>A tanfolyam c\u00edme:<\/strong> \u00a0\u00a0\u00a0\u00a0\u00a0\u00a0\u00a0\u00a0\u00a0\u00a0\u00a0\u00a0\u00a0\u00a0\u00a0 Daganatok patomorfol\u00f3giai diagnosztik\u00e1ja.<\/p>\n<p><strong>A tanfolyam k\u00f3dsz\u00e1ma:<\/strong> \u00a0\u00a0\u00a0\u00a0\u00a0 SE-SZTOK\/2025.II\/00411<\/p>\n<p><strong>A tanfolyam szervez\u0151je:<\/strong> \u00a0\u00a0\u00a0\u00a0\u00a0 SE Patol\u00f3giai \u00e9s K\u00eds\u00e9rleti R\u00e1kkutat\u00f3 Int\u00e9zet<\/p>\n<p><strong>A tanfolyam id\u0151pontja:<\/strong> \u00a0\u00a0\u00a0\u00a0\u00a0\u00a0 2025. szeptember 1-19.<\/p>\n<p><strong>A tanfolyam helye:<\/strong> \u00a0\u00a0\u00a0\u00a0\u00a0\u00a0\u00a0\u00a0\u00a0\u00a0\u00a0\u00a0\u00a0\u00a0 SE Patol\u00f3giai \u00e9s K\u00eds\u00e9rleti R\u00e1kkutat\u00f3 Int\u00e9zet, 1085 Budapest, \u00dcll\u0151i u. 26.<\/p>\n<p><strong>A tanfolyam d\u00edja:<\/strong> \u00a0\u00a0\u00a0\u00a0\u00a0\u00a0\u00a0\u00a0\u00a0\u00a0\u00a0\u00a0\u00a0\u00a0\u00a0\u00a0 50 000 Ft.<\/p>\n<p><strong>A tanfolyam felel\u0151se:<\/strong> <br \/>\nDr. S\u00e1pi Zolt\u00e1n egyetemi tan\u00e1r, <br \/>\nSE Patol\u00f3giai \u00e9s K\u00eds\u00e9rleti R\u00e1kkutat\u00f3 Int\u00e9zet, 1085 Budapest, \u00dcll\u0151i \u00fat. 26.<br \/>\ne-mail: sapi.zoltan.dr@gmail.com<\/p>\n<p><u>Jelentkez\u00e9s: <\/u><\/p>\n<p>Elektronikusan: &#8211; OFTEX \u00a0port\u00e1lon kereszt\u00fcl.<br \/>\nSemmelweis Egyetem, Szak- \u00e9s Tov\u00e1bbk\u00e9pz\u00e9si K\u00f6zpont<\/p>\n<p>&nbsp;<\/p>\n<p>Tov\u00e1bbi inform\u00e1ci\u00f3:<\/p>\n<p>Olaszi Erzs\u00e9bet<br \/>\ntitk\u00e1rs\u00e1gvezet\u0151<\/p>\n<p>Semmelweis Egyetem<br \/>\nPatotol\u00f3giai \u00e9s K\u00eds\u00e9rleti R\u00e1kkutat\u00f3 Int\u00e9zet<\/p>\n<p>Tel.: 317-1074<\/p>\n<p><a href=\"mailto:titkarsag.1path@semmelweis.hu\">titkarsag.1path@semmelweis.hu<\/a><\/p>\n<hr \/>\n<p><a href=\"https:\/\/semmelweis.hu\/patologia1\/files\/2025\/07\/tanfolyam-2025.09.01-19.pdf\"><strong>El\u0151ad\u00e1sok list\u00e1ja<\/strong><\/a><\/p>\n<p>&nbsp;<\/p>\n<p>&nbsp;<\/p>\n<p>&nbsp;<\/p>\n<p>&nbsp;<\/p>\n","protected":false},"excerpt":{"rendered":"<p>Semmelweis Egyetem, \u00c1ltal\u00e1nos Orvostudom\u00e1nyi Kar patol\u00f3gus szakorvos-jel\u00f6ltek sz\u00e1m\u00e1ra szakvizsga el\u0151tti, k\u00f6telez\u0151 tanfolyam &nbsp; A tanfolyam c\u00edme: \u00a0\u00a0\u00a0\u00a0\u00a0\u00a0\u00a0\u00a0\u00a0\u00a0\u00a0\u00a0\u00a0\u00a0\u00a0 Daganatok patomorfol\u00f3giai diagnosztik\u00e1ja. A tanfolyam k\u00f3dsz\u00e1ma: \u00a0\u00a0\u00a0\u00a0\u00a0 SE-SZTOK\/2025.II\/00411 A tanfolyam szervez\u0151je: \u00a0\u00a0\u00a0\u00a0\u00a0 SE Patol\u00f3giai \u00e9s K\u00eds\u00e9rleti R\u00e1kkutat\u00f3 Int\u00e9zet A tanfolyam id\u0151pontja: \u00a0\u00a0\u00a0\u00a0\u00a0\u00a0 2025. szeptember 1-19. A tanfolyam helye: \u00a0\u00a0\u00a0\u00a0\u00a0\u00a0\u00a0\u00a0\u00a0\u00a0\u00a0\u00a0\u00a0\u00a0 SE Patol\u00f3giai \u00e9s K\u00eds\u00e9rleti R\u00e1kkutat\u00f3 Int\u00e9zet, 1085 Budapest, \u00dcll\u0151i &hellip;<\/p>\n","protected":false},"author":157,"featured_media":0,"parent":34,"menu_order":2,"comment_status":"closed","ping_status":"closed","template":"","meta":{"_acf_changed":false,"footnotes":""},"categories":[],"tags":[],"class_list":["post-3699","page","type-page","status-publish","hentry"],"acf":[],"_links":{"self":[{"href":"https:\/\/semmelweis.hu\/patologia1\/wp-json\/wp\/v2\/pages\/3699","targetHints":{"allow":["GET"]}}],"collection":[{"href":"https:\/\/semmelweis.hu\/patologia1\/wp-json\/wp\/v2\/pages"}],"about":[{"href":"https:\/\/semmelweis.hu\/patologia1\/wp-json\/wp\/v2\/types\/page"}],"author":[{"embeddable":true,"href":"https:\/\/semmelweis.hu\/patologia1\/wp-json\/wp\/v2\/users\/157"}],"replies":[{"embeddable":true,"href":"https:\/\/semmelweis.hu\/patologia1\/wp-json\/wp\/v2\/comments?post=3699"}],"version-history":[{"count":9,"href":"https:\/\/semmelweis.hu\/patologia1\/wp-json\/wp\/v2\/pages\/3699\/revisions"}],"predecessor-version":[{"id":8703,"href":"https:\/\/semmelweis.hu\/patologia1\/wp-json\/wp\/v2\/pages\/3699\/revisions\/8703"}],"up":[{"embeddable":true,"href":"https:\/\/semmelweis.hu\/patologia1\/wp-json\/wp\/v2\/pages\/34"}],"wp:attachment":[{"href":"https:\/\/semmelweis.hu\/patologia1\/wp-json\/wp\/v2\/media?parent=3699"}],"wp:term":[{"taxonomy":"category","embeddable":true,"href":"https:\/\/semmelweis.hu\/patologia1\/wp-json\/wp\/v2\/categories?post=3699"},{"taxonomy":"post_tag","embeddable":true,"href":"https:\/\/semmelweis.hu\/patologia1\/wp-json\/wp\/v2\/tags?post=3699"}],"curies":[{"name":"wp","href":"https:\/\/api.w.org\/{rel}","templated":true}]}}

<p><strong>Semmelweis Egyetem, Általános Orvostudományi Kar <br />
</strong><strong>patológus szakorvos-jelöltek számára szakvizsga előtti, kötelező tanfolyam </strong></p>
<p>&nbsp;</p>
<p><strong>A tanfolyam címe:</strong>                 Daganatok patomorfológiai diagnosztikája.</p>
<p><strong>A tanfolyam kódszáma:</strong>       SE-SZTOK/2025.II/00411</p>
<p><strong>A tanfolyam szervezője:</strong>       SE Patológiai és Kísérleti Rákkutató Intézet</p>
<p><strong>A tanfolyam időpontja:</strong>        2025. szeptember 1-19.</p>
<p><strong>A tanfolyam helye:</strong>                SE Patológiai és Kísérleti Rákkutató Intézet, 1085 Budapest, Üllői u. 26.</p>
<p><strong>A tanfolyam díja:</strong>                  50 000 Ft.</p>
<p><strong>A tanfolyam felelőse:</strong> <br />
Dr. Sápi Zoltán egyetemi tanár, <br />
SE Patológiai és Kísérleti Rákkutató Intézet, 1085 Budapest, Üllői út. 26.<br />
e-mail: sapi.zoltan.dr@gmail.com</p>
<p><u>Jelentkezés: </u></p>
<p>Elektronikusan: &#8211; OFTEX  portálon keresztül.<br />
Semmelweis Egyetem, Szak- és Továbbképzési Központ</p>
<p>&nbsp;</p>
<p>További információ:</p>
<p>Olaszi Erzsébet<br />
titkárságvezető</p>
<p>Semmelweis Egyetem<br />
Patotológiai és Kísérleti Rákkutató Intézet</p>
<p>Tel.: 317-1074</p>
<p><a href="mailto:titkarsag.1path@semmelweis.hu">titkarsag.1path@semmelweis.hu</a></p>
<hr />
<p><a href="https://semmelweis.hu/patologia1/files/2025/07/tanfolyam-2025.09.01-19.pdf"><strong>Előadások listája</strong></a></p>
<p>&nbsp;</p>
<p>&nbsp;</p>
<p>&nbsp;</p>
<p>&nbsp;</p>

<p>Semmelweis Egyetem, Általános Orvostudományi Kar patológus szakorvos-jelöltek számára szakvizsga előtti, kötelező tanfolyam &nbsp; A tanfolyam címe:                 Daganatok patomorfológiai diagnosztikája. A tanfolyam kódszáma:       SE-SZTOK/2025.II/00411 A tanfolyam szervezője:       SE Patológiai és Kísérleti Rákkutató Intézet A tanfolyam időpontja:        2025. szeptember 1-19. A tanfolyam helye:                SE Patológiai és Kísérleti Rákkutató Intézet, 1085 Budapest, Üllői &hellip;</p>
