{"id":33,"date":"2013-04-22T15:50:40","date_gmt":"2013-04-22T13:50:40","guid":{"rendered":"http:\/\/semmelweis-egyetem.hu\/patologia1\/?page_id=33"},"modified":"2025-12-07T14:08:52","modified_gmt":"2025-12-07T13:08:52","slug":"gradualis-oktatas","status":"publish","type":"page","link":"https:\/\/semmelweis.hu\/patologia1\/gradualis-oktatas\/","title":{"rendered":"Gradu\u00e1lis oktat\u00e1s"},"content":{"rendered":"<div class=\"lead\" style=\"text-align: justify\">A Patol\u00f3giai \u00e9s K\u00eds\u00e9rleti R\u00e1kkutat\u00f3 Int\u00e9zet a Semmelweis Egyetem r\u00e9szek\u00e9nt, akt\u00edvan r\u00e9szt vesz a gradu\u00e1lis \u00e9s posztgradu\u00e1lis orvosk\u00e9pz\u00e9sben. Az oktat\u00e1s els\u0151rend\u0171 c\u00e9lja a klinikopatol\u00f3giai szeml\u00e9let megalapoz\u00e1sa \u00e9s a patol\u00f3gia diagnosztikai lehet\u0151s\u00e9geinek bemutat\u00e1sa.<\/div>\n<p style=\"text-align: justify\"><a href=\"https:\/\/semmelweis.hu\/patologia1\/files\/2020\/06\/RS54698_KA-20161027-IMG_1888-scr-1.jpg\"><img loading=\"lazy\" decoding=\"async\" class=\"alignright size-medium wp-image-5604\" src=\"https:\/\/semmelweis.hu\/patologia1\/files\/2020\/06\/RS54698_KA-20161027-IMG_1888-scr-1-400x267.jpg\" alt=\"\" width=\"400\" height=\"267\" srcset=\"https:\/\/semmelweis.hu\/patologia1\/files\/2020\/06\/RS54698_KA-20161027-IMG_1888-scr-1-400x267.jpg 400w, https:\/\/semmelweis.hu\/patologia1\/files\/2020\/06\/RS54698_KA-20161027-IMG_1888-scr-1-768x512.jpg 768w, https:\/\/semmelweis.hu\/patologia1\/files\/2020\/06\/RS54698_KA-20161027-IMG_1888-scr-1-753x502.jpg 753w, https:\/\/semmelweis.hu\/patologia1\/files\/2020\/06\/RS54698_KA-20161027-IMG_1888-scr-1-203x135.jpg 203w, https:\/\/semmelweis.hu\/patologia1\/files\/2020\/06\/RS54698_KA-20161027-IMG_1888-scr-1.jpg 950w\" sizes=\"auto, (max-width: 400px) 100vw, 400px\" \/><\/a>A gradu\u00e1lis k\u00e9pz\u00e9s keret\u00e9ben, a Patol\u00f3gia tant\u00e1rgyat oktatjuk az \u00c1ltal\u00e1nos Orvosi Kar \u00e9s a Fogorvostudom\u00e1nyi Kar hallgat\u00f3i sz\u00e1m\u00e1ra, k\u00e9t-k\u00e9t szemeszterben, az \u00c1OK-n \u00e9vente 196 \u00f3ra, FOK-on 112 \u00f3ra id\u0151tartamban. A magyar nyelv\u0171 k\u00e9pz\u00e9s mellett, az \u00c1OK-n angol, a FOK-on angol \u00e9s n\u00e9met nyelven is oktatunk a fentieknek megfelel\u0151 \u00f3rasz\u00e1mban, valamint az Eg\u00e9szs\u00e9g\u00fcgyi F\u0151iskolai Karon is tartunk kurzusokat. Int\u00e9zet\u00fcnkben szakvizsg\u00e1ra k\u00e9sz\u00fcl\u0151k gyakorlati k\u00e9pz\u00e9se, \u00e9s egyetemi doktori (PhD) k\u00e9pz\u00e9s is zajlik. Szervez\u0151k\u00e9nt \u00e9s oktat\u00f3k\u00e9nt r\u00e9szt vesz\u00fcnk szakvizsga-el\u0151k\u00e9sz\u00edt\u0151 \u00e9s egy\u00e9b akkredit\u00e1lt, posztgradu\u00e1lis tov\u00e1bbk\u00e9pz\u0151 tanfolyamokon. Mi szervezz\u00fck az Onkol\u00f3gia Kurzust (VI. \u00e9ves hallgat\u00f3knak \u00e9s doktoranduszoknak) \u00e9s a Klinikopatol\u00f3gia Kurzust (III-V. \u00e9ves hallgat\u00f3knak).<\/p>\n<p style=\"text-align: justify\">A patol\u00f3giai tanulm\u00e1nyok alapj\u00e1t k\u00e9pezik a klinikai t\u00e1rgyaknak, ezek meg\u00e9rt\u00e9se patol\u00f3giai tud\u00e1s n\u00e9lk\u00fcl lehetetlen. Didaktikai szempontb\u00f3l e hatalmas ter\u00fcletet k\u00e9t egym\u00e1ssal \u00f6sszef\u00fcgg\u0151 r\u00e9szben t\u00e1rgyaljuk. Az els\u0151 &#8211; az \u00e1ltal\u00e1nos patol\u00f3gia &#8211; a patol\u00f3giai alapjelens\u00e9gekkel, a m\u00e1sodik &#8211; a r\u00e9szletes patol\u00f3gia &#8211; az egyes szervrendszerek, szervek betegs\u00e9geivel foglalkozik. A tantermi el\u0151ad\u00e1sokat bonctermi, sz\u00f6vettani \u00e9s konzerv\u00e1lt k\u00e9sz\u00edtm\u00e9ny-gyakorlatok eg\u00e9sz\u00edtik ki, \u00edgy hallgat\u00f3ink az alapos elm\u00e9leti k\u00e9pz\u00e9s mellett, a gyakorlatban is fejleszthetik tud\u00e1sukat, diagnosztikai k\u00e9szs\u00e9geiket.<\/p>\n<p><span style=\"font-size: 18pt\"><strong>Hallgat\u00f3k v\u00e9lem\u00e9nye a Patol\u00f3gia tant\u00e1rgy oktat\u00e1s\u00e1r\u00f3l<\/strong><\/span><\/p>\n<p>Az oktat\u00e1s sz\u00ednvonal\u00e1nak szinten tart\u00e1sa \u00e9s folyamatos fejleszt\u00e9se \u00e9rdek\u00e9ben folyamatosan \u00e9rt\u00e9kelj\u00fck az oktat\u00f3munka hat\u00e9konys\u00e1g\u00e1t, \u00e9s a tanuls\u00e1gokat fokozottan figyelembe vessz\u00fck munk\u00e1nk sor\u00e1n. 2008-ban \u00e1tfog\u00f3 kutat\u00e1st v\u00e9gezt\u00fcnk a patol\u00f3gia tant\u00e1rgy oktat\u00e1s\u00e1val kapcsolatos hallgat\u00f3i v\u00e9lem\u00e9nyekr\u0151l, melynek sor\u00e1n az el\u0151ad\u00f3k, gyakorlatvezet\u0151k r\u00e9szletes \u00e9rt\u00e9kel\u00e9s\u00e9re is sor ker\u00fclt. Az \u00f6sszes\u00edtett eredm\u00e9nyekr\u0151l az \u00e9rdekl\u0151d\u0151k hamarosan t\u00e1j\u00e9koz\u00f3dhatnak honlapunkon.<\/p>\n<p><span style=\"font-size: 18pt\"><strong>Korszer\u0171 infrastruktur\u00e1lis \u00e9s diagnosztikai h\u00e1tt\u00e9r<\/strong><\/span><\/p>\n<p>A k\u00e9pz\u00e9st korszer\u0171 infrastruktur\u00e1lis, diagnosztikai \u00e9s oktat\u00e1stechnikai h\u00e1tt\u00e9r seg\u00edti.<\/p>\n<p><strong>Az oktat\u00e1si infrastrukt\u00fara r\u00e9szei:<\/strong><\/p>\n<ul>\n<li>konzult\u00e1ci\u00f3s mikroszk\u00f3p-\/monitor- \u00e9s a tele-patol\u00f3giai rendszer<\/li>\n<li>digit\u00e1lis sz\u00f6vettani labor<\/li>\n<li>boncterem<\/li>\n<li>m\u00fazeumi prepar\u00e1tumok<\/li>\n<\/ul>\n<p><strong>Diagnosztikai m\u00f3dszertani lehet\u0151s\u00e9gek:<\/strong><\/p>\n<ul>\n<li>sz\u00f6vettani diagnosztika<\/li>\n<li>aspir\u00e1ci\u00f3s \u00e9s exfoliat\u00edv citol\u00f3gia<\/li>\n<li>f\u00e9ny- \u00e9s elektronmikroszk\u00f3pia<\/li>\n<li>immunhisztok\u00e9mia<\/li>\n<li>\u00e1raml\u00e1si citometria<\/li>\n<li>citogenetika, FISH<\/li>\n<li>molekul\u00e1ris patol\u00f3giai diagnosztika<\/li>\n<\/ul>\n<p><strong><strong>Az\u00a0 e-learning tananyagok (magyar, angol, n\u00e9met) el\u00e9rhet\u0151s\u00e9ge:<\/strong> <a href=\"http:\/\/itc.semmelweis-univ.hu\" target=\"_blank\" rel=\"noopener noreferrer\">http:\/\/itc.semmelweis-univ.hu<\/a><\/strong><\/p>\n<p>A tananyagok megnyit\u00e1sa regisztr\u00e1ci\u00f3k\u00f6teles. Csak azok a hallgat\u00f3k tudnak a rendszerbe regisztr\u00e1lni illetve bel\u00e9pni,akik a kapcsol\u00f3d\u00f3 tant\u00e1rgyakat a NEPTUN rendszerben felvett\u00e9k.<\/p>\n<h2><strong>Hallgat\u00f3i feedback az int\u00e9zet oktat\u00f3i tev\u00e9kenys\u00e9g\u00e9r\u0151l<\/strong><\/h2>\n<ul>\n<li><a href=\"https:\/\/semmelweis.hu\/patologia1\/files\/2013\/01\/2008-feedback-riport.pdf\">2007\/2008 tan\u00e9v<\/a><\/li>\n<li><a href=\"https:\/\/semmelweis.hu\/patologia1\/files\/2013\/01\/2009-feedback-riport.pdf\">2008\/2009 tan\u00e9v<\/a><\/li>\n<li><a href=\"https:\/\/semmelweis.hu\/patologia1\/files\/2013\/01\/2010-feedback-riport.pdf\">2009\/2010 tan\u00e9v<\/a><\/li>\n<li><a href=\"https:\/\/semmelweis.hu\/patologia1\/files\/2013\/01\/2011-feedback-riport.pdf\">2010\/2011 tan\u00e9v<\/a><\/li>\n<li><a href=\"https:\/\/semmelweis.hu\/patologia1\/files\/2013\/01\/2012-feedback-riport.pdf\">2011\/2012 tan\u00e9v<\/a><\/li>\n<\/ul>\n","protected":false},"excerpt":{"rendered":"<p>A Patol\u00f3giai \u00e9s K\u00eds\u00e9rleti R\u00e1kkutat\u00f3 Int\u00e9zet a Semmelweis Egyetem r\u00e9szek\u00e9nt, akt\u00edvan r\u00e9szt vesz a gradu\u00e1lis \u00e9s posztgradu\u00e1lis orvosk\u00e9pz\u00e9sben. Az oktat\u00e1s els\u0151rend\u0171 c\u00e9lja a klinikopatol\u00f3giai szeml\u00e9let megalapoz\u00e1sa \u00e9s a patol\u00f3gia diagnosztikai lehet\u0151s\u00e9geinek bemutat\u00e1sa. <a href=\"https:\/\/semmelweis.hu\/patologia1\/files\/2020\/06\/RS54698_KA-20161027-IMG_1888-scr-1.jpg\"><\/a> A gradu\u00e1lis k\u00e9pz\u00e9s keret\u00e9ben, a Patol\u00f3gia tant\u00e1rgyat oktatjuk az \u00c1ltal\u00e1nos Orvosi Kar \u00e9s a Fogorvostudom\u00e1nyi Kar hallgat\u00f3i sz\u00e1m\u00e1ra, k\u00e9t-k\u00e9t szemeszterben, az \u00c1OK-n \u00e9vente &hellip;<\/p>\n","protected":false},"author":54,"featured_media":0,"parent":0,"menu_order":1,"comment_status":"open","ping_status":"closed","template":"","meta":{"_acf_changed":false,"footnotes":""},"categories":[],"tags":[],"class_list":["post-33","page","type-page","status-publish","hentry"],"acf":[],"_links":{"self":[{"href":"https:\/\/semmelweis.hu\/patologia1\/wp-json\/wp\/v2\/pages\/33","targetHints":{"allow":["GET"]}}],"collection":[{"href":"https:\/\/semmelweis.hu\/patologia1\/wp-json\/wp\/v2\/pages"}],"about":[{"href":"https:\/\/semmelweis.hu\/patologia1\/wp-json\/wp\/v2\/types\/page"}],"author":[{"embeddable":true,"href":"https:\/\/semmelweis.hu\/patologia1\/wp-json\/wp\/v2\/users\/54"}],"replies":[{"embeddable":true,"href":"https:\/\/semmelweis.hu\/patologia1\/wp-json\/wp\/v2\/comments?post=33"}],"version-history":[{"count":11,"href":"https:\/\/semmelweis.hu\/patologia1\/wp-json\/wp\/v2\/pages\/33\/revisions"}],"predecessor-version":[{"id":8835,"href":"https:\/\/semmelweis.hu\/patologia1\/wp-json\/wp\/v2\/pages\/33\/revisions\/8835"}],"wp:attachment":[{"href":"https:\/\/semmelweis.hu\/patologia1\/wp-json\/wp\/v2\/media?parent=33"}],"wp:term":[{"taxonomy":"category","embeddable":true,"href":"https:\/\/semmelweis.hu\/patologia1\/wp-json\/wp\/v2\/categories?post=33"},{"taxonomy":"post_tag","embeddable":true,"href":"https:\/\/semmelweis.hu\/patologia1\/wp-json\/wp\/v2\/tags?post=33"}],"curies":[{"name":"wp","href":"https:\/\/api.w.org\/{rel}","templated":true}]}}