{"id":2970,"date":"2017-02-19T09:51:26","date_gmt":"2017-02-19T08:51:26","guid":{"rendered":"http:\/\/semmelweis.hu\/patologia1\/?page_id=2970"},"modified":"2017-02-19T09:53:33","modified_gmt":"2017-02-19T08:53:33","slug":"pancreatologia","status":"publish","type":"page","link":"https:\/\/semmelweis.hu\/patologia1\/kutatas\/pancreatologia\/","title":{"rendered":"Pancreatol\u00f3gia"},"content":{"rendered":"<p>Dr. Zalatnai Attila, egyetemi docens<\/p>\n<p style=\"text-align: justify\">A laborat\u00f3rium egyik f\u0151 vizsg\u00e1lati ter\u00fclete a daganatos \u00e9s nem daganatos <strong>pancreas<\/strong> betegs\u00e9gek diagnosztik\u00e1ja \u00e9s konzult\u00e1ci\u00f3s v\u00e9lem\u00e9nyez\u00e9se, ami mag\u00e1ba foglalja boncol\u00e1si anyagok, citol\u00f3giai-biopszi\u00e1s mint\u00e1k, seb\u00e9szi resecatumok feldolgoz\u00e1s\u00e1t. K\u00eds\u00e9rletes tev\u00e9kenys\u00e9g\u00fcnk sor\u00e1n sz\u00e1mos hum\u00e1n pancreasr\u00e1k-xenograft-vonalat hoztunk l\u00e9tre immunsuppress\u00e1lt egerekben, melyek potenci\u00e1lis tumorg\u00e1tl\u00f3 szerek praeklinikai tesztel\u00e9s\u00e9re szolg\u00e1lnak. Vizsg\u00e1ltuk a somatostatin-anal\u00f3gok, egyes sejt-szinkroniz\u00e1l\u00f3 szerek ilyen ir\u00e1ny\u00fa hat\u00e1sait, valamint \u00e9rdek\u0151d\u00e9s\u00fcnk tov\u00e1bbi ir\u00e1nya az MDR-revert\u00e1ns vegy\u00fcletek k\u00eds\u00e9rletes vizsg\u00e1lata, melynek sor\u00e1n t\u00f6bb hazai, \u00e9s k\u00fclf\u00f6ldi partnerrel val\u00f3s\u00edtottunk meg kollabor\u00e1ci\u00f3t.<\/p>\n<p style=\"text-align: justify\">A labor m\u00e1sik diagnosztikus ter\u00fclete a <strong>neuroendocrin<\/strong> tumorok diagnosztik\u00e1ja \u00e9s konz\u00edliumi v\u00e9lem\u00e9nyez\u00e9se, mind pancreasban, mind egy\u00e9b szervekben el\u0151fordul\u00f3 ilyen daganatok vonatkoz\u00e1s\u00e1ban. Orsz\u00e1gos konzult\u00e1ci\u00f3s k\u00f6zpontk\u00e9nt szolg\u00e1l a somatostatin-receptorok immunhisztok\u00e9miai azonos\u00edt\u00e1s\u00e1ra.<\/p>\n\r\n        [slb_exclude]\r\n        <div class=\"row galeria-wrapper mx-0 h-auto\">\r\n            <div class=\"col-9 pl-0 pr-2\">\r\n            <span class=\"gallery-item frame\">\r\n\t\t\t\t<div class=\"galeria-left-img\"><a href=\"https:\/\/semmelweis.hu\/patologia1\/files\/2017\/02\/K\u00e9p1.jpg\"><img src=https:\/\/semmelweis.hu\/patologia1\/files\/2017\/02\/K\u00e9p1.jpg  \r\n                            alt=\"Zalatnai Attila\" \r\n                            class=\"attachment-sote-gallery-big size-sote-gallery-big\" \r\n                            srcset=\"https:\/\/semmelweis.hu\/patologia1\/files\/2017\/02\/K\u00e9p1-300x242.jpg 300w, https:\/\/semmelweis.hu\/patologia1\/files\/2017\/02\/K\u00e9p1.jpg 343w\" ><\/a><\/div>\r\n            <\/span>\r\n\r\n            <\/div>\r\n\r\n\t\t\t<div class=\"col-3 pl-0 pr-0\">\r\n\t\t\t\t<div class=\"galeria-right-img d-flex justify-content-between flex-column h-100 w-100 px-0 mx-0 \">\r\n                <div class=\"galeria-box\">\r\n\t\t\t\t\t<h3 class=\"galeria-title\">Gal\u00e9ria<\/h3>\r\n\t\t\t\t\t<div class=\"galeria-subtitle\">\r\n\r\n\t\t\t\t\t\t<div class=\"galeria-page-counter\"><span>6<\/span>k\u00e9p<\/div>\r\n                    <\/div> <\/div>\r\n                    <span class=\"gallery-item frame d-none d-md-flex\">\r\n\t\t\t\t\t<div class=\"galeria-small-img mt-0\"><a href=\"https:\/\/semmelweis.hu\/patologia1\/files\/2017\/02\/5.-\u00e1bra.jpg\"><img src=https:\/\/semmelweis.hu\/patologia1\/files\/2017\/02\/5.-\u00e1bra.jpg \r\n                                alt=\"\"  \r\n                                class=\"attachment-sote-gallery-small size-sote-gallery-small\" \r\n                                srcset=\"https:\/\/semmelweis.hu\/patologia1\/files\/2017\/02\/5.-\u00e1bra-300x222.jpg 300w, https:\/\/semmelweis.hu\/patologia1\/files\/2017\/02\/5.-\u00e1bra-405x300.jpg 405w, https:\/\/semmelweis.hu\/patologia1\/files\/2017\/02\/5.-\u00e1bra.jpg 513w\" ><\/a><\/div>\r\n                    <\/span>\r\n                    <span class=\"gallery-item frame d-none d-md-flex\">\r\n\t\t\t\t\t<div class=\"galeria-small-img mt-0\"><a href=\"https:\/\/semmelweis.hu\/patologia1\/files\/2017\/02\/5902chrA1.jpg\"><img src=https:\/\/semmelweis.hu\/patologia1\/files\/2017\/02\/5902chrA1.jpg \r\n                                alt=\"\" \r\n                                class=\"attachment-sote-gallery-small size-sote-gallery-small\" \r\n                                srcset=\"https:\/\/semmelweis.hu\/patologia1\/files\/2017\/02\/5902chrA1-300x224.jpg 300w, https:\/\/semmelweis.hu\/patologia1\/files\/2017\/02\/5902chrA1-401x300.jpg 401w, https:\/\/semmelweis.hu\/patologia1\/files\/2017\/02\/5902chrA1.jpg 669w\" ><\/a><\/div>\r\n                    <\/span>\r\n\r\n                <\/div>\r\n\r\n            <\/div>\r\n\r\n            <span class=\"gallery-item\"><div class=\"hidden\"><a href=\"https:\/\/semmelweis.hu\/patologia1\/files\/2017\/02\/41031-16-ss4.jpg\">\r\n        <img src=https:\/\/semmelweis.hu\/patologia1\/files\/2017\/02\/41031-16-ss4.jpg alt=\"\" class=\"attachment-sote-gallery-big size-sote-gallery-big\" srcset=\"https:\/\/semmelweis.hu\/patologia1\/files\/2017\/02\/41031-16-ss4-300x224.jpg 300w, https:\/\/semmelweis.hu\/patologia1\/files\/2017\/02\/41031-16-ss4-768x574.jpg 768w, https:\/\/semmelweis.hu\/patologia1\/files\/2017\/02\/41031-16-ss4-1024x765.jpg 1024w, https:\/\/semmelweis.hu\/patologia1\/files\/2017\/02\/41031-16-ss4-402x300.jpg 402w, https:\/\/semmelweis.hu\/patologia1\/files\/2017\/02\/41031-16-ss4.jpg 1392w\" >\r\n        <\/a><\/div><\/span><span class=\"gallery-item\"><div class=\"hidden\"><a href=\"https:\/\/semmelweis.hu\/patologia1\/files\/2017\/02\/Pankre\u00e1szCBAtumor_coronal.jpg\">\r\n        <img src=https:\/\/semmelweis.hu\/patologia1\/files\/2017\/02\/Pankre\u00e1szCBAtumor_coronal.jpg alt=\"\" class=\"attachment-sote-gallery-big size-sote-gallery-big\" srcset=\"https:\/\/semmelweis.hu\/patologia1\/files\/2017\/02\/Pankre\u00e1szCBAtumor_coronal-279x300.jpg 279w, https:\/\/semmelweis.hu\/patologia1\/files\/2017\/02\/Pankre\u00e1szCBAtumor_coronal.jpg 553w\" >\r\n        <\/a><\/div><\/span><span class=\"gallery-item\"><div class=\"hidden\"><a href=\"https:\/\/semmelweis.hu\/patologia1\/files\/2017\/02\/lablogosz\u00edn.jpg\">\r\n        <img src=https:\/\/semmelweis.hu\/patologia1\/files\/2017\/02\/lablogosz\u00edn.jpg alt=\"\" class=\"attachment-sote-gallery-big size-sote-gallery-big\" srcset=\"\" >\r\n        <\/a><\/div><\/span>\r\n            <\/div>\r\n\r\n            [\/slb_exclude]\r\n\t\n<p><strong>Laborvezet\u0151:<br \/>\n <\/strong>Dr. med. habil. Zalatnai Attila, PhD, egyetemi docens<br \/>\n (133 tudom\u00e1nyos k\u00f6zlem\u00e9ny, 12 k\u00f6nyvfejezet, 970 cit\u00e1ci\u00f3)<\/p>\n<p><strong>Szakasszisztens:<br \/>\n <\/strong>Kaminszky Zsuzsa<\/p>\n<p><strong>Fontosabb publik\u00e1ci\u00f3k:<\/strong><\/p>\n<p style=\"text-align: justify\"><u>1, Zalatnai,A.<\/u>: Novel therapeutic approaches in the treatment of advanced\u00a0 pancreatic carcinoma. \u00a0Cancer Treatment Rev., 33, 289-298, 2007.\u00a0\u00a0 (IF: 4,37)<\/p>\n<p style=\"text-align: justify\">2, Blastik, M., Plavecz, E., <u>Zalatnai, A.<\/u>:\u00a0 Pancreatic carcinomas in a 60-year, institute-based autopsy material \u00a0with special emphasis of the metastatic pattern. \u00a0Pancreas 40, 478-480, 2011.\u00a0 \u00a0(IF: 2,386)<\/p>\n<p style=\"text-align: justify\"><u>3, Zalatnai, A.<\/u>, Moln\u00e1r, J: \u00a0Effect of SILA-409, a new organosilicon multidrug resistance \u00a0modifier, on human pancreatic cancer xenografts. \u00a0In vivo 20, 137-140, 2006. \u00a0\u00a0\u00a0 \u00a0\u00a0(IF: 1,273)<\/p>\n<p style=\"text-align: justify\">4, Henopp, T., Anlauf, M., Schmitt, A., Schlenger, M., <u>Zalatnai, A.<\/u>, Couvelard, A., Ruszniewski, P., Schaps, D., Jonkers<strong>, <\/strong>Y.M., Speel, E.J.,Pellegata, N., Heitz, P.U.,\u00a0 Komminoth, P., Perren, A., Kl\u00f6ppel, G.: Glucagon cell adenomatosis: a newly recognized disease of the endocrine pancreas. \u00a0J Clin Endocrinol. Metabol. 94, 213-217, 2009. \u00a0\u00a0\u00a0(IF: 5,493)<\/p>\n<p style=\"text-align: justify\">5, A hasny\u00e1lmirigy daganatai (Szerk.: Tulassay Zs., Lapis K., <u>Zalatnai A.<\/u>) \u00a0Medicina, 2014.<\/p>\n<p><strong>\u00a0<\/strong><\/p>\n<p><strong>Kollabor\u00e1ci\u00f3k:<br \/>\n <\/strong>Szegedi Tudom\u00e1nyegyetem, Orvosi Mikrobiol\u00f3giai \u00e9s Immunbiol\u00f3giai Int\u00e9zet,<br \/>\n Faculty of Farmacy, Universidade de Lisboa, Portug\u00e1lia<\/p>\n","protected":false},"excerpt":{"rendered":"<p>Dr. Zalatnai Attila, egyetemi docens A laborat\u00f3rium egyik f\u0151 vizsg\u00e1lati ter\u00fclete a daganatos \u00e9s nem daganatos pancreas betegs\u00e9gek diagnosztik\u00e1ja \u00e9s konzult\u00e1ci\u00f3s v\u00e9lem\u00e9nyez\u00e9se, ami mag\u00e1ba foglalja boncol\u00e1si anyagok, citol\u00f3giai-biopszi\u00e1s mint\u00e1k, seb\u00e9szi resecatumok feldolgoz\u00e1s\u00e1t. K\u00eds\u00e9rletes tev\u00e9kenys\u00e9g\u00fcnk sor\u00e1n sz\u00e1mos hum\u00e1n pancreasr\u00e1k-xenograft-vonalat hoztunk l\u00e9tre immunsuppress\u00e1lt egerekben, melyek potenci\u00e1lis tumorg\u00e1tl\u00f3 szerek praeklinikai tesztel\u00e9s\u00e9re szolg\u00e1lnak. Vizsg\u00e1ltuk a somatostatin-anal\u00f3gok, egyes sejt-szinkroniz\u00e1l\u00f3 szerek &hellip;<\/p>\n","protected":false},"author":101021,"featured_media":0,"parent":42,"menu_order":0,"comment_status":"closed","ping_status":"closed","template":"","meta":{"_acf_changed":false,"footnotes":""},"categories":[],"tags":[],"class_list":["post-2970","page","type-page","status-publish","hentry"],"acf":[],"_links":{"self":[{"href":"https:\/\/semmelweis.hu\/patologia1\/wp-json\/wp\/v2\/pages\/2970","targetHints":{"allow":["GET"]}}],"collection":[{"href":"https:\/\/semmelweis.hu\/patologia1\/wp-json\/wp\/v2\/pages"}],"about":[{"href":"https:\/\/semmelweis.hu\/patologia1\/wp-json\/wp\/v2\/types\/page"}],"author":[{"embeddable":true,"href":"https:\/\/semmelweis.hu\/patologia1\/wp-json\/wp\/v2\/users\/101021"}],"replies":[{"embeddable":true,"href":"https:\/\/semmelweis.hu\/patologia1\/wp-json\/wp\/v2\/comments?post=2970"}],"version-history":[{"count":3,"href":"https:\/\/semmelweis.hu\/patologia1\/wp-json\/wp\/v2\/pages\/2970\/revisions"}],"predecessor-version":[{"id":2982,"href":"https:\/\/semmelweis.hu\/patologia1\/wp-json\/wp\/v2\/pages\/2970\/revisions\/2982"}],"up":[{"embeddable":true,"href":"https:\/\/semmelweis.hu\/patologia1\/wp-json\/wp\/v2\/pages\/42"}],"wp:attachment":[{"href":"https:\/\/semmelweis.hu\/patologia1\/wp-json\/wp\/v2\/media?parent=2970"}],"wp:term":[{"taxonomy":"category","embeddable":true,"href":"https:\/\/semmelweis.hu\/patologia1\/wp-json\/wp\/v2\/categories?post=2970"},{"taxonomy":"post_tag","embeddable":true,"href":"https:\/\/semmelweis.hu\/patologia1\/wp-json\/wp\/v2\/tags?post=2970"}],"curies":[{"name":"wp","href":"https:\/\/api.w.org\/{rel}","templated":true}]}}