{"id":2931,"date":"2015-06-22T00:09:03","date_gmt":"2015-06-21T22:09:03","guid":{"rendered":"http:\/\/semmelweis.hu\/patologia1\/?page_id=2931"},"modified":"2017-02-10T11:14:15","modified_gmt":"2017-02-10T10:14:15","slug":"soft-tissue-cancer-resarch","status":"publish","type":"page","link":"https:\/\/semmelweis.hu\/patologia1\/en\/research\/soft-tissue-cancer-resarch\/","title":{"rendered":"Soft tissue cancer research"},"content":{"rendered":"<p><strong>Head of the laboratory:<\/strong> Professor Dr. S\u00e1pi Zolt\u00e1n, PhD, Dsc.<\/p>\n\r\n        [slb_exclude]\r\n        <div class=\"row galeria-wrapper mx-0 h-auto\">\r\n            <div class=\"col-9 pl-0 pr-2\">\r\n            <span class=\"gallery-item frame\">\r\n\t\t\t\t<div class=\"galeria-left-img\"><a href=\"https:\/\/semmelweis.hu\/patologia1\/files\/2015\/06\/Dora-Mihaly-1.jpg\"><img src=https:\/\/semmelweis.hu\/patologia1\/files\/2015\/06\/Dora-Mihaly-1.jpg  \r\n                            alt=\"D\u00f3ra Mih\u00e1ly\" \r\n                            class=\"attachment-sote-gallery-big size-sote-gallery-big\" \r\n                            srcset=\"https:\/\/semmelweis.hu\/patologia1\/files\/2015\/06\/Dora-Mihaly-1-225x300.jpg 225w, https:\/\/semmelweis.hu\/patologia1\/files\/2015\/06\/Dora-Mihaly-1-768x1024.jpg 768w\" ><\/a><\/div>\r\n            <\/span>\r\n\r\n            <\/div>\r\n\r\n\t\t\t<div class=\"col-3 pl-0 pr-0\">\r\n\t\t\t\t<div class=\"galeria-right-img d-flex justify-content-between flex-column h-100 w-100 px-0 mx-0 \">\r\n                <div class=\"galeria-box\">\r\n\t\t\t\t\t<h3 class=\"galeria-title\">Gal\u00e9ria<\/h3>\r\n\t\t\t\t\t<div class=\"galeria-subtitle\">\r\n\r\n\t\t\t\t\t\t<div class=\"galeria-page-counter\"><span>3<\/span>k\u00e9p<\/div>\r\n                    <\/div> <\/div>\r\n                    <span class=\"gallery-item frame d-none d-md-flex\">\r\n\t\t\t\t\t<div class=\"galeria-small-img mt-0\"><a href=\"https:\/\/semmelweis.hu\/patologia1\/files\/2015\/06\/Gergo-Papp-1-e1486647859393.jpg\"><img src=https:\/\/semmelweis.hu\/patologia1\/files\/2015\/06\/Gergo-Papp-1-e1486647859393.jpg \r\n                                alt=\"Gerg\u0151 Papp\"  \r\n                                class=\"attachment-sote-gallery-small size-sote-gallery-small\" \r\n                                srcset=\"https:\/\/semmelweis.hu\/patologia1\/files\/2015\/06\/Gergo-Papp-1-e1486647859393-169x300.jpg 169w, https:\/\/semmelweis.hu\/patologia1\/files\/2015\/06\/Gergo-Papp-1-e1486647859393-768x1365.jpg 768w, https:\/\/semmelweis.hu\/patologia1\/files\/2015\/06\/Gergo-Papp-1-e1486647859393-576x1024.jpg 576w, https:\/\/semmelweis.hu\/patologia1\/files\/2015\/06\/Gergo-Papp-1-e1486647859393.jpg 1836w\" ><\/a><\/div>\r\n                    <\/span>\r\n                    <span class=\"gallery-item frame d-none d-md-flex\">\r\n\t\t\t\t\t<div class=\"galeria-small-img mt-0\"><a href=\"https:\/\/semmelweis.hu\/patologia1\/files\/2015\/06\/Zoltan-Sapi-1.jpg\"><img src=https:\/\/semmelweis.hu\/patologia1\/files\/2015\/06\/Zoltan-Sapi-1.jpg \r\n                                alt=\"Zolt\u00e1n S\u00e1pi\" \r\n                                class=\"attachment-sote-gallery-small size-sote-gallery-small\" \r\n                                srcset=\"https:\/\/semmelweis.hu\/patologia1\/files\/2015\/06\/Zoltan-Sapi-1-270x300.jpg 270w, https:\/\/semmelweis.hu\/patologia1\/files\/2015\/06\/Zoltan-Sapi-1-768x854.jpg 768w, https:\/\/semmelweis.hu\/patologia1\/files\/2015\/06\/Zoltan-Sapi-1.jpg 847w\" ><\/a><\/div>\r\n                    <\/span>\r\n\r\n                <\/div>\r\n\r\n            <\/div>\r\n\r\n            \r\n            <\/div>\r\n\r\n            [\/slb_exclude]\r\n\t\n<p><strong>Current projects and main results:<\/strong><\/p>\n<p style=\"text-align: justify\">Basically we investigate the genetics and epigenetics of different soft tissue tumors. The research group would like to prove that loss of SMARCB1 expression (also known as INI1)- the main protein subunit of the SWI\/SNF chromatin remodeling complex- was not only caused by biallelic mutation of the gene but also caused by the silencing of the gene expression and mRNA degradation through microRNA molecules. We examine the general and specific silencing effects of microRNA-206 (miR-206) in <em>in situ<\/em> cell cultures using miR-206 permanent transfection. According to our results, miR-206 plays central role in the pathogenesis of SMARCB1 absent sarcomas (epithelioid sarcoma, synovial sarcoma, etc.). Recently we are investigating the pathomechanism of synovial sarcoma using the firstly generated (by us) human SYT-SSX1 cloned mesenchymal cell culture.\u00a0<\/p>\n<p><a href=\"https:\/\/semmelweis.hu\/patologia1\/files\/2015\/06\/SAPI-1.jpg\"><img loading=\"lazy\" decoding=\"async\" class=\"aligncenter wp-image-2948 size-large\" src=\"https:\/\/semmelweis.hu\/patologia1\/files\/2015\/06\/SAPI-1-1024x766.jpg\" width=\"940\" height=\"703\" srcset=\"https:\/\/semmelweis.hu\/patologia1\/files\/2015\/06\/SAPI-1-1024x766.jpg 1024w, https:\/\/semmelweis.hu\/patologia1\/files\/2015\/06\/SAPI-1-300x225.jpg 300w, https:\/\/semmelweis.hu\/patologia1\/files\/2015\/06\/SAPI-1-768x575.jpg 768w, https:\/\/semmelweis.hu\/patologia1\/files\/2015\/06\/SAPI-1-401x300.jpg 401w\" sizes=\"auto, (max-width: 940px) 100vw, 940px\" \/><\/a><\/p>\n<p><strong>Publications:<\/strong><\/p>\n<p style=\"text-align: justify\">1, S\u00e1pi Z, Papp G, Szendr\u0151i M, P\u00e1pai Z, Pl\u00f3t\u00e1r V, Krausz T, Fletcher CD. Epigenetic regulation of SMARCB1 By miR-206, -381 and -671-5p is evident in a variety of SMARCB1 immunonegative soft tissue sarcomas, while miR-765 appears specific for epithelioid sarcoma. A miRNA study of 223 soft tissue sarcomas. Genes Chromosomes Cancer. 2016 Oct;55(10):786-802. doi: 10.1002\/gcc.22379.<\/p>\n<p style=\"text-align: justify\">2, Papp G, Krausz T, Stricker TP, Szendr\u0151i M, S\u00e1pi Z. SMARCB1 expression in epithelioid sarcoma is regulated by miR-206, miR-381, and miR-671-5p on Both mRNA and protein levels. Genes Chromosomes Cancer. 2014, 53: 168-76.<\/p>\n<p style=\"text-align: justify\">3, Papp G, Changchien YC, P\u00e9terfia B, Pecsenka L, Krausz T, Stricker TP, Khoor A, Donner L, S\u00e1pi Z. SMARCB1 protein and mRNA loss is not caused by promoter and histone hypermethylation in epithelioid sarcoma. Mod Pathol. 2013, 26: 393-403.<\/p>\n<p style=\"text-align: justify\">4, Changchien YC, T\u00e1trai P, Papp G, S\u00e1pi J, F\u00f3nyad L, Szendr\u0151i M, P\u00e1pai Z, S\u00e1pi Z. Poorly differentiated synovial sarcoma is associated with high expression of enhancer of zeste homologue 2 (EZH2). J Transl Med. 2012, 10: 216.<\/p>\n<p style=\"text-align: justify\">\u00a0<\/p>\n<p><strong>Members of the laboratory:<\/strong><\/p>\n<p>Dr. S\u00e1pi Zolt\u00e1n, professor<br \/>\n Dr. Papp Gerg\u0151, research fellow<br \/>\n Dr. Mih\u00e1ly D\u00f3ra, PhD student<br \/>\n Polg\u00e1r Zolt\u00e1nn\u00e9, laboratory assistant<\/p>\n","protected":false},"excerpt":{"rendered":"<p>Head of the laboratory: Professor Dr. S\u00e1pi Zolt\u00e1n, PhD, Dsc. Current projects and main results: Basically we investigate the genetics and epigenetics of different soft tissue tumors. The research group would like to prove that loss of SMARCB1 expression (also known as INI1)- the main protein subunit of the SWI\/SNF chromatin remodeling complex- was not &hellip;<\/p>\n","protected":false},"author":101021,"featured_media":0,"parent":228,"menu_order":0,"comment_status":"open","ping_status":"open","template":"","meta":{"_acf_changed":false,"footnotes":""},"categories":[],"tags":[],"class_list":["post-2931","page","type-page","status-publish","hentry"],"acf":[],"_links":{"self":[{"href":"https:\/\/semmelweis.hu\/patologia1\/wp-json\/wp\/v2\/pages\/2931","targetHints":{"allow":["GET"]}}],"collection":[{"href":"https:\/\/semmelweis.hu\/patologia1\/wp-json\/wp\/v2\/pages"}],"about":[{"href":"https:\/\/semmelweis.hu\/patologia1\/wp-json\/wp\/v2\/types\/page"}],"author":[{"embeddable":true,"href":"https:\/\/semmelweis.hu\/patologia1\/wp-json\/wp\/v2\/users\/101021"}],"replies":[{"embeddable":true,"href":"https:\/\/semmelweis.hu\/patologia1\/wp-json\/wp\/v2\/comments?post=2931"}],"version-history":[{"count":6,"href":"https:\/\/semmelweis.hu\/patologia1\/wp-json\/wp\/v2\/pages\/2931\/revisions"}],"predecessor-version":[{"id":2950,"href":"https:\/\/semmelweis.hu\/patologia1\/wp-json\/wp\/v2\/pages\/2931\/revisions\/2950"}],"up":[{"embeddable":true,"href":"https:\/\/semmelweis.hu\/patologia1\/wp-json\/wp\/v2\/pages\/228"}],"wp:attachment":[{"href":"https:\/\/semmelweis.hu\/patologia1\/wp-json\/wp\/v2\/media?parent=2931"}],"wp:term":[{"taxonomy":"category","embeddable":true,"href":"https:\/\/semmelweis.hu\/patologia1\/wp-json\/wp\/v2\/categories?post=2931"},{"taxonomy":"post_tag","embeddable":true,"href":"https:\/\/semmelweis.hu\/patologia1\/wp-json\/wp\/v2\/tags?post=2931"}],"curies":[{"name":"wp","href":"https:\/\/api.w.org\/{rel}","templated":true}]}}

<p><strong>Head of the laboratory:</strong> Professor Dr. Sápi Zoltán, PhD, Dsc.</p>

        [slb_exclude]
        <div class="row galeria-wrapper mx-0 h-auto">
            <div class="col-9 pl-0 pr-2">
            <span class="gallery-item frame">
				<div class="galeria-left-img"><a href="https://semmelweis.hu/patologia1/files/2015/06/Dora-Mihaly-1.jpg"><img src=https://semmelweis.hu/patologia1/files/2015/06/Dora-Mihaly-1.jpg  
                            alt="Dóra Mihály" 
                            class="attachment-sote-gallery-big size-sote-gallery-big" 
                            srcset="https://semmelweis.hu/patologia1/files/2015/06/Dora-Mihaly-1-225x300.jpg 225w, https://semmelweis.hu/patologia1/files/2015/06/Dora-Mihaly-1-768x1024.jpg 768w" ></a></div>
            </span>

            </div>

			<div class="col-3 pl-0 pr-0">
				<div class="galeria-right-img d-flex justify-content-between flex-column h-100 w-100 px-0 mx-0 ">
                <div class="galeria-box">
					<h3 class="galeria-title">Galéria</h3>
					<div class="galeria-subtitle">

						<div class="galeria-page-counter"><span>3</span>kép</div>
                    </div> </div>
                    <span class="gallery-item frame d-none d-md-flex">
					<div class="galeria-small-img mt-0"><a href="https://semmelweis.hu/patologia1/files/2015/06/Gergo-Papp-1-e1486647859393.jpg"><img src=https://semmelweis.hu/patologia1/files/2015/06/Gergo-Papp-1-e1486647859393.jpg 
                                alt="Gergő Papp"  
                                class="attachment-sote-gallery-small size-sote-gallery-small" 
                                srcset="https://semmelweis.hu/patologia1/files/2015/06/Gergo-Papp-1-e1486647859393-169x300.jpg 169w, https://semmelweis.hu/patologia1/files/2015/06/Gergo-Papp-1-e1486647859393-768x1365.jpg 768w, https://semmelweis.hu/patologia1/files/2015/06/Gergo-Papp-1-e1486647859393-576x1024.jpg 576w, https://semmelweis.hu/patologia1/files/2015/06/Gergo-Papp-1-e1486647859393.jpg 1836w" ></a></div>
                    </span>
                    <span class="gallery-item frame d-none d-md-flex">
					<div class="galeria-small-img mt-0"><a href="https://semmelweis.hu/patologia1/files/2015/06/Zoltan-Sapi-1.jpg"><img src=https://semmelweis.hu/patologia1/files/2015/06/Zoltan-Sapi-1.jpg 
                                alt="Zoltán Sápi" 
                                class="attachment-sote-gallery-small size-sote-gallery-small" 
                                srcset="https://semmelweis.hu/patologia1/files/2015/06/Zoltan-Sapi-1-270x300.jpg 270w, https://semmelweis.hu/patologia1/files/2015/06/Zoltan-Sapi-1-768x854.jpg 768w, https://semmelweis.hu/patologia1/files/2015/06/Zoltan-Sapi-1.jpg 847w" ></a></div>
                    </span>

                </div>

            </div>

            
            </div>

            [/slb_exclude]
	
<p><strong>Current projects and main results:</strong></p>
<p style="text-align: justify">Basically we investigate the genetics and epigenetics of different soft tissue tumors. The research group would like to prove that loss of SMARCB1 expression (also known as INI1)- the main protein subunit of the SWI/SNF chromatin remodeling complex- was not only caused by biallelic mutation of the gene but also caused by the silencing of the gene expression and mRNA degradation through microRNA molecules. We examine the general and specific silencing effects of microRNA-206 (miR-206) in <em>in situ</em> cell cultures using miR-206 permanent transfection. According to our results, miR-206 plays central role in the pathogenesis of SMARCB1 absent sarcomas (epithelioid sarcoma, synovial sarcoma, etc.). Recently we are investigating the pathomechanism of synovial sarcoma using the firstly generated (by us) human SYT-SSX1 cloned mesenchymal cell culture. </p>
<p><a href="https://semmelweis.hu/patologia1/files/2015/06/SAPI-1.jpg"><img loading="lazy" decoding="async" class="aligncenter wp-image-2948 size-large" src="https://semmelweis.hu/patologia1/files/2015/06/SAPI-1-1024x766.jpg" width="940" height="703" srcset="https://semmelweis.hu/patologia1/files/2015/06/SAPI-1-1024x766.jpg 1024w, https://semmelweis.hu/patologia1/files/2015/06/SAPI-1-300x225.jpg 300w, https://semmelweis.hu/patologia1/files/2015/06/SAPI-1-768x575.jpg 768w, https://semmelweis.hu/patologia1/files/2015/06/SAPI-1-401x300.jpg 401w" sizes="auto, (max-width: 940px) 100vw, 940px" /></a></p>
<p><strong>Publications:</strong></p>
<p style="text-align: justify">1, Sápi Z, Papp G, Szendrői M, Pápai Z, Plótár V, Krausz T, Fletcher CD. Epigenetic regulation of SMARCB1 By miR-206, -381 and -671-5p is evident in a variety of SMARCB1 immunonegative soft tissue sarcomas, while miR-765 appears specific for epithelioid sarcoma. A miRNA study of 223 soft tissue sarcomas. Genes Chromosomes Cancer. 2016 Oct;55(10):786-802. doi: 10.1002/gcc.22379.</p>
<p style="text-align: justify">2, Papp G, Krausz T, Stricker TP, Szendrői M, Sápi Z. SMARCB1 expression in epithelioid sarcoma is regulated by miR-206, miR-381, and miR-671-5p on Both mRNA and protein levels. Genes Chromosomes Cancer. 2014, 53: 168-76.</p>
<p style="text-align: justify">3, Papp G, Changchien YC, Péterfia B, Pecsenka L, Krausz T, Stricker TP, Khoor A, Donner L, Sápi Z. SMARCB1 protein and mRNA loss is not caused by promoter and histone hypermethylation in epithelioid sarcoma. Mod Pathol. 2013, 26: 393-403.</p>
<p style="text-align: justify">4, Changchien YC, Tátrai P, Papp G, Sápi J, Fónyad L, Szendrői M, Pápai Z, Sápi Z. Poorly differentiated synovial sarcoma is associated with high expression of enhancer of zeste homologue 2 (EZH2). J Transl Med. 2012, 10: 216.</p>
<p style="text-align: justify"> </p>
<p><strong>Members of the laboratory:</strong></p>
<p>Dr. Sápi Zoltán, professor<br />
 Dr. Papp Gergő, research fellow<br />
 Dr. Mihály Dóra, PhD student<br />
 Polgár Zoltánné, laboratory assistant</p>

<p>Head of the laboratory: Professor Dr. Sápi Zoltán, PhD, Dsc. Current projects and main results: Basically we investigate the genetics and epigenetics of different soft tissue tumors. The research group would like to prove that loss of SMARCB1 expression (also known as INI1)- the main protein subunit of the SWI/SNF chromatin remodeling complex- was not &hellip;</p>
