{"id":2713,"date":"2017-01-23T17:01:58","date_gmt":"2017-01-23T16:01:58","guid":{"rendered":"http:\/\/semmelweis.hu\/patologia1\/?page_id=2713"},"modified":"2017-02-26T11:17:33","modified_gmt":"2017-02-26T10:17:33","slug":"extracellular-matrix-research","status":"publish","type":"page","link":"https:\/\/semmelweis.hu\/patologia1\/en\/research\/extracellular-matrix-research\/","title":{"rendered":"Extracellular Matrix Research"},"content":{"rendered":"<p><a href=\"http:\/\/scholar.semmelweis.hu\/kovalszky\/elerhetoseg\/\">Dr. Ilona Kovalszky<\/a> and <a href=\"http:\/\/scholar.semmelweis.hu\/baghyk\/elerhetoseg\/\">Dr. Korn\u00e9lia Baghy<\/a><\/p>\n<p><strong>Research projects and results <\/strong><\/p>\n<p style=\"text-align: justify\">Results gathered in the last decade clearly proved that tumor stroma actively participates in the proliferation and invasion of cancer. These results profoundly changed our understanding about the principles of cancer. This implies that for successful treatment of tumors not only cancer cells but also stromal components have to be targeted. \u00a0 \u00a0 \u00a0 \u00a0 \u00a0 \u00a0 \u00a0 \u00a0 \u00a0 \u00a0 \u00a0 \u00a0 \u00a0 \u00a0 Extracellular matrix and particularly liver proteoglycans are in the focus in our research for 25 years. Changes of syndecan1, agrin, and decorin expression in experimental and human liver cirrhosis and cancer have been studied. This was followed by in vitro analyses of proteoglycan transfected hepatomas, and transgenic mouse models, Our results demonstrated the protective role of decorin against liver cirrhosis and cancer, the diagnostic potential of agrin in human liver cancer, and the potential role of heparan sulfate and syndecan1 in the regulation of nuclear functions. Recently we started to study the events of hepatoma and\u00a0 tumor associated fibroblasts interactions, including the role of proteoglycans. We hope that the better understanding of the tumor-microenvironment interactions provide new approaches for the better management of cancer.<\/p>\n<p><a href=\"https:\/\/semmelweis.hu\/patologia1\/files\/2017\/01\/koval-rsults1.png\"><img loading=\"lazy\" decoding=\"async\" class=\"size-medium wp-image-2718 alignleft\" src=\"https:\/\/semmelweis.hu\/patologia1\/files\/2017\/01\/koval-rsults1-300x219.png\" alt=\"\" width=\"300\" height=\"219\" \/><\/a>\u00a0<\/p>\n<p style=\"text-align: justify\">Cancer cells surrounded by myofibroblasts PRed: vimentin (myofibroblast); green: citokeratin (tumor cells); blue: DAPI (nucleus).<\/p>\n<p>&nbsp;<\/p>\n<p>&nbsp;<\/p>\n<p><a href=\"https:\/\/semmelweis.hu\/patologia1\/files\/2017\/01\/koval-rsults2.png\"><img loading=\"lazy\" decoding=\"async\" class=\"size-medium wp-image-2719 alignleft\" src=\"https:\/\/semmelweis.hu\/patologia1\/files\/2017\/01\/koval-rsults2-300x196.png\" alt=\"\" width=\"300\" height=\"196\" \/><\/a><\/p>\n<p>&nbsp;<\/p>\n<p style=\"text-align: justify\">Agrin immunostaining recognizes HCC (T) in cirrhotic liver. (NT: non tumorous liver tissue). Left: hematoxilin-eozin staining,\u00a0 Right: agrin immunostaining.<\/p>\n<p>&nbsp;<\/p>\n<p>&nbsp;<\/p>\n<p><a href=\"https:\/\/semmelweis.hu\/patologia1\/files\/2017\/01\/Koval_results.png\"><img loading=\"lazy\" decoding=\"async\" class=\"size-medium wp-image-2717 alignleft\" src=\"https:\/\/semmelweis.hu\/patologia1\/files\/2017\/01\/Koval_results-300x139.png\" alt=\"\" width=\"300\" height=\"139\" srcset=\"https:\/\/semmelweis.hu\/patologia1\/files\/2017\/01\/Koval_results-300x139.png 300w, https:\/\/semmelweis.hu\/patologia1\/files\/2017\/01\/Koval_results.png 478w\" sizes=\"auto, (max-width: 300px) 100vw, 300px\" \/><\/a><\/p>\n<p style=\"text-align: justify\">Decorin hydrodinamic gene transfer. Note hepatocytes surrounding the central veins. Decorin from the construct, driven by albumin promoter, fills up the cytoplasm of hepatocytes.<\/p>\n<p>&nbsp;<\/p>\n<p>&nbsp;<\/p>\n<p><strong>Publications:<\/strong><\/p>\n<p style=\"text-align: justify\">Baghy K, T\u00e1trai P, Reg\u00f6s E, <u>Kovalszky I. <\/u>Proteoglycans in liver cancer. WORLD JOURNAL OF GASTROENTEROLOGY 22:(1) pp. 379-393. (2016)<\/p>\n<p style=\"text-align: justify\">Full\u00e1r A, Dud\u00e1s J, Ol\u00e1h L-n\u00e9, Holl\u00f3si P, Papp Z, Sobel G, Kar\u00e1szi K, Paku S, Baghy K, Kovalszky I. <em>Remodeling of extracellular matrix by normal and tumor-associated fibroblasts promotes cervical cancer progression<\/em>. BMC CANCER 15(1):256. (2015)<\/p>\n<p style=\"text-align: justify\">Horvath Z, Kovalszky I, Fullar A, Kiss K, Schaff Z, Iozzo RV, Baghy K. <em>Decorin deficiency promotes hepatic carcinogenesis<\/em>. MATRIX BIOLOGY 35: pp. 194-205. (2014)<\/p>\n<p style=\"text-align: justify\">Fullar A, Baghy K, Deak F, Peterfia B, Zsak Y, Tatrai P, Schaff Z, Dudas J, Kiss I, Kovalszky I. <em>Lack of Matrilin-2 Favors Liver Tumor Development via Erk1\/2 and GSK-3 beta Pathways In Vivo<\/em>. PLOS ONE 9:(4) Paper e93469. 11 p. (2014)<\/p>\n<p style=\"text-align: justify\">Baghy K, Horvath Z, Regos E, Kiss K, Schaff Z, Iozzo RV, Kovalszky I. <em>Decorin interferes with platelet-derived growth factor receptor signaling in experimental hepatocarcinogenesis<\/em>. FEBS JOURNAL 280:(10) pp. 2150-2164. (2013)<\/p>\n<p style=\"text-align: justify\">P\u00e9terfia B, F\u00fcle T, Baghy K, Szabadkai K, Full\u00e1r A, Dobos K, Zong F, Dobra K, Holl\u00f3si P, Jeney A, Paku S, Kovalszky I. <em>Syndecan-1 Enhances Proliferation, Migration and Metastasis of HT-1080 Cells in Cooperation with Syndecan-2<\/em>. PLOS ONE 7:(6) Paper e39474. 13 p. (2012)<\/p>\n<p>&nbsp;<\/p>\n<p><strong>Members of the group:<br \/>\n <\/strong>Prof. Ilona Kovalszky, MD,PhD,DSc<br \/>\n Dr. Korn\u00e9lia Baghy PhD<br \/>\n Zsolt Horv\u00e1th, biologist<br \/>\n Dr. Eszter Reg\u0151s, resident<br \/>\n Kar\u00e1szi Katalin PhD student<br \/>\n Dr. Zsolt Mervai, PhD student<br \/>\n Krist\u00f3f Rada, PhD student<br \/>\n Andrea Reszegi PhD student<br \/>\n Szabolcs Bozs\u00e1nyi, medical student<\/p>\n<p style=\"text-align: justify\"><strong>Collaborations:<br \/>\n <\/strong>Professor Renato Iozzo,\u00a0Thomas Jefferson University, Philadelphia, USA<br \/>\n Professor Nikos Karamanos,\u00a0University of Patras, Greece<br \/>\n Professor Martin G\u00f6tte,\u00a0University of M\u00fcnster, Germany<br \/>\n Professor Alberto Passi, Insubria University, Italy<\/p>\n","protected":false},"excerpt":{"rendered":"<p><a href=\"http:\/\/scholar.semmelweis.hu\/kovalszky\/elerhetoseg\/\">Dr. Ilona Kovalszky<\/a> and <a href=\"http:\/\/scholar.semmelweis.hu\/baghyk\/elerhetoseg\/\">Dr. Korn\u00e9lia Baghy<\/a> Research projects and results Results gathered in the last decade clearly proved that tumor stroma actively participates in the proliferation and invasion of cancer. These results profoundly changed our understanding about the principles of cancer. This implies that for successful treatment of tumors not only cancer cells but also stromal components have to be &hellip;<\/p>\n","protected":false},"author":101021,"featured_media":0,"parent":228,"menu_order":0,"comment_status":"open","ping_status":"open","template":"","meta":{"_acf_changed":false,"footnotes":""},"categories":[],"tags":[],"class_list":["post-2713","page","type-page","status-publish","hentry"],"acf":[],"_links":{"self":[{"href":"https:\/\/semmelweis.hu\/patologia1\/wp-json\/wp\/v2\/pages\/2713","targetHints":{"allow":["GET"]}}],"collection":[{"href":"https:\/\/semmelweis.hu\/patologia1\/wp-json\/wp\/v2\/pages"}],"about":[{"href":"https:\/\/semmelweis.hu\/patologia1\/wp-json\/wp\/v2\/types\/page"}],"author":[{"embeddable":true,"href":"https:\/\/semmelweis.hu\/patologia1\/wp-json\/wp\/v2\/users\/101021"}],"replies":[{"embeddable":true,"href":"https:\/\/semmelweis.hu\/patologia1\/wp-json\/wp\/v2\/comments?post=2713"}],"version-history":[{"count":9,"href":"https:\/\/semmelweis.hu\/patologia1\/wp-json\/wp\/v2\/pages\/2713\/revisions"}],"predecessor-version":[{"id":3035,"href":"https:\/\/semmelweis.hu\/patologia1\/wp-json\/wp\/v2\/pages\/2713\/revisions\/3035"}],"up":[{"embeddable":true,"href":"https:\/\/semmelweis.hu\/patologia1\/wp-json\/wp\/v2\/pages\/228"}],"wp:attachment":[{"href":"https:\/\/semmelweis.hu\/patologia1\/wp-json\/wp\/v2\/media?parent=2713"}],"wp:term":[{"taxonomy":"category","embeddable":true,"href":"https:\/\/semmelweis.hu\/patologia1\/wp-json\/wp\/v2\/categories?post=2713"},{"taxonomy":"post_tag","embeddable":true,"href":"https:\/\/semmelweis.hu\/patologia1\/wp-json\/wp\/v2\/tags?post=2713"}],"curies":[{"name":"wp","href":"https:\/\/api.w.org\/{rel}","templated":true}]}}