{"id":1498,"date":"2015-08-28T22:49:42","date_gmt":"2015-08-28T20:49:42","guid":{"rendered":"http:\/\/semmelweis.hu\/patologia1\/?page_id=1498"},"modified":"2015-09-16T15:05:51","modified_gmt":"2015-09-16T13:05:51","slug":"phd-hallgatok","status":"publish","type":"page","link":"https:\/\/semmelweis.hu\/patologia1\/bemutatkozas\/munkatarsak\/phd-hallgatok\/","title":{"rendered":"PhD hallgat\u00f3k"},"content":{"rendered":"\n<table id=\"tablepress-56\" class=\"tablepress tablepress-id-56\">\n<thead>\n<tr class=\"row-1\">\n\t<th class=\"column-1\">N\u00e9v<\/th><th class=\"column-2\">Beoszt\u00e1s<\/th><th class=\"column-3\">Mell\u00e9k<\/th><th class=\"column-4\">E-mail c\u00edm<\/th>\n<\/tr>\n<\/thead>\n<tbody class=\"row-striping row-hover\">\n<tr class=\"row-2\">\n\t<td class=\"column-1\">Dr. Bek\u0151 Anna<\/td><td class=\"column-2\">PhD hallgat\u00f3<\/td><td class=\"column-3\">54473<\/td><td class=\"column-4\">beko.anna@stud.semmelweis.hu<\/td>\n<\/tr>\n<tr class=\"row-3\">\n\t<td class=\"column-1\">Czeti \u00c1gnes<\/td><td class=\"column-2\">PhD hallgat\u00f3<\/td><td class=\"column-3\">54421<\/td><td class=\"column-4\">czeti.agnes@phd.semmelweis.hu<\/td>\n<\/tr>\n<tr class=\"row-4\">\n\t<td class=\"column-1\">Hunyadi Anna<\/td><td class=\"column-2\">PhD hallgat\u00f3<\/td><td class=\"column-3\">54421<\/td><td class=\"column-4\">hunyadi.anna@stud.semmelweis.hu<\/td>\n<\/tr>\n<tr class=\"row-5\">\n\t<td class=\"column-1\">Kardos Bal\u00e1zs<\/td><td class=\"column-2\">PhD hallgat\u00f3<\/td><td class=\"column-3\">54473<\/td><td class=\"column-4\">kardos.balazs@phd.semmelweis.hu<br \/>\n<\/td>\n<\/tr>\n<tr class=\"row-6\">\n\t<td class=\"column-1\">Dr. L\u00e1sz\u00f3 Tam\u00e1s<\/td><td class=\"column-2\">PhD hallgat\u00f3<\/td><td class=\"column-3\">54473<\/td><td class=\"column-4\">laszlo.tamas@stud.semmelweis.hu<\/td>\n<\/tr>\n<tr class=\"row-7\">\n\t<td class=\"column-1\">Moldvai Dorottya<\/td><td class=\"column-2\">PhD hallgat\u00f3<\/td><td class=\"column-3\">54430<\/td><td class=\"column-4\">moldvai.dorottya@gmail.com<\/td>\n<\/tr>\n<tr class=\"row-8\">\n\t<td class=\"column-1\">Dr. Nagy Anna<\/td><td class=\"column-2\">PhD hallgat\u00f3<\/td><td class=\"column-3\">54440, 54432<\/td><td class=\"column-4\"><\/td>\n<\/tr>\n<tr class=\"row-9\">\n\t<td class=\"column-1\">Risa Miyaura<\/td><td class=\"column-2\">PhD hallgat\u00f3<\/td><td class=\"column-3\">54430<\/td><td class=\"column-4\">risa.miyaura@stud.semmelweis.hu<\/td>\n<\/tr>\n<tr class=\"row-10\">\n\t<td class=\"column-1\">Szakad\u00e1ti Helga<\/td><td class=\"column-2\">PhD hallgat\u00f3<\/td><td class=\"column-3\">54463<\/td><td class=\"column-4\">szakadati.helga@phd.semmelweis.hu<\/td>\n<\/tr>\n<tr class=\"row-11\">\n\t<td class=\"column-1\">Szalai Fatime<\/td><td class=\"column-2\">PhD hallgat\u00f3<\/td><td class=\"column-3\">54447<\/td><td class=\"column-4\">szalai.fatime@stud.semmelweis.hu<\/td>\n<\/tr>\n<tr class=\"row-12\">\n\t<td class=\"column-1\">Dr. Szepesi Gabriella<\/td><td class=\"column-2\">PhD hallgat\u00f3<\/td><td class=\"column-3\">54473<\/td><td class=\"column-4\">szepesi.gabriella@stud.semmelweis.hu<\/td>\n<\/tr>\n<tr class=\"row-13\">\n\t<td class=\"column-1\">Dr. Sz\u0151ke P\u00e9ter<\/td><td class=\"column-2\">PhD hallgat\u00f3<\/td><td class=\"column-3\">54435<\/td><td class=\"column-4\"><\/td>\n<\/tr>\n<tr class=\"row-14\">\n\t<td class=\"column-1\">Dr. Varga Vikt\u00f3ria<\/td><td class=\"column-2\">PhD hallgat\u00f3<\/td><td class=\"column-3\">54430<\/td><td class=\"column-4\">varga.viktoria@phd.semmelweis.hu<\/td>\n<\/tr>\n<tr class=\"row-15\">\n\t<td class=\"column-1\">Varga Luca<\/td><td class=\"column-2\">PhD hallgat\u00f3<\/td><td class=\"column-3\">54473<\/td><td class=\"column-4\">varga.luca@phd.semmelweis.hu<br \/>\n<\/td>\n<\/tr>\n<tr class=\"row-16\">\n\t<td class=\"column-1\">Dr. V\u00e1ncza Lor\u00e1nd<br \/>\n<\/td><td class=\"column-2\">PhD hallgat\u00f3<\/td><td class=\"column-3\">54428<\/td><td class=\"column-4\">vancza_lorand@yahoo.com<br \/>\n<\/td>\n<\/tr>\n<tr class=\"row-17\">\n\t<td class=\"column-1\">Vekerdi J\u00f3zsef<\/td><td class=\"column-2\">PhD hallgat\u00f3<\/td><td class=\"column-3\"><\/td><td class=\"column-4\">vekerdi.jozsef@phd.semmelweis.hu<\/td>\n<\/tr>\n<tr class=\"row-18\">\n\t<td class=\"column-1\">Dr. Vetl\u00e9nyi Enik\u0151<\/td><td class=\"column-2\">PhD hallgat\u00f3<\/td><td class=\"column-3\"><\/td><td class=\"column-4\"><\/td>\n<\/tr>\n<\/tbody>\n<\/table>\n<!-- #tablepress-56 from cache -->\n","protected":false},"excerpt":{"rendered":"","protected":false},"author":54,"featured_media":0,"parent":36,"menu_order":3,"comment_status":"closed","ping_status":"closed","template":"","meta":{"_acf_changed":false,"footnotes":""},"categories":[],"tags":[],"class_list":["post-1498","page","type-page","status-publish","hentry"],"acf":[],"_links":{"self":[{"href":"https:\/\/semmelweis.hu\/patologia1\/wp-json\/wp\/v2\/pages\/1498","targetHints":{"allow":["GET"]}}],"collection":[{"href":"https:\/\/semmelweis.hu\/patologia1\/wp-json\/wp\/v2\/pages"}],"about":[{"href":"https:\/\/semmelweis.hu\/patologia1\/wp-json\/wp\/v2\/types\/page"}],"author":[{"embeddable":true,"href":"https:\/\/semmelweis.hu\/patologia1\/wp-json\/wp\/v2\/users\/54"}],"replies":[{"embeddable":true,"href":"https:\/\/semmelweis.hu\/patologia1\/wp-json\/wp\/v2\/comments?post=1498"}],"version-history":[{"count":4,"href":"https:\/\/semmelweis.hu\/patologia1\/wp-json\/wp\/v2\/pages\/1498\/revisions"}],"predecessor-version":[{"id":1729,"href":"https:\/\/semmelweis.hu\/patologia1\/wp-json\/wp\/v2\/pages\/1498\/revisions\/1729"}],"up":[{"embeddable":true,"href":"https:\/\/semmelweis.hu\/patologia1\/wp-json\/wp\/v2\/pages\/36"}],"wp:attachment":[{"href":"https:\/\/semmelweis.hu\/patologia1\/wp-json\/wp\/v2\/media?parent=1498"}],"wp:term":[{"taxonomy":"category","embeddable":true,"href":"https:\/\/semmelweis.hu\/patologia1\/wp-json\/wp\/v2\/categories?post=1498"},{"taxonomy":"post_tag","embeddable":true,"href":"https:\/\/semmelweis.hu\/patologia1\/wp-json\/wp\/v2\/tags?post=1498"}],"curies":[{"name":"wp","href":"https:\/\/api.w.org\/{rel}","templated":true}]}}