{"id":1496,"date":"2015-08-28T22:50:43","date_gmt":"2015-08-28T20:50:43","guid":{"rendered":"http:\/\/semmelweis.hu\/patologia1\/?page_id=1496"},"modified":"2020-08-08T18:14:35","modified_gmt":"2020-08-08T16:14:35","slug":"asszisztensek-adminisztratorok-2","status":"publish","type":"page","link":"https:\/\/semmelweis.hu\/patologia1\/bemutatkozas\/munkatarsak\/asszisztensek-adminisztratorok-2\/","title":{"rendered":"Asszisztensek, Adminisztr\u00e1torok"},"content":{"rendered":"\n<table id=\"tablepress-101\" class=\"tablepress tablepress-id-101\">\n<thead>\n<tr class=\"row-1\">\n\t<td class=\"column-1\"><\/td><td class=\"column-2\"><\/td><td class=\"column-3\"><\/td><td class=\"column-4\"><\/td>\n<\/tr>\n<\/thead>\n<tbody class=\"row-striping row-hover\">\n<tr class=\"row-2\">\n\t<td class=\"column-1\">N\u00e9v<\/td><td class=\"column-2\"><\/td><td class=\"column-3\">Mell\u00e9k<\/td><td class=\"column-4\">E-mail c\u00edm<\/td>\n<\/tr>\n<tr class=\"row-3\">\n\t<td class=\"column-1\">Adamecz Krisztina<\/td><td class=\"column-2\">szakasszisztens<\/td><td class=\"column-3\">54417<\/td><td class=\"column-4\"><\/td>\n<\/tr>\n<tr class=\"row-4\">\n\t<td class=\"column-1\">Antal Regina <\/td><td class=\"column-2\">munka\u00fcgyi szak\u00fcgyi szak\u00e9rt\u0151<\/td><td class=\"column-3\">54434<\/td><td class=\"column-4\">antal.regina@semmelweis.hu<\/td>\n<\/tr>\n<tr class=\"row-5\">\n\t<td class=\"column-1\">Bartal Andrea<\/td><td class=\"column-2\">szem\u00e9lyi asszisztens \/ projektmenedzser<\/td><td class=\"column-3\">5455<\/td><td class=\"column-4\">bartal.andrea@semmelweis.hu<\/td>\n<\/tr>\n<tr class=\"row-6\">\n\t<td class=\"column-1\">B\u00edr\u00f3 Attil\u00e1n\u00e9<\/td><td class=\"column-2\">orvos\u00edrnok<\/td><td class=\"column-3\">54472<\/td><td class=\"column-4\"><\/td>\n<\/tr>\n<tr class=\"row-7\">\n\t<td class=\"column-1\">B\u00f3ha \u00c9va<\/td><td class=\"column-2\">analitikus<\/td><td class=\"column-3\">54452<\/td><td class=\"column-4\"><\/td>\n<\/tr>\n<tr class=\"row-8\">\n\t<td class=\"column-1\">Cs\u00e1sz\u00e1r Krisztina<\/td><td class=\"column-2\">szakasszisztens<\/td><td class=\"column-3\">54426<\/td><td class=\"column-4\"><\/td>\n<\/tr>\n<tr class=\"row-9\">\n\t<td class=\"column-1\">Csel\u00e9nyi Be\u00e1ta<\/td><td class=\"column-2\">orvos\u00edrnok<\/td><td class=\"column-3\">54472<\/td><td class=\"column-4\"><\/td>\n<\/tr>\n<tr class=\"row-10\">\n\t<td class=\"column-1\">Cserneky M\u00e1ria<\/td><td class=\"column-2\">rendszergazda<\/td><td class=\"column-3\">54424, 20-825-0288<\/td><td class=\"column-4\">cserneky.maria@semmelweis.hu<\/td>\n<\/tr>\n<tr class=\"row-11\">\n\t<td class=\"column-1\">Csernus-Horv\u00e1th Dorottya<\/td><td class=\"column-2\">analitikus, biol\u00f3gus MSc<\/td><td class=\"column-3\">54417<\/td><td class=\"column-4\">csernus.dorottya@semmelweis.hu<\/td>\n<\/tr>\n<tr class=\"row-12\">\n\t<td class=\"column-1\">Csontos Krisztina<\/td><td class=\"column-2\">szakasszisztens<\/td><td class=\"column-3\">54417<\/td><td class=\"column-4\"><\/td>\n<\/tr>\n<tr class=\"row-13\">\n\t<td class=\"column-1\">Dienesn\u00e9 N\u00e9meth M\u00e1ria<\/td><td class=\"column-2\">orvos\u00edrnok<\/td><td class=\"column-3\">54472<\/td><td class=\"column-4\"><\/td>\n<\/tr>\n<tr class=\"row-14\">\n\t<td class=\"column-1\">Divinyi-Szab\u00f3 Szilvia<\/td><td class=\"column-2\">irodavezet\u0151<\/td><td class=\"column-3\">54459<\/td><td class=\"column-4\">szabo.szilvia2@semmelweis.hu<\/td>\n<\/tr>\n<tr class=\"row-15\">\n\t<td class=\"column-1\">Domak Adrienn<br \/>\n<\/td><td class=\"column-2\">seg\u00e9dasszisztens<\/td><td class=\"column-3\">54417<\/td><td class=\"column-4\"><\/td>\n<\/tr>\n<tr class=\"row-16\">\n\t<td class=\"column-1\">Egedi Krisztina<\/td><td class=\"column-2\">laborat\u00f3riumi anal\u00edtikus<\/td><td class=\"column-3\">54426<\/td><td class=\"column-4\"><\/td>\n<\/tr>\n<tr class=\"row-17\">\n\t<td class=\"column-1\">F\u00e1bi\u00e1n Luca<\/td><td class=\"column-2\">analitikus<br \/>\n<\/td><td class=\"column-3\">54417<\/td><td class=\"column-4\"><\/td>\n<\/tr>\n<tr class=\"row-18\">\n\t<td class=\"column-1\">Farkas Katalin<\/td><td class=\"column-2\">seg\u00e9dasszisztens<br \/>\n<\/td><td class=\"column-3\">54417<\/td><td class=\"column-4\"><\/td>\n<\/tr>\n<tr class=\"row-19\">\n\t<td class=\"column-1\">Fekete Ren\u00e1ta<\/td><td class=\"column-2\">szakasszisztens<br \/>\n<\/td><td class=\"column-3\">54417<\/td><td class=\"column-4\"><\/td>\n<\/tr>\n<tr class=\"row-20\">\n\t<td class=\"column-1\">Fekete Yvette<\/td><td class=\"column-2\">szakasszisztens<br \/>\n<\/td><td class=\"column-3\">54417<\/td><td class=\"column-4\"><\/td>\n<\/tr>\n<tr class=\"row-21\">\n\t<td class=\"column-1\">Fodor \u00c1gnes<\/td><td class=\"column-2\">szakasszisztens<\/td><td class=\"column-3\">54413<\/td><td class=\"column-4\"><\/td>\n<\/tr>\n<tr class=\"row-22\">\n\t<td class=\"column-1\">Forg\u00e1cs Zsuzsanna<\/td><td class=\"column-2\">szakasszisztens<\/td><td class=\"column-3\">54417<\/td><td class=\"column-4\"><\/td>\n<\/tr>\n<tr class=\"row-23\">\n\t<td class=\"column-1\">F\u00f6rh\u00e9cz Fl\u00f3ra<\/td><td class=\"column-2\">analitikus<\/td><td class=\"column-3\">54413<br \/>\n<\/td><td class=\"column-4\"><\/td>\n<\/tr>\n<tr class=\"row-24\">\n\t<td class=\"column-1\">G\u00e1l Zsolt<\/td><td class=\"column-2\">boncseg\u00e9d<\/td><td class=\"column-3\">54416<\/td><td class=\"column-4\"><\/td>\n<\/tr>\n<tr class=\"row-25\">\n\t<td class=\"column-1\">G\u00e1licz Krisztina<\/td><td class=\"column-2\">szakasszisztens<\/td><td class=\"column-3\">54417<\/td><td class=\"column-4\"><\/td>\n<\/tr>\n<tr class=\"row-26\">\n\t<td class=\"column-1\">Gregor Vikt\u00f3ria<\/td><td class=\"column-2\">szakasszisztens<\/td><td class=\"column-3\">54429<\/td><td class=\"column-4\"><\/td>\n<\/tr>\n<tr class=\"row-27\">\n\t<td class=\"column-1\">Holl\u00f3s \u00c1gnes<\/td><td class=\"column-2\">orvos\u00edrnok<\/td><td class=\"column-3\">54433<\/td><td class=\"column-4\"><\/td>\n<\/tr>\n<tr class=\"row-28\">\n\t<td class=\"column-1\">Horv\u00e1th Anett Aranka<\/td><td class=\"column-2\">orvos\u00edrnok<\/td><td class=\"column-3\">54441<\/td><td class=\"column-4\"><\/td>\n<\/tr>\n<tr class=\"row-29\">\n\t<td class=\"column-1\">Jesztrebi Anik\u00f3<\/td><td class=\"column-2\">szakasszisztens<\/td><td class=\"column-3\">54417<\/td><td class=\"column-4\"><\/td>\n<\/tr>\n<tr class=\"row-30\">\n\t<td class=\"column-1\">K\u00e1d\u00e1r Attila<\/td><td class=\"column-2\">Hozz\u00e1tartoz\u00f3i Iroda<\/td><td class=\"column-3\">54416<\/td><td class=\"column-4\"><\/td>\n<\/tr>\n<tr class=\"row-31\">\n\t<td class=\"column-1\">Kapcz\u00e1r D\u00f3ra<\/td><td class=\"column-2\">szakasszisztens<\/td><td class=\"column-3\">54407<\/td><td class=\"column-4\"><\/td>\n<\/tr>\n<tr class=\"row-32\">\n\t<td class=\"column-1\">K\u00e1rp\u00e1ti Ferencn\u00e9<\/td><td class=\"column-2\">szakasszisztens<\/td><td class=\"column-3\">54417, 54415<\/td><td class=\"column-4\"><\/td>\n<\/tr>\n<tr class=\"row-33\">\n\t<td class=\"column-1\">Kiss Attil\u00e1n\u00e9<\/td><td class=\"column-2\">gazdas\u00e1gi referens<\/td><td class=\"column-3\">54434<\/td><td class=\"column-4\">kiss.attilane@semmelweis.hu<\/td>\n<\/tr>\n<tr class=\"row-34\">\n\t<td class=\"column-1\">Kir\u00e1ly Rolandn\u00e9<\/td><td class=\"column-2\">\u00e1llatgondoz\u00f3<\/td><td class=\"column-3\">54414<\/td><td class=\"column-4\"><\/td>\n<\/tr>\n<tr class=\"row-35\">\n\t<td class=\"column-1\">Kiss Gabriella<\/td><td class=\"column-2\">szakasszisztens<\/td><td class=\"column-3\">54417<\/td><td class=\"column-4\"><\/td>\n<\/tr>\n<tr class=\"row-36\">\n\t<td class=\"column-1\">K\u00f3czi Barbara<\/td><td class=\"column-2\">szakasszisztens<\/td><td class=\"column-3\">54417<\/td><td class=\"column-4\"><\/td>\n<\/tr>\n<tr class=\"row-37\">\n\t<td class=\"column-1\">K\u00f3kai Lili<\/td><td class=\"column-2\">orvos\u00edrnok<\/td><td class=\"column-3\">54472<\/td><td class=\"column-4\"><\/td>\n<\/tr>\n<tr class=\"row-38\">\n\t<td class=\"column-1\">Kov\u00e1cs K\u00e1roly<\/td><td class=\"column-2\">boncmester<\/td><td class=\"column-3\">54416<\/td><td class=\"column-4\"><\/td>\n<\/tr>\n<tr class=\"row-39\">\n\t<td class=\"column-1\">Kov\u00e1cs N\u00f3ra<\/td><td class=\"column-2\">boncmester<\/td><td class=\"column-3\">54416<\/td><td class=\"column-4\"><\/td>\n<\/tr>\n<tr class=\"row-40\">\n\t<td class=\"column-1\">Laczik Cecilia<\/td><td class=\"column-2\">k\u00f6nyvt\u00e1ros<\/td><td class=\"column-3\">54437<\/td><td class=\"column-4\">laczik.cecilia@semmelweis.hu<\/td>\n<\/tr>\n<tr class=\"row-41\">\n\t<td class=\"column-1\">Luk\u00e1tsin\u00e9 Nagy Veronika<br \/>\n<\/td><td class=\"column-2\">seg\u00e9dasszisztens<\/td><td class=\"column-3\">54426<\/td><td class=\"column-4\"><\/td>\n<\/tr>\n<tr class=\"row-42\">\n\t<td class=\"column-1\">Matisz R\u00f3bertn\u00e9<\/td><td class=\"column-2\">szakasszisztens<\/td><td class=\"column-3\">54417<\/td><td class=\"column-4\"><\/td>\n<\/tr>\n<tr class=\"row-43\">\n\t<td class=\"column-1\">M\u00e1trahegyi Rita<\/td><td class=\"column-2\">szakasszisztens<\/td><td class=\"column-3\">54417<\/td><td class=\"column-4\"><\/td>\n<\/tr>\n<tr class=\"row-44\">\n\t<td class=\"column-1\">M\u00e1train\u00e9 Balogh \u00c9va<\/td><td class=\"column-2\">szakasszisztens<\/td><td class=\"column-3\">54405, 54417<\/td><td class=\"column-4\"><\/td>\n<\/tr>\n<tr class=\"row-45\">\n\t<td class=\"column-1\">Mezei Rebeka D\u00f3ra<\/td><td class=\"column-2\">seg\u00e9dasszisztens<\/td><td class=\"column-3\">54414<\/td><td class=\"column-4\"><\/td>\n<\/tr>\n<tr class=\"row-46\">\n\t<td class=\"column-1\">N\u00e9meth Andrea Mariann<\/td><td class=\"column-2\">szakasszisztens<\/td><td class=\"column-3\">54417<\/td><td class=\"column-4\"><\/td>\n<\/tr>\n<tr class=\"row-47\">\n\t<td class=\"column-1\">Nyit\u00f3n\u00e9 Fejes M\u00e1rta<\/td><td class=\"column-2\">gazdas\u00e1gi \u00fcgyint\u00e9z\u0151<\/td><td class=\"column-3\">54434<\/td><td class=\"column-4\">nyitone.fejes.marta@semmelweis.hu<\/td>\n<\/tr>\n<tr class=\"row-48\">\n\t<td class=\"column-1\">Olaszi Erzs\u00e9bet Andrea<\/td><td class=\"column-2\">titk\u00e1rs\u00e1gvezet\u0151<\/td><td class=\"column-3\">54455<\/td><td class=\"column-4\">titkarsag.1path@semmelweis.hu, olaszi.erzsebet@semmelweis.hu<\/td>\n<\/tr>\n<tr class=\"row-49\">\n\t<td class=\"column-1\">Paulusz M\u00f3nika<\/td><td class=\"column-2\">szakasszisztens<\/td><td class=\"column-3\">54452<\/td><td class=\"column-4\"><\/td>\n<\/tr>\n<tr class=\"row-50\">\n\t<td class=\"column-1\">Presztol\u00e1nszky Nat\u00e1lia<\/td><td class=\"column-2\">asszisztens<\/td><td class=\"column-3\">54452<\/td><td class=\"column-4\"><\/td>\n<\/tr>\n<tr class=\"row-51\">\n\t<td class=\"column-1\">Pujcseva Kosztadinova Ivana Ivett<\/td><td class=\"column-2\">szakasszisztens<\/td><td class=\"column-3\">54417<\/td><td class=\"column-4\"><\/td>\n<\/tr>\n<tr class=\"row-52\">\n\t<td class=\"column-1\">Pusztai J\u00e1nos<\/td><td class=\"column-2\">portaszolg\u00e1lati munkat\u00e1rs<\/td><td class=\"column-3\">54400, 54419<\/td><td class=\"column-4\"><\/td>\n<\/tr>\n<tr class=\"row-53\">\n\t<td class=\"column-1\">S\u00e1ndorn\u00e9 V\u00e1ngor M\u00f3nika<\/td><td class=\"column-2\">asszisztens<\/td><td class=\"column-3\">54443<\/td><td class=\"column-4\"><\/td>\n<\/tr>\n<tr class=\"row-54\">\n\t<td class=\"column-1\">S\u00e1rk\u00f6zi Istv\u00e1n<\/td><td class=\"column-2\">boncmester<\/td><td class=\"column-3\">54416<\/td><td class=\"column-4\"><\/td>\n<\/tr>\n<tr class=\"row-55\">\n\t<td class=\"column-1\">Simon Alexandra<\/td><td class=\"column-2\">seg\u00e9dasszisztens<\/td><td class=\"column-3\">54443<\/td><td class=\"column-4\"><\/td>\n<\/tr>\n<tr class=\"row-56\">\n\t<td class=\"column-1\">Stevanka Ildik\u00f3<\/td><td class=\"column-2\">szakasszisztens<\/td><td class=\"column-3\">54417<\/td><td class=\"column-4\"><\/td>\n<\/tr>\n<tr class=\"row-57\">\n\t<td class=\"column-1\">Szal\u00e1rdi Katalin<\/td><td class=\"column-2\">gazdas\u00e1gi irodavezet\u0151<\/td><td class=\"column-3\">54401<\/td><td class=\"column-4\">szalardi.katalin@semmelweis.hu<\/td>\n<\/tr>\n<tr class=\"row-58\">\n\t<td class=\"column-1\">Szab\u00f3 Orsolya<\/td><td class=\"column-2\">biol\u00f3gus BSc<\/td><td class=\"column-3\">54443<\/td><td class=\"column-4\"><\/td>\n<\/tr>\n<tr class=\"row-59\">\n\t<td class=\"column-1\">Szab\u00f3n\u00e9-Szab\u00f3 Zsuzsanna<\/td><td class=\"column-2\">orvos\u00edrnok<\/td><td class=\"column-3\">54472<\/td><td class=\"column-4\"><\/td>\n<\/tr>\n<tr class=\"row-60\">\n\t<td class=\"column-1\">Sz\u00e1v\u00f3 Barbara<\/td><td class=\"column-2\">analitikus<br \/>\n<\/td><td class=\"column-3\">54417<\/td><td class=\"column-4\"><\/td>\n<\/tr>\n<tr class=\"row-61\">\n\t<td class=\"column-1\">Szenci Rita<\/td><td class=\"column-2\">analitikus<br \/>\n<\/td><td class=\"column-3\">54417<\/td><td class=\"column-4\"><\/td>\n<\/tr>\n<tr class=\"row-62\">\n\t<td class=\"column-1\">Szil\u00e1gyin\u00e9 Paulusz M\u00f3nika<\/td><td class=\"column-2\">szakasszisztens<\/td><td class=\"column-3\">54429<\/td><td class=\"column-4\"><\/td>\n<\/tr>\n<tr class=\"row-63\">\n\t<td class=\"column-1\">Sz\u0151ke Edit<\/td><td class=\"column-2\">szakasszisztens<\/td><td class=\"column-3\">54417<\/td><td class=\"column-4\"><\/td>\n<\/tr>\n<tr class=\"row-64\">\n\t<td class=\"column-1\">Sztodola Andr\u00e1s<\/td><td class=\"column-2\">\u00e1llatgondoz\u00f3<\/td><td class=\"column-3\">54414<\/td><td class=\"column-4\"><\/td>\n<\/tr>\n<tr class=\"row-65\">\n\t<td class=\"column-1\">Sztodola Roland Andr\u00e1s<\/td><td class=\"column-2\">seg\u00e9dasszisztens<\/td><td class=\"column-3\">54417<\/td><td class=\"column-4\"><\/td>\n<\/tr>\n<tr class=\"row-66\">\n\t<td class=\"column-1\">Tarn\u00f3czi M\u00e1rta<\/td><td class=\"column-2\">analitikus<\/td><td class=\"column-3\">54417<\/td><td class=\"column-4\"><\/td>\n<\/tr>\n<tr class=\"row-67\">\n\t<td class=\"column-1\">T\u00e1rczy Petra<\/td><td class=\"column-2\">titk\u00e1rn\u0151<\/td><td class=\"column-3\">5455, 54408<\/td><td class=\"column-4\">tarczy.petra@semmelweis.hu<\/td>\n<\/tr>\n<tr class=\"row-68\">\n\t<td class=\"column-1\">T\u00f3th Attila Tiborn\u00e9<\/td><td class=\"column-2\">orvos\u00edrnok<\/td><td class=\"column-3\">54441<br \/>\n<\/td><td class=\"column-4\"><\/td>\n<\/tr>\n<tr class=\"row-69\">\n\t<td class=\"column-1\">Uzseka Rita<\/td><td class=\"column-2\">szakasszisztens<\/td><td class=\"column-3\">54417<\/td><td class=\"column-4\"><\/td>\n<\/tr>\n<tr class=\"row-70\">\n\t<td class=\"column-1\">Varga Nikoletta<\/td><td class=\"column-2\">szakasszisztens<br \/>\n<\/td><td class=\"column-3\">54417<\/td><td class=\"column-4\"><\/td>\n<\/tr>\n<tr class=\"row-71\">\n\t<td class=\"column-1\">Varg\u00e1n\u00e9 Kun Gy\u00f6rgyi<\/td><td class=\"column-2\">orvos\u00edrnok<\/td><td class=\"column-3\">54441<\/td><td class=\"column-4\"><\/td>\n<\/tr>\n<tr class=\"row-72\">\n\t<td class=\"column-1\">V\u00f6r\u00f6s Zsanett<\/td><td class=\"column-2\">orvos\u00edrnok<\/td><td class=\"column-3\">54441<\/td><td class=\"column-4\"><\/td>\n<\/tr>\n<tr class=\"row-73\">\n\t<td class=\"column-1\">Weisz Gy\u00f6rgyn\u00e9<\/td><td class=\"column-2\">szakasszisztens<br \/>\n<\/td><td class=\"column-3\">54417<\/td><td class=\"column-4\"><\/td>\n<\/tr>\n<tr class=\"row-74\">\n\t<td class=\"column-1\">Zsoldos Enik\u0151<\/td><td class=\"column-2\">analitikus<\/td><td class=\"column-3\">54413<\/td><td class=\"column-4\"><\/td>\n<\/tr>\n<\/tbody>\n<\/table>\n<!-- #tablepress-101 from cache -->\n","protected":false},"excerpt":{"rendered":"","protected":false},"author":54,"featured_media":0,"parent":36,"menu_order":2,"comment_status":"closed","ping_status":"closed","template":"","meta":{"_acf_changed":false,"footnotes":""},"categories":[],"tags":[],"class_list":["post-1496","page","type-page","status-publish","hentry"],"acf":[],"_links":{"self":[{"href":"https:\/\/semmelweis.hu\/patologia1\/wp-json\/wp\/v2\/pages\/1496","targetHints":{"allow":["GET"]}}],"collection":[{"href":"https:\/\/semmelweis.hu\/patologia1\/wp-json\/wp\/v2\/pages"}],"about":[{"href":"https:\/\/semmelweis.hu\/patologia1\/wp-json\/wp\/v2\/types\/page"}],"author":[{"embeddable":true,"href":"https:\/\/semmelweis.hu\/patologia1\/wp-json\/wp\/v2\/users\/54"}],"replies":[{"embeddable":true,"href":"https:\/\/semmelweis.hu\/patologia1\/wp-json\/wp\/v2\/comments?post=1496"}],"version-history":[{"count":8,"href":"https:\/\/semmelweis.hu\/patologia1\/wp-json\/wp\/v2\/pages\/1496\/revisions"}],"predecessor-version":[{"id":6044,"href":"https:\/\/semmelweis.hu\/patologia1\/wp-json\/wp\/v2\/pages\/1496\/revisions\/6044"}],"up":[{"embeddable":true,"href":"https:\/\/semmelweis.hu\/patologia1\/wp-json\/wp\/v2\/pages\/36"}],"wp:attachment":[{"href":"https:\/\/semmelweis.hu\/patologia1\/wp-json\/wp\/v2\/media?parent=1496"}],"wp:term":[{"taxonomy":"category","embeddable":true,"href":"https:\/\/semmelweis.hu\/patologia1\/wp-json\/wp\/v2\/categories?post=1496"},{"taxonomy":"post_tag","embeddable":true,"href":"https:\/\/semmelweis.hu\/patologia1\/wp-json\/wp\/v2\/tags?post=1496"}],"curies":[{"name":"wp","href":"https:\/\/api.w.org\/{rel}","templated":true}]}}