{"id":1464,"date":"2015-08-28T22:39:31","date_gmt":"2015-08-28T20:39:31","guid":{"rendered":"http:\/\/semmelweis.hu\/patologia1\/?page_id=1464"},"modified":"2020-08-08T17:46:01","modified_gmt":"2020-08-08T15:46:01","slug":"orvosok-es-kutatok","status":"publish","type":"page","link":"https:\/\/semmelweis.hu\/patologia1\/bemutatkozas\/munkatarsak\/orvosok-es-kutatok\/","title":{"rendered":"Orvosok \u00e9s kutat\u00f3k"},"content":{"rendered":"\n<table id=\"tablepress-100\" class=\"tablepress tablepress-id-100\">\n<thead>\n<tr class=\"row-1\">\n\t<td class=\"column-1\"><\/td><td class=\"column-2\"><\/td><td class=\"column-3\"><\/td><td class=\"column-4\"><\/td>\n<\/tr>\n<\/thead>\n<tbody class=\"row-striping row-hover\">\n<tr class=\"row-2\">\n\t<td class=\"column-1\">N\u00e9v<\/td><td class=\"column-2\">Beoszt\u00e1s<\/td><td class=\"column-3\">Mell\u00e9k<\/td><td class=\"column-4\">E-mail c\u00edm<\/td>\n<\/tr>\n<tr class=\"row-3\">\n\t<td class=\"column-1\"><a href=\"http:\/\/scholar.semmelweis.hu\/matolcsya\/\">Dr. Matolcsy Andr\u00e1s<\/a><\/td><td class=\"column-2\">egyetemi tan\u00e1r, int\u00e9zetvezet\u0151<\/td><td class=\"column-3\">54455<\/td><td class=\"column-4\">titkarsag.1path@semmelweis.hu<\/td>\n<\/tr>\n<tr class=\"row-4\">\n\t<td class=\"column-1\"><a href=\"https:\/\/scholar.semmelweis.hu\/bodorc\/\">Dr. B\u00f6d\u00f6r Csaba<\/a><\/td><td class=\"column-2\">egyetemi tan\u00e1r<\/td><td class=\"column-3\">54462\t<\/td><td class=\"column-4\">bodor.csaba1@semmelweis.hu<\/td>\n<\/tr>\n<tr class=\"row-5\">\n\t<td class=\"column-1\"><a href=\"http:\/\/scholar.semmelweis.hu\/nagyp\/\">Dr. Nagy P\u00e9ter<\/a><\/td><td class=\"column-2\">egyetemi tan\u00e1r<\/td><td class=\"column-3\">54476<\/td><td class=\"column-4\">nagy.peter@semmelweis.hu<\/td>\n<\/tr>\n<tr class=\"row-6\">\n\t<td class=\"column-1\"><a href=\"http:\/\/scholar.semmelweis.hu\/reinigerl\/\">Dr. Reiniger Lilla<\/a><\/td><td class=\"column-2\">egyetemi tan\u00e1r<\/td><td class=\"column-3\">54435<\/td><td class=\"column-4\"><\/td>\n<\/tr>\n<tr class=\"row-7\">\n\t<td class=\"column-1\"><a href=\"http:\/\/scholar.semmelweis.hu\/sapiz\/\">Dr. S\u00e1pi Zolt\u00e1n<\/a><\/td><td class=\"column-2\">egyetemi tan\u00e1r<\/td><td class=\"column-3\">54457<\/td><td class=\"column-4\">sapi.zoltan@semmelweis.hu<\/td>\n<\/tr>\n<tr class=\"row-8\">\n\t<td class=\"column-1\">Dr. Sz\u00e1ll\u00e1si \u00c1rp\u00e1d<\/td><td class=\"column-2\">egyetemi tan\u00e1r<\/td><td class=\"column-3\">54438, 54412<\/td><td class=\"column-4\">szallasi.arpad@semmelweis.hu<\/td>\n<\/tr>\n<tr class=\"row-9\">\n\t<td class=\"column-1\">Dr. Dezs\u0151 Katalin<\/td><td class=\"column-2\">egyetemi tan\u00e1r<br \/>\r\n<\/td><td class=\"column-3\">54444<\/td><td class=\"column-4\">dezso.katalin@semmelweis.hu<\/td>\n<\/tr>\n<tr class=\"row-10\">\n\t<td class=\"column-1\">Dr. Jeney Andr\u00e1s<\/td><td class=\"column-2\">professor emeritus<\/td><td class=\"column-3\">54449<\/td><td class=\"column-4\">jenei.alex@semmelweis.hu<\/td>\n<\/tr>\n<tr class=\"row-11\">\n\t<td class=\"column-1\">Dr. Kopper L\u00e1szl\u00f3<\/td><td class=\"column-2\">professor emeritus<\/td><td class=\"column-3\">54437<\/td><td class=\"column-4\">kopper.laszlo@semmelweis.hu<\/td>\n<\/tr>\n<tr class=\"row-12\">\n\t<td class=\"column-1\"><a href=\"http:\/\/scholar.semmelweis.hu\/kovalszky\/\">Dr. Kovalszky Ilona<\/a><\/td><td class=\"column-2\">professor emeritus<\/td><td class=\"column-3\">54449<\/td><td class=\"column-4\">kovalszky.ilona@semmelweis.hu<\/td>\n<\/tr>\n<tr class=\"row-13\">\n\t<td class=\"column-1\"><a href=\"http:\/\/scholar.semmelweis.hu\/krenacst\/\">Dr. Kren\u00e1cs Tibor<\/a><\/td><td class=\"column-2\">kutat\u00f3professzor<\/td><td class=\"column-3\">54440<\/td><td class=\"column-4\">krenacs.tibor@semmelweis.hu<\/td>\n<\/tr>\n<tr class=\"row-14\">\n\t<td class=\"column-1\">Dr. Marton Tam\u00e1s Gyul\u00e1n\u00e9<\/td><td class=\"column-2\">egyetemi docens<\/td><td class=\"column-3\">54465<\/td><td class=\"column-4\">hargitai.beata@semmelweis.hu<\/td>\n<\/tr>\n<tr class=\"row-15\">\n\t<td class=\"column-1\">Dr. Marton Tam\u00e1s<\/td><td class=\"column-2\">egyetemi docens<\/td><td class=\"column-3\">54465<\/td><td class=\"column-4\">marton.tamas@semmelweis.hu<\/td>\n<\/tr>\n<tr class=\"row-16\">\n\t<td class=\"column-1\"><a href=\"http:\/\/scholar.semmelweis.hu\/papayj\/\">Dr. P\u00e1pay Judit<\/a><\/td><td class=\"column-2\">egyetemi docens<\/td><td class=\"column-3\">54442<\/td><td class=\"column-4\">papay.judit@semmelweis.hu<\/td>\n<\/tr>\n<tr class=\"row-17\">\n\t<td class=\"column-1\"><a href=\"http:\/\/scholar.semmelweis.hu\/raczg\/\">Dr. R\u00e1cz Gergely<\/a><\/td><td class=\"column-2\">egyetemi docens<\/td><td class=\"column-3\">54471<\/td><td class=\"column-4\">racz.gergely@semmelweis.hu<\/td>\n<\/tr>\n<tr class=\"row-18\">\n\t<td class=\"column-1\"><a href=\"http:\/\/scholar.semmelweis.hu\/timarbotond\/\">Dr. Tim\u00e1r Botond<\/a><\/td><td class=\"column-2\">egyetemi docens<\/td><td class=\"column-3\">54409, 54438<\/td><td class=\"column-4\">timar.botond@semmelweis.hu<\/td>\n<\/tr>\n<tr class=\"row-19\">\n\t<td class=\"column-1\"><a href=\"http:\/\/scholar.semmelweis.hu\/zalatnaia\/\">Dr. Zalatnai Attila<\/a><\/td><td class=\"column-2\">klinikai f\u0151orvos<\/td><td class=\"column-3\">54420<\/td><td class=\"column-4\">zalatnai.attila@semmelweis.hu<\/td>\n<\/tr>\n<tr class=\"row-20\">\n\t<td class=\"column-1\">Dr. Kuroli Enik\u0151<\/td><td class=\"column-2\">klinikai f\u0151orvos<\/td><td class=\"column-3\">55772<\/td><td class=\"column-4\">kuroli.eniko@semmelweis.hu<\/td>\n<\/tr>\n<tr class=\"row-21\">\n\t<td class=\"column-1\">Dr. Csomor Judit<\/td><td class=\"column-2\">klinikai f\u0151orvos, mesteroktat\u00f3<\/td><td class=\"column-3\">54438<\/td><td class=\"column-4\">csomor.judit@semmelweis.hu<\/td>\n<\/tr>\n<tr class=\"row-22\">\n\t<td class=\"column-1\">Dr. Csernus Bal\u00e1zs<\/td><td class=\"column-2\">egyetemi adjunktus<\/td><td class=\"column-3\">54409, 54438<\/td><td class=\"column-4\"><\/td>\n<\/tr>\n<tr class=\"row-23\">\n\t<td class=\"column-1\">Dr. Fintha Attila<\/td><td class=\"column-2\">egyetemi adjunktus<\/td><td class=\"column-3\">54458<\/td><td class=\"column-4\">fintha.attila@semmelweis.hu<\/td>\n<\/tr>\n<tr class=\"row-24\">\n\t<td class=\"column-1\"><a href=\"http:\/\/scholar.semmelweis.hu\/fonyadl\/\">Dr. F\u00f3nyad L\u00e1szl\u00f3<\/a><\/td><td class=\"column-2\">egyetemi adjunktus<\/td><td class=\"column-3\">54463<\/td><td class=\"column-4\">fonyad.laszlo@semmelweis.hu<\/td>\n<\/tr>\n<tr class=\"row-25\">\n\t<td class=\"column-1\"><a href=\"http:\/\/scholar.semmelweis.hu\/micsikt\/\">Dr. Mics\u00edk Tam\u00e1s <\/a><\/td><td class=\"column-2\">egyetemi adjunktus<\/td><td class=\"column-3\">54420<\/td><td class=\"column-4\">micsik.tamas@semmelweis.hu<\/td>\n<\/tr>\n<tr class=\"row-26\">\n\t<td class=\"column-1\"><a href=\"http:\/\/scholar.semmelweis.hu\/rajnaihajnalka\/\">Dr. Rajnai Hajnalka<\/a><\/td><td class=\"column-2\">egyetemi adjunktus<\/td><td class=\"column-3\">54435<\/td><td class=\"column-4\">rajnai.hajnalka@semmelweis.hu<\/td>\n<\/tr>\n<tr class=\"row-27\">\n\t<td class=\"column-1\">Dr. R\u00f3kusz Andr\u00e1s<\/td><td class=\"column-2\">egyetemi adjunktus<\/td><td class=\"column-3\">54425<\/td><td class=\"column-4\">rokusz.andras@semmelweis.hu<\/td>\n<\/tr>\n<tr class=\"row-28\">\n\t<td class=\"column-1\">Dr. Scheich B\u00e1lint<\/td><td class=\"column-2\">egyetemi adjunktus<\/td><td class=\"column-3\">54435<\/td><td class=\"column-4\">scheich.balint@semmelweis.hu<\/td>\n<\/tr>\n<tr class=\"row-29\">\n\t<td class=\"column-1\">Dr. Arat\u00f3 Gabriella<\/td><td class=\"column-2\">klinikai szakorvos<\/td><td class=\"column-3\">54465\t<\/td><td class=\"column-4\">draratogabriella@freemail.hu<\/td>\n<\/tr>\n<tr class=\"row-30\">\n\t<td class=\"column-1\">Dr. Jenei Alex<\/td><td class=\"column-2\">klinikai szakorvos<\/td><td class=\"column-3\">54467<\/td><td class=\"column-4\">jenei.alex@semmelweis.hu<\/td>\n<\/tr>\n<tr class=\"row-31\">\n\t<td class=\"column-1\">Dr. J\u00e1kob No\u00e9mi<\/td><td class=\"column-2\">klinikai szakorvos<\/td><td class=\"column-3\">54467<\/td><td class=\"column-4\">jakob.noemi@semmelweis.hu<\/td>\n<\/tr>\n<tr class=\"row-32\">\n\t<td class=\"column-1\">Dr. Kiss Rich\u00e1rd<\/td><td class=\"column-2\">klinikai szakorvos<\/td><td class=\"column-3\">54438, 54409<\/td><td class=\"column-4\">kiss.richard@semmelweis.hu<\/td>\n<\/tr>\n<tr class=\"row-33\">\n\t<td class=\"column-1\">Dr. Kov\u00e1cs \u00c1rp\u00e1d<\/td><td class=\"column-2\">klinikai szakorvos<\/td><td class=\"column-3\">54449<\/td><td class=\"column-4\">kovacs.arpad@semmelweis.hu<\/td>\n<\/tr>\n<tr class=\"row-34\">\n\t<td class=\"column-1\">Dr. Krencz Ildik\u00f3<\/td><td class=\"column-2\">klinikai szakorvos<\/td><td class=\"column-3\">54447<\/td><td class=\"column-4\">krencz.ildiko@semmelweis.hu<\/td>\n<\/tr>\n<tr class=\"row-35\">\n\t<td class=\"column-1\">Dr. Nagy Be\u00e1ta<\/td><td class=\"column-2\">klinikai szakorvos<\/td><td class=\"column-3\">54467<\/td><td class=\"column-4\">nagy.beata1@semmelweis.hu<\/td>\n<\/tr>\n<tr class=\"row-36\">\n\t<td class=\"column-1\">Dr. Nagy \u00c1gnes<\/td><td class=\"column-2\">klinikai szakorvos<\/td><td class=\"column-3\">54425<\/td><td class=\"column-4\">nagy.agnes@semmelweis.hu<\/td>\n<\/tr>\n<tr class=\"row-37\">\n\t<td class=\"column-1\">Dr. Mohos Anita<\/td><td class=\"column-2\">klinikai szakorvos, patol\u00f3gus<\/td><td class=\"column-3\">55772<\/td><td class=\"column-4\">mohos.anita@semmelweis.hu<\/td>\n<\/tr>\n<tr class=\"row-38\">\n\t<td class=\"column-1\">Dr. P\u00e1los Kata J\u00falia<\/td><td class=\"column-2\">klinikai szakorvos<\/td><td class=\"column-3\">54425<\/td><td class=\"column-4\">palos.kata@semmelweis.hu<\/td>\n<\/tr>\n<tr class=\"row-39\">\n\t<td class=\"column-1\">Dr. S\u00e1ghi M\u00e1rton<\/td><td class=\"column-2\">klinikai szakorvos<\/td><td class=\"column-3\">54458<\/td><td class=\"column-4\">saghi.marton@semmelweis.hu<\/td>\n<\/tr>\n<tr class=\"row-40\">\n\t<td class=\"column-1\">Dr. M\u00f3zes R\u00e9ka<\/td><td class=\"column-2\">egyetemi tan\u00e1rseg\u00e9d<\/td><td class=\"column-3\">54438, 54454<\/td><td class=\"column-4\">mozes.reka@semmelweis.hu<\/td>\n<\/tr>\n<tr class=\"row-41\">\n\t<td class=\"column-1\">Dr. Szentkereszty M\u00e1rton<\/td><td class=\"column-2\">egyetemi tan\u00e1rseg\u00e9d<\/td><td class=\"column-3\">54475<\/td><td class=\"column-4\">szentkereszty.marton@semmelweis.hu<\/td>\n<\/tr>\n<tr class=\"row-42\">\n\t<td class=\"column-1\">Dr. Sz\u00e9kely Tam\u00e1s<\/td><td class=\"column-2\">egyetemi tan\u00e1rseg\u00e9d<\/td><td class=\"column-3\">54463<\/td><td class=\"column-4\">szekely.tamas1@semmelweis.hu<\/td>\n<\/tr>\n<tr class=\"row-43\">\n\t<td class=\"column-1\">Timk\u00f3n\u00e9 Dr. Reg\u0151s Eszter<\/td><td class=\"column-2\">egyetemi tan\u00e1rseg\u00e9d<\/td><td class=\"column-3\">54467<\/td><td class=\"column-4\">regos.eszter@semmelweis.hu<\/td>\n<\/tr>\n<tr class=\"row-44\">\n\t<td class=\"column-1\">Dr. T\u00e9gl\u00e1si Vanda M\u00f3nika<\/td><td class=\"column-2\">egyetemi tan\u00e1rseg\u00e9d<\/td><td class=\"column-3\">54435<\/td><td class=\"column-4\">teglasi.vanda@semmelweis.hu<\/td>\n<\/tr>\n<tr class=\"row-45\">\n\t<td class=\"column-1\"><a href=\"http:\/\/scholar.semmelweis.hu\/alpardonat\/\"> Alp\u00e1r Don\u00e1t<\/a><\/td><td class=\"column-2\">tudom\u00e1nyos f\u0151munkat\u00e1rs<\/td><td class=\"column-3\">54443<\/td><td class=\"column-4\">alpar.donat@semmelweis.hu<\/td>\n<\/tr>\n<tr class=\"row-46\">\n\t<td class=\"column-1\"><a href=\"http:\/\/scholar.semmelweis.hu\/baghyk\/\">Dr. Baghy Korn\u00e9lia<\/a><\/td><td class=\"column-2\">tudom\u00e1nyos f\u0151munkat\u00e1rs<\/td><td class=\"column-3\">54463\t<\/td><td class=\"column-4\">baghy.kornelia@semmelweis.hu<\/td>\n<\/tr>\n<tr class=\"row-47\">\n\t<td class=\"column-1\"><a href=\"http:\/\/scholar.semmelweis.hu\/barnag\/\">Dr. Barna G\u00e1bor<\/a><\/td><td class=\"column-2\">tudom\u00e1nyos f\u0151munkat\u00e1rs<\/td><td class=\"column-3\">54421<\/td><td class=\"column-4\">barna.gabor@semmelweis.hu<\/td>\n<\/tr>\n<tr class=\"row-48\">\n\t<td class=\"column-1\"><a href=\"http:\/\/scholar.semmelweis.hu\/sebestyena\/\">Dr. Sebesty\u00e9n Anna<\/a><\/td><td class=\"column-2\">kutat\u00f3professzor<\/td><td class=\"column-3\">54474<\/td><td class=\"column-4\">sebestyen.anna@semmelweis.hu<\/td>\n<\/tr>\n<tr class=\"row-49\">\n\t<td class=\"column-1\"><a href=\"http:\/\/scholar.semmelweis.hu\/pakus\/\">Dr. Paku S\u00e1ndor<\/a><\/td><td class=\"column-2\">tudom\u00e1nyos tan\u00e1csad\u00f3<\/td><td class=\"column-3\">54428<\/td><td class=\"column-4\">paku.sandor@semmelweis.hu<\/td>\n<\/tr>\n<tr class=\"row-50\">\n\t<td class=\"column-1\"><a href=\"http:\/\/scholar.semmelweis.hu\/pappg\/\">Dr. Papp Gerg\u0151<\/a><\/td><td class=\"column-2\">tudom\u00e1nyos munkat\u00e1rs\t<\/td><td class=\"column-3\">54427<\/td><td class=\"column-4\">papp.gergo@semmelweis.hu<\/td>\n<\/tr>\n<tr class=\"row-51\">\n\t<td class=\"column-1\">Dr. Szal\u00f3ki G\u00e1bor<\/td><td class=\"column-2\">tudom\u00e1nyos munkat\u00e1rs<\/td><td class=\"column-3\">54421<\/td><td class=\"column-4\">szaloki.gabor@semmelweis.hu<\/td>\n<\/tr>\n<tr class=\"row-52\">\n\t<td class=\"column-1\">Dr. Pet\u0151v\u00e1ri G\u00e1bor<\/td><td class=\"column-2\">kutat\u00e1si munkat\u00e1rs<\/td><td class=\"column-3\">54433<\/td><td class=\"column-4\">petovari.gabor@semmelweis.hu<\/td>\n<\/tr>\n<tr class=\"row-53\">\n\t<td class=\"column-1\">Sztankovics D\u00e1niel<\/td><td class=\"column-2\">kutat\u00e1si munkat\u00e1rs<\/td><td class=\"column-3\">54430<\/td><td class=\"column-4\">sztankovics.daniel@semmelweis.hu<\/td>\n<\/tr>\n<tr class=\"row-54\">\n\t<td class=\"column-1\">Dr. Tolnai-Krist\u00f3n Csilla<\/td><td class=\"column-2\">tudom\u00e1nyos munkat\u00e1rs<\/td><td class=\"column-3\">54421<\/td><td class=\"column-4\">tolnai-kriston.csilla@semmelweis.hu<\/td>\n<\/tr>\n<tr class=\"row-55\">\n\t<td class=\"column-1\">Dr. \u00c1rvai Krist\u00f3f Bal\u00e1zs<\/td><td class=\"column-2\">biol\u00f3gus<\/td><td class=\"column-3\">54449<\/td><td class=\"column-4\">arvai.kristof.balazs@semmelweis.hu<\/td>\n<\/tr>\n<tr class=\"row-56\">\n\t<td class=\"column-1\">Arany\u00e1s Mikl\u00f3s<\/td><td class=\"column-2\">biol\u00f3gus<\/td><td class=\"column-3\">54461<\/td><td class=\"column-4\">aranyas.miklos@semmelweis.hu<\/td>\n<\/tr>\n<tr class=\"row-57\">\n\t<td class=\"column-1\">Bohusn\u00e9 Dr. Barta Bettina Aranka<\/td><td class=\"column-2\">biol\u00f3gus<\/td><td class=\"column-3\">54426<\/td><td class=\"column-4\">barta.bettina@semmelweis.hu<\/td>\n<\/tr>\n<tr class=\"row-58\">\n\t<td class=\"column-1\">Bok\u00e1nyi-Balogh Vikt\u00f3ria<\/td><td class=\"column-2\">biol\u00f3gus<\/td><td class=\"column-3\">54452<\/td><td class=\"column-4\">balogh.viktoria@semmelweis.hu<\/td>\n<\/tr>\n<tr class=\"row-59\">\n\t<td class=\"column-1\">Csernus-Horv\u00e1th Dorottya No\u00e9mi<\/td><td class=\"column-2\">biol\u00f3gus<\/td><td class=\"column-3\">20-936-6652<\/td><td class=\"column-4\">csernus.dorottya@semmelweis.hu<\/td>\n<\/tr>\n<tr class=\"row-60\">\n\t<td class=\"column-1\">Dr. Csonka Katalin<\/td><td class=\"column-2\">biol\u00f3gus<\/td><td class=\"column-3\">54406, 54426<\/td><td class=\"column-4\">csonka.katalin@semmelweis.hu<\/td>\n<\/tr>\n<tr class=\"row-61\">\n\t<td class=\"column-1\">Dank\u00f3 Titanilla<\/td><td class=\"column-2\">biol\u00f3gus<\/td><td class=\"column-3\">54406, 54426<\/td><td class=\"column-4\">danko.titanilla@semmelweis.hu<\/td>\n<\/tr>\n<tr class=\"row-62\">\n\t<td class=\"column-1\">Gr\u00f3f Stef\u00e1nia<\/td><td class=\"column-2\">biol\u00f3gus<\/td><td class=\"column-3\">54443<\/td><td class=\"column-4\">grof.stefania@semmelweis.hu<\/td>\n<\/tr>\n<tr class=\"row-63\">\n\t<td class=\"column-1\">Hegyi Lajos L\u00e1szl\u00f3<\/td><td class=\"column-2\">biol\u00f3gus<\/td><td class=\"column-3\">54427<\/td><td class=\"column-4\">hegyi.lajos@semmelweis.hu<\/td>\n<\/tr>\n<tr class=\"row-64\">\n\t<td class=\"column-1\">L\u00e9vay Luca<\/td><td class=\"column-2\">biol\u00f3gus<\/td><td class=\"column-3\">54443<\/td><td class=\"column-4\">levay.luca@semmelweis.hu<\/td>\n<\/tr>\n<tr class=\"row-65\">\n\t<td class=\"column-1\">Ken\u00e9z Lili Anna<\/td><td class=\"column-2\">biol\u00f3gus<\/td><td class=\"column-3\">54473<\/td><td class=\"column-4\">kenez.lili.anna@semmelweis.hu<\/td>\n<\/tr>\n<tr class=\"row-66\">\n\t<td class=\"column-1\">Kov\u00e1csn\u00e9 Dr. M\u00e1rk \u00c1gnes<\/td><td class=\"column-2\">tudom\u00e1nyos munkat\u00e1rs<\/td><td class=\"column-3\">54421<\/td><td class=\"column-4\">kovacsne.mark.agnes@semmelweis.hu<\/td>\n<\/tr>\n<tr class=\"row-67\">\n\t<td class=\"column-1\">Jahoda Brigitta<\/td><td class=\"column-2\">biol\u00f3gus<\/td><td class=\"column-3\">54461<\/td><td class=\"column-4\">jahoda.brigitta@semmelweis.hu<\/td>\n<\/tr>\n<tr class=\"row-68\">\n\t<td class=\"column-1\">Moravcsik \u00c9va<\/td><td class=\"column-2\">biol\u00f3gus<\/td><td class=\"column-3\">54426<\/td><td class=\"column-4\">moravcsik.eva@semmelweis.hu<\/td>\n<\/tr>\n<tr class=\"row-69\">\n\t<td class=\"column-1\">Szikszai Katar\u00edna<\/td><td class=\"column-2\">biol\u00f3gus<\/td><td class=\"column-3\">54452<\/td><td class=\"column-4\">szikszai.katarina@semmelweis.hu<\/td>\n<\/tr>\n<tr class=\"row-70\">\n\t<td class=\"column-1\">Zajta Erik<\/td><td class=\"column-2\">biol\u00f3gus<\/td><td class=\"column-3\">54406, 54426<\/td><td class=\"column-4\">zajta.erik@semmelweis.hu<\/td>\n<\/tr>\n<\/tbody>\n<\/table>\n<!-- #tablepress-100 from cache -->\n","protected":false},"excerpt":{"rendered":"","protected":false},"author":54,"featured_media":0,"parent":36,"menu_order":0,"comment_status":"closed","ping_status":"closed","template":"","meta":{"_acf_changed":false,"footnotes":""},"categories":[],"tags":[],"class_list":["post-1464","page","type-page","status-publish","hentry"],"acf":[],"_links":{"self":[{"href":"https:\/\/semmelweis.hu\/patologia1\/wp-json\/wp\/v2\/pages\/1464","targetHints":{"allow":["GET"]}}],"collection":[{"href":"https:\/\/semmelweis.hu\/patologia1\/wp-json\/wp\/v2\/pages"}],"about":[{"href":"https:\/\/semmelweis.hu\/patologia1\/wp-json\/wp\/v2\/types\/page"}],"author":[{"embeddable":true,"href":"https:\/\/semmelweis.hu\/patologia1\/wp-json\/wp\/v2\/users\/54"}],"replies":[{"embeddable":true,"href":"https:\/\/semmelweis.hu\/patologia1\/wp-json\/wp\/v2\/comments?post=1464"}],"version-history":[{"count":11,"href":"https:\/\/semmelweis.hu\/patologia1\/wp-json\/wp\/v2\/pages\/1464\/revisions"}],"predecessor-version":[{"id":6039,"href":"https:\/\/semmelweis.hu\/patologia1\/wp-json\/wp\/v2\/pages\/1464\/revisions\/6039"}],"up":[{"embeddable":true,"href":"https:\/\/semmelweis.hu\/patologia1\/wp-json\/wp\/v2\/pages\/36"}],"wp:attachment":[{"href":"https:\/\/semmelweis.hu\/patologia1\/wp-json\/wp\/v2\/media?parent=1464"}],"wp:term":[{"taxonomy":"category","embeddable":true,"href":"https:\/\/semmelweis.hu\/patologia1\/wp-json\/wp\/v2\/categories?post=1464"},{"taxonomy":"post_tag","embeddable":true,"href":"https:\/\/semmelweis.hu\/patologia1\/wp-json\/wp\/v2\/tags?post=1464"}],"curies":[{"name":"wp","href":"https:\/\/api.w.org\/{rel}","templated":true}]}}