{"id":1416,"date":"2017-01-26T09:23:54","date_gmt":"2017-01-26T08:23:54","guid":{"rendered":"http:\/\/semmelweis.hu\/patologia1\/?page_id=1416"},"modified":"2025-12-09T11:46:30","modified_gmt":"2025-12-09T10:46:30","slug":"maj-regeneracio-angiogenezis-munkacsoport","status":"publish","type":"page","link":"https:\/\/semmelweis.hu\/patologia1\/kutatas\/maj-regeneracio-angiogenezis-munkacsoport\/","title":{"rendered":"M\u00e1j-Regener\u00e1ci\u00f3 Munkacsoport"},"content":{"rendered":"<p><strong>M\u00c1J-REGENER\u00c1CI\u00d3 MUNKACSOPORT <\/strong><\/p>\n<p>(Dr. Dezs\u0151 Katalin)<\/p>\n<p><strong>A munkacsoport tev\u00e9kenys\u00e9ge:<\/strong><\/p>\n<p>Munkacsoportunk f\u0151 kutat\u00e1si ter\u00fclete a m\u00e1jregener\u00e1ci\u00f3 k\u00fcl\u00f6nb\u00f6z\u0151 form\u00e1inak vizsg\u00e1lata patk\u00e1nymodellekben \u00e9s az \u00edgy nyert eredm\u00e9nyek \u00e9rtelmez\u00e9se human m\u00e1j elv\u00e1ltoz\u00e1sokban.<\/p>\n<p><strong>A munkacsoport f\u0151bb eredm\u00e9nyei:<\/strong><\/p>\n<p>A m\u00e1jregener\u00e1ci\u00f3 vizsg\u00e1lata sor\u00e1n fluoreszcens immunhisztok\u00e9miai m\u00f3dszereket alkalmazva siker\u00fclt jellemezni a szomatikus \u0151ssejtek forr\u00e1s\u00e1ul szolg\u00e1l\u00f3 kis epeutakat \u00e9p hum\u00e1n \u00e9s patk\u00e1ny m\u00e1jakban. R\u00e9szletesen tanulm\u00e1nyoztuk a patk\u00e1nym\u00e1j lebenyk\u00e9s szerkezet\u00e9nek kialakul\u00e1s\u00e1t a m\u00e1jsejtekb\u0151l t\u00f6rt\u00e9n\u0151 m\u00e1jregener\u00e1ci\u00f3 \u00e9s az \u0151ssejtmedi\u00e1lt m\u00e1jregener\u00e1ci\u00f3 sor\u00e1n is. Eredm\u00e9nyeink azt mutatt\u00e1k, a m\u00e1jsejtekb\u0151l t\u00f6rt\u00e9n\u0151 regener\u00e1ci\u00f3 \u00e9s az \u0151ssejtmedi\u00e1lt m\u00e1jregener\u00e1ci\u00f3 sor\u00e1n kiz\u00e1r\u00f3lag a m\u00e1r meglev\u0151 lebenyk\u00e9k megnagyobbod\u00e1sa r\u00e9v\u00e9n val\u00f3sul meg a m\u00e1j t\u00f6meg\u00e9nek a helyre\u00e1ll\u00edt\u00e1sa. Jelenleg foly\u00f3 k\u00eds\u00e9rleteinkben azt vizsg\u00e1ljuk, hogy a regener\u00e1ci\u00f3 sor\u00e1n megv\u00e1ltozott m\u00e1jszerkezet j\u00e1r-e funkcion\u00e1lis k\u00f6vetkezm\u00e9nyekkel. El\u0151zetes eredm\u00e9nyeink szerint a regener\u00e1lt m\u00e1jak \u00e9rz\u00e9kenys\u00e9ge n\u0151 k\u00e1ros\u00edt\u00f3 hat\u00e1sok ir\u00e1nt.<\/p>\n<p>Hum\u00e1n m\u00e1jmint\u00e1kon is siker\u00fclt a regener\u00e1ci\u00f3 k\u00e9t form\u00e1j\u00e1t megk\u00fcl\u00f6nb\u00f6ztetni massz\u00edv m\u00e1jnecrosist k\u00f6vet\u0151en. A m\u00e1j t\u00f6meg\u00e9nek helyre\u00e1ll\u00edt\u00e1sa vagy az acin\u00e1ris elrendez\u0151d\u00e9s\u0171, AFP pozit\u00edv m\u00e1jsejtek r\u00e9v\u00e9n vagy az \u0151ssejtekb\u0151l sz\u00e1rmaz\u00f3 regenerat\u00edv f\u00f3kuszok r\u00e9v\u00e9n val\u00f3sul meg. A regenerat\u00edv f\u00f3kuszok a port\u00e1lis v\u00e9na termin\u00e1lis \u00e1gai k\u00f6r\u00fcl alakulnak ki, megk\u00e9rd\u0151jelezhetetlenn\u00e9 t\u00e9ve a port\u00e1lis v\u00e9na szerep\u00e9t a regenerat\u00edv folyamatok \u00f6sszehangol\u00e1s\u00e1ban. A m\u00e1jcirrhosis is felfoghat\u00f3 egy elh\u00faz\u00f3d\u00f3 regeneratorikus folymatk\u00e9nt. Hypothesi\u00fcnk szerint a potenci\u00e1lis \u0151ssejtekk\u00e9nt viselked\u0151 epe ductulusok \u00e9s a parenchyma k\u00f6z\u00f6tti kapcsolat megszakad\u00e1sa vezethet a \u201cszab\u00e1lytalan\u201d regener\u00e1ci\u00f3hoz, ami a klinikai gyakorlatban a m\u00e1jcirrhosis irreversibilit\u00e1s\u00e1t eredm\u00e9nyezi.<\/p>\n<p><img loading=\"lazy\" decoding=\"async\" class=\"alignnone size-medium wp-image-8871\" src=\"https:\/\/semmelweis.hu\/patologia1\/files\/2025\/12\/maj-400x341.jpg\" alt=\"\" width=\"400\" height=\"341\" srcset=\"https:\/\/semmelweis.hu\/patologia1\/files\/2025\/12\/maj-400x341.jpg 400w, https:\/\/semmelweis.hu\/patologia1\/files\/2025\/12\/maj-768x654.jpg 768w, https:\/\/semmelweis.hu\/patologia1\/files\/2025\/12\/maj-753x641.jpg 753w, https:\/\/semmelweis.hu\/patologia1\/files\/2025\/12\/maj.jpg 888w\" sizes=\"auto, (max-width: 400px) 100vw, 400px\" \/><\/p>\n<p>&nbsp;<\/p>\n<p><strong>Publik\u00e1ci\u00f3k <\/strong>(az elm\u00falt id\u0151szak 3-5 legfontosabb k\u00f6zlem\u00e9nye):<\/p>\n<p>Dezs\u0151 K, Paku S, Juh\u00e1sz MM, K\u00f3bori L, Nagy P. Evolutionary view of liver pathology. Evolutionary applications 2024:17:e70059<\/p>\n<p>Dezs\u0151 K, Paku S, K\u00f3bori L, Thorgeirsson SS, Nagy P What makes cirrhosis irreversible?- Consideration on structural changes. Frontiers in Medicine 9,876293, 2022<\/p>\n<p>Dezs\u0151 K, Nagy P, Paku S Human liver regeneration following massive hepatic necrosis: Two distinct patterns. Journal Gastroenterol hepatol 35:124-134, 2019<\/p>\n<p>Dezs\u0151 K, R\u00f3kusz A, Bugyik E, Sz\u00fccs A, Szu\u00e1k A, Dorogi B, Kiss M, Nemesk\u00e9ri \u00c1, Nagy P, Paku S. Human liver regeneration in advanced cirrhosis is organized by the portal tree. J Hepatol. 2017 66:778-786]<\/p>\n<p>Papp V, R\u00f3kusz A, Dezs\u0151 K, Bugyik E, Szab\u00f3 V, P\u00e1vai Z, Paku S, Nagy P. Expansion of hepatic stem cell compartment boosts liver regeneration. Stem Cells Dev, 23:56-65, 2014.<\/p>\n<p>Dezs\u0151 K, Papp V, Bugyik E, Hegyesi H, S\u00e1fr\u00e1ny G, B\u00f6d\u00f6r C, Nagy P, Paku S. Structural analysis of oval cell mediated liver regeneration in rats. Hepatology. 56:1457-67, 2012.<\/p>\n<p>&nbsp;<\/p>\n<p><strong>A munkacsoport tagjai:<\/strong><\/p>\n<p>Dr. Nagy P\u00e9ter, egyetemi tan\u00e1r<\/p>\n<p>Dr. Paku S\u00e1ndor, tudom\u00e1nyos tan\u00e1csad\u00f3<\/p>\n<p>Dr. Dezs\u0151 Katalin, egyetemi tan\u00e1r<\/p>\n<p>Dr. V\u00e1ncza L\u00f3r\u00e1nd, rezidens<\/p>\n<p>Juh\u00e1sz M\u00e1ria Manuela, PhD hallgat\u00f3<\/p>\n<p>Hunyadi M\u00e1t\u00e9 Man\u00f3, TDK hallgat\u00f3<\/p>\n<p>&nbsp;<\/p>\n<p><strong>Nemzetk\u00f6zi kollabor\u00e1ci\u00f3k:<\/strong><\/p>\n<p>Ezio Laconi \u2013 Universit\u00e0 degli studi di Cagliari, Sardinia<\/p>\n<p>Melinda Rezeli &#8211; Lund University<\/p>\n<p>Julio Diaz-Perez \u2013 Virginia Commonwealth University<\/p>\n<p>Bal\u00e1zs D\u00f6me \u2013 Medical University of Vienna<\/p>\n<p>Emilio Casanova \u2013 Medical University of Vienna<\/p>\n","protected":false},"excerpt":{"rendered":"<p>M\u00c1J-REGENER\u00c1CI\u00d3 MUNKACSOPORT (Dr. Dezs\u0151 Katalin) A munkacsoport tev\u00e9kenys\u00e9ge: Munkacsoportunk f\u0151 kutat\u00e1si ter\u00fclete a m\u00e1jregener\u00e1ci\u00f3 k\u00fcl\u00f6nb\u00f6z\u0151 form\u00e1inak vizsg\u00e1lata patk\u00e1nymodellekben \u00e9s az \u00edgy nyert eredm\u00e9nyek \u00e9rtelmez\u00e9se human m\u00e1j elv\u00e1ltoz\u00e1sokban. A munkacsoport f\u0151bb eredm\u00e9nyei: A m\u00e1jregener\u00e1ci\u00f3 vizsg\u00e1lata sor\u00e1n fluoreszcens immunhisztok\u00e9miai m\u00f3dszereket alkalmazva siker\u00fclt jellemezni a szomatikus \u0151ssejtek forr\u00e1s\u00e1ul szolg\u00e1l\u00f3 kis epeutakat \u00e9p hum\u00e1n \u00e9s patk\u00e1ny m\u00e1jakban. R\u00e9szletesen tanulm\u00e1nyoztuk &hellip;<\/p>\n","protected":false},"author":54,"featured_media":0,"parent":42,"menu_order":0,"comment_status":"open","ping_status":"open","template":"","meta":{"_acf_changed":false,"footnotes":""},"categories":[],"tags":[],"class_list":["post-1416","page","type-page","status-publish","hentry"],"acf":[],"_links":{"self":[{"href":"https:\/\/semmelweis.hu\/patologia1\/wp-json\/wp\/v2\/pages\/1416","targetHints":{"allow":["GET"]}}],"collection":[{"href":"https:\/\/semmelweis.hu\/patologia1\/wp-json\/wp\/v2\/pages"}],"about":[{"href":"https:\/\/semmelweis.hu\/patologia1\/wp-json\/wp\/v2\/types\/page"}],"author":[{"embeddable":true,"href":"https:\/\/semmelweis.hu\/patologia1\/wp-json\/wp\/v2\/users\/54"}],"replies":[{"embeddable":true,"href":"https:\/\/semmelweis.hu\/patologia1\/wp-json\/wp\/v2\/comments?post=1416"}],"version-history":[{"count":9,"href":"https:\/\/semmelweis.hu\/patologia1\/wp-json\/wp\/v2\/pages\/1416\/revisions"}],"predecessor-version":[{"id":8872,"href":"https:\/\/semmelweis.hu\/patologia1\/wp-json\/wp\/v2\/pages\/1416\/revisions\/8872"}],"up":[{"embeddable":true,"href":"https:\/\/semmelweis.hu\/patologia1\/wp-json\/wp\/v2\/pages\/42"}],"wp:attachment":[{"href":"https:\/\/semmelweis.hu\/patologia1\/wp-json\/wp\/v2\/media?parent=1416"}],"wp:term":[{"taxonomy":"category","embeddable":true,"href":"https:\/\/semmelweis.hu\/patologia1\/wp-json\/wp\/v2\/categories?post=1416"},{"taxonomy":"post_tag","embeddable":true,"href":"https:\/\/semmelweis.hu\/patologia1\/wp-json\/wp\/v2\/tags?post=1416"}],"curies":[{"name":"wp","href":"https:\/\/api.w.org\/{rel}","templated":true}]}}