{"id":530,"date":"2015-05-04T12:27:01","date_gmt":"2015-05-04T10:27:01","guid":{"rendered":"http:\/\/semmelweis.hu\/parodontologia\/?page_id=530"},"modified":"2024-10-07T10:44:05","modified_gmt":"2024-10-07T08:44:05","slug":"tudomanyos-diakkori-munka","status":"publish","type":"page","link":"https:\/\/semmelweis.hu\/parodontologia\/kutatas\/tudomanyos-diakkori-munka\/","title":{"rendered":"Tudom\u00e1nyos Di\u00e1kk\u00f6ri Munka"},"content":{"rendered":"<p>A SE FOK Parodontol\u00f3giai Klinika \u00e1ltal ki\u00edrt illetve vezetett TDK-kutat\u00e1sokr\u00f3l \u00e9s a bel\u00e9p\u00e9s m\u00f3dj\u00e1r\u00f3l az Egyetem TDK-honlapj\u00e1n t\u00e1j\u00e9koz\u00f3dhat b\u0151vebben. <a href=\"http:\/\/tdk.semmelweis.hu\/altalanos-informaciok\/parodontologiai-klinika\">A Tudom\u00e1nyos Di\u00e1kk\u00f6r (TDK) honlapja.<\/a><\/p>\n<p>A Parodontol\u00f3giai Klinika TDK-felel\u0151se : Dr. Dobos Andrea klinikai szakorvos.<\/p>\n<p><strong>\u00c1ltal\u00e1nos t\u00e1j\u00e9koztat\u00f3:<\/strong><\/p>\n<p><strong>Jelentkez\u00e9si hat\u00e1rid\u0151k: <\/strong><\/p>\n<ul>\n<li><strong>tavaszi f\u00e9l\u00e9vben m\u00e1rcius 1.<\/strong><\/li>\n<li><strong>\u0151szi f\u00e9l\u00e9vben okt\u00f3ber 1.<\/strong><\/li>\n<\/ul>\n<p>TDK munka t\u00e1rgyfelv\u00e9tel a Neptunban a D\u00e9k\u00e1ni Hivatal \u00e1ltal meghat\u00e1rozott id\u0151pontig. (t\u00e1rgyfelv\u00e9teli id\u0151szak v\u00e9ge) Ezt k\u00f6vet\u0151en pedig adategyeztet\u00e9s a TDK felel\u0151ssel okt. 1. \/ m\u00e1rcius 1-ig.\u00a0<\/p>\n<p>3. \u00e9ves (vagy fiatalabb) hallgat\u00f3k sz\u00e1m\u00e1ra TDK-munk\u00e1t csak a Klinikaigazgat\u00f3 enged\u00e9lyezhet. Ilyen k\u00e9r\u00e9s eset\u00e9n keress\u00e9k Igazgat\u00f3 urat kiz\u00e1r\u00f3lag fogad\u00f3\u00f3r\u00e1ban (h\u00e9tf\u0151nk\u00e9nt 11-t\u0151l), miut\u00e1n t\u00e1j\u00e9koz\u00f3dtak arr\u00f3l, hogy valamelyik fut\u00f3 TDK kutat\u00e1sunk tudja \u00f6n\u00f6ket fogadni, tekintve, hogy a Parodontol\u00f3gia csak 4. \u00e9s 5. \u00e9ves t\u00e1rgy. Sok ilyen kutat\u00e1sunk van, \u00edgy ez \u00e1ltal\u00e1ban nem szokott gondot okozni. \u00d6r\u00f6mmel l\u00e1tjuk als\u00f3bb \u00e9ves \u00e9rdekl\u0151d\u0151 hallgat\u00f3inkat is.<\/p>\n<p>4. \u00e9s 5. \u00e9ves \u00faj hallgat\u00f3k is tekints\u00e9k \u00e1t t\u00e1bl\u00e1zatunkat, v\u00e1lasszanak t\u00e9m\u00e1t \u00e9s keress\u00e9k meg a kutat\u00e1s vezet\u0151j\u00e9t. Amennyiben a t\u00e9mavezet\u0151 tudja \u0151ket fogadni, keress\u00e9k meg \u0171rlapjukkal Dr. Dobos Andrea TDK-felel\u0151st. A TDK-munka egy kurrikulumban l\u00e9v\u0151 tant\u00e1rgy, teh\u00e1t TDK-munka eset\u00e9n a t\u00e1rgyat fel kell venni a Neptun-rendszerben is, a D\u00e9k\u00e1ni Hivatal \u00e1ltal meghat\u00e1rozott id\u0151pontig. A t\u00e1rgyfelv\u00e9tel a hallgat\u00f3 feladata, m\u00edg a TDT-ben val\u00f3 bejelent\u00e9s a Klinika feladata.<\/p>\n<p>\n<span style=\"font-size: 18pt\">Ki\u00edrt t\u00e9m\u00e1ink, t\u00e9mavezet\u0151k:<\/span><\/p>\n<table style=\"border-color: #000000;width: 100%;height: 605px\" border=\"1\" width=\"100%\">\n<tbody>\n<tr style=\"height: 33px\">\n<td style=\"width: 67.2078%;height: 33px\" width=\"419\"><strong>TDK-munka c\u00edme<\/strong><\/td>\n<td style=\"width: 32.684%;height: 33px\" width=\"204\"><strong>T\u00e9mavezet\u0151 neve (fokozattal)<\/strong><\/td>\n<\/tr>\n<tr style=\"height: 44px\">\n<td style=\"width: 67.2078%;height: 44px\" width=\"805\">A sebgy\u00f3gyul\u00e1s vizsg\u00e1lata a parodont\u00e1lis seb\u00e9szetben<\/td>\n<td style=\"width: 32.684%;height: 44px\" width=\"636\">Prof. D\u0151ri Ferenc, egyetemi tan\u00e1r<\/td>\n<\/tr>\n<tr style=\"height: 44px\">\n<td style=\"width: 67.2078%;height: 44px\" width=\"805\">A v\u00e9rlemezk\u00e9ben gazdag fibrin (PRF) parodontol\u00f3giai alkalmaz\u00e1sa<\/td>\n<td style=\"width: 32.684%;height: 44px\" width=\"636\">Prof. D\u0151ri Ferenc, egyetemi tan\u00e1r<\/td>\n<\/tr>\n<tr style=\"height: 44px\">\n<td style=\"width: 67.2078%;height: 44px\" width=\"805\">A v\u00e9rlemezk\u00e9ben gazdag plazma szerep\u00e9nek hossz\u00fat\u00e1v\u00fa vizsg\u00e1lata a parodont\u00e1lis gy\u00f3gyul\u00e1sban<\/td>\n<td style=\"width: 32.684%;height: 44px\" width=\"636\">Prof. D\u0151ri Ferenc, egyetemi tan\u00e1r<\/td>\n<\/tr>\n<tr style=\"height: 44px\">\n<td style=\"width: 67.2078%;height: 44px\" width=\"805\">Alveol\u00e1ris csont\u00e9p\u00edt\u00e9s innovat\u00edv technol\u00f3gi\u00e1kkal<\/td>\n<td style=\"width: 32.684%;height: 44px\" width=\"636\">dr. Horv\u00e1th Attila, egyetemi adjunktus<\/td>\n<\/tr>\n<tr style=\"height: 44px\">\n<td style=\"width: 67.2078%;height: 44px\" width=\"805\">Alveol\u00e1ris gerinc defektusok rehabilit\u00e1ci\u00f3ja t\u00f6bbl\u00e9pcs\u0151s m\u0171t\u00e9ti protokollok seg\u00edts\u00e9g\u00e9vel<\/td>\n<td style=\"width: 32.684%;height: 44px\" width=\"636\">Prof. Windisch P\u00e9ter egyetemi tan\u00e1r<\/td>\n<\/tr>\n<tr style=\"height: 125px\">\n<td style=\"width: 67.2078%;height: 125px\" width=\"805\">Az ir\u00e1ny\u00edtott sz\u00f6vetregener\u00e1ci\u00f3s(GTR) technika \u00f6sszehasonl\u00edt\u00e1sa \u00f6nmag\u00e1ban \u00e9s fogszab\u00e1lyz\u00f3val v\u00e9gzett azonnali fogmozgat\u00e1ssal alkalmazva, a sz\u00e9les, nem \u00f6nfenntart\u00f3, intraosszer parodont\u00e1lis defektusok gy\u00f3gy\u00edt\u00e1s\u00e1ban: prospekt\u00edv, randomiz\u00e1lt kontroll\u00e1lt klinikai vizsg\u00e1lat<\/td>\n<td style=\"width: 32.684%;height: 125px\" width=\"636\">dr. Nagy P\u00e1l Gy\u00f6rgy, egyetemi adjunktus<\/td>\n<\/tr>\n<tr style=\"height: 85px\">\n<td style=\"width: 67.2078%;height: 85px\" width=\"805\">L\u00e1gyr\u00e9sz rekonstrukci\u00f3s elj\u00e1r\u00e1sok fogak \u00e9s implant\u00e1tumok mellett, illetve lokaliz\u00e1lt \u00ednymegnagyobbod\u00e1sok elt\u00e1vol\u00edt\u00e1s\u00e1t k\u00f6vet\u0151en<\/td>\n<td style=\"width: 32.684%;height: 85px\" width=\"636\">dr. Dobos Andrea, egyetemi tan\u00e1rseg\u00e9d<\/td>\n<\/tr>\n<tr style=\"height: 44px\">\n<td style=\"width: 67.2078%;height: 44px\" width=\"805\">Nem felsz\u00edv\u00f3d\u00f3 membr\u00e1nnal v\u00e9gzett alveolus prezerv\u00e1ci\u00f3k \u00f6sszehasonlit\u00f3 \u00e9rt\u00e9kel\u00e9se<\/td>\n<td style=\"width: 32.684%;height: 44px\" width=\"636\">Prof. Windisch P\u00e9ter egyetemi tan\u00e1r<\/td>\n<\/tr>\n<tr style=\"height: 44px\">\n<td style=\"width: 67.2078%;height: 44px\" width=\"805\">Parodont\u00e1lis plasztikai seb\u00e9szeti beavatkoz\u00e1sok v\u00e9r\u00e1raml\u00e1s vizsg\u00e1lata<\/td>\n<td style=\"width: 32.684%;height: 44px\" width=\"636\">dr. S\u00f3lyom Eleon\u00f3ra, egyetemi tan\u00e1rseg\u00e9d<\/td>\n<\/tr>\n<tr style=\"height: 44px\">\n<td style=\"width: 67.2078%;height: 44px\" width=\"805\">Volumetrikus kem\u00e9nysz\u00f6veti v\u00e1ltoz\u00e1sok elemz\u00e9se vertik\u00e1lis ir\u00e1ny\u00edtott\u00a0csontregener\u00e1ci\u00f3 ut\u00e1n<\/td>\n<td style=\"width: 32.684%;height: 44px\" width=\"636\">dr. Palkovics D\u00e1niel, egyetemi adjunktus<\/td>\n<\/tr>\n<tr style=\"height: 63px\">\n<td style=\"width: 67.2078%;height: 10px\">\u00a0<\/td>\n<td style=\"width: 32.684%;height: 10px\">\u00a0<\/td>\n<\/tr>\n<\/tbody>\n<\/table>\n<p>&nbsp;<\/p>\n<p><span style=\"font-size: 18pt\">Klinik\u00e1nk TDK-hallgat\u00f3i, TDK munka kezdete:<\/span><\/p>\n<table style=\"width: 62.0394%\" width=\"439\">\n<tbody>\n<tr>\n<td style=\"width: 35.5612%\" width=\"64\"><strong>Hallgat\u00f3 neve<\/strong><\/td>\n<td style=\"width: 22.8123%\" width=\"101\"><strong>Kar, \u00e9vfolyam\u00a0<\/strong><\/td>\n<td style=\"width: 36.6036%\" width=\"155\"><strong>T\u00e9mavezet\u0151 neve<\/strong><\/td>\n<td style=\"width: 103.486%\" width=\"119\"><strong>TDK kezdete<\/strong><\/td>\n<\/tr>\n<tr>\n<td style=\"width: 35.5612%\" width=\"64\">Antal Sarolta<\/td>\n<td style=\"width: 22.8123%\" width=\"101\">FOK III.<\/td>\n<td style=\"width: 36.6036%\" width=\"155\">Dr. Dobos Andrea<\/td>\n<td style=\"width: 103.486%\" width=\"119\">2023 augusztus<\/td>\n<\/tr>\n<tr>\n<td style=\"width: 35.5612%\">Birkner Emma<\/td>\n<td style=\"width: 22.8123%\">FOK V.<\/td>\n<td style=\"width: 36.6036%\">Prof Windisch P\u00e9ter, Dr Moln\u00e1r B\u00e1lint<\/td>\n<td style=\"width: 103.486%\">2024 szeptember<\/td>\n<\/tr>\n<tr>\n<td style=\"width: 35.5612%\" width=\"64\">Csete R\u00e9ka Korn\u00e9lia<\/td>\n<td style=\"width: 22.8123%\" width=\"101\">FOK V.<\/td>\n<td style=\"width: 36.6036%\">Dr. Nagy P\u00e1l Gy\u00f6rgy<\/td>\n<td style=\"width: 103.486%\" width=\"119\">2023 szeptember<\/td>\n<\/tr>\n<tr>\n<td style=\"width: 35.5612%\">Csik Dorka\u00a0<\/td>\n<td style=\"width: 22.8123%\">FOK IV.<\/td>\n<td style=\"width: 36.6036%\">Prof D\u0151ri Ferenc<\/td>\n<td style=\"width: 103.486%\">2024 szeptember<\/td>\n<\/tr>\n<tr>\n<td style=\"width: 35.5612%\">De\u00e1k Attila Gergely<\/td>\n<td style=\"width: 22.8123%\">FOK IV.<\/td>\n<td style=\"width: 36.6036%\">Dr. Moln\u00e1r B\u00e1lint<\/td>\n<td style=\"width: 103.486%\">2024 szeptember<\/td>\n<\/tr>\n<tr>\n<td style=\"width: 35.5612%\" width=\"64\">Esze Petra Gerda<\/td>\n<td style=\"width: 22.8123%\" width=\"101\">FOK V.<\/td>\n<td style=\"width: 36.6036%\" width=\"155\">Dr. S\u00f3lyom Eleon\u00f3ra<\/td>\n<td style=\"width: 103.486%\" width=\"119\">2022 szeptember<\/td>\n<\/tr>\n<tr>\n<td style=\"width: 35.5612%\" width=\"64\">Hegyi Alexandra<\/td>\n<td style=\"width: 22.8123%\" width=\"101\">FOK V.<\/td>\n<td style=\"width: 36.6036%\">Dr. Palkovics D\u00e1niel<\/td>\n<td style=\"width: 103.486%\">2023 november<\/td>\n<\/tr>\n<tr>\n<td style=\"width: 35.5612%\">Huang Yuanjia<\/td>\n<td style=\"width: 22.8123%\">FOK V.<\/td>\n<td style=\"width: 36.6036%\">Prof D\u0151ri Ferenc<\/td>\n<td style=\"width: 103.486%\">2023 szeptember<\/td>\n<\/tr>\n<tr>\n<td style=\"width: 35.5612%\">Kerepeszki Petra<\/td>\n<td style=\"width: 22.8123%\">FOK V.<\/td>\n<td style=\"width: 36.6036%\">Dr. Moln\u00e1r B\u00e1lint<\/td>\n<td style=\"width: 103.486%\">2024 m\u00e1rcius<\/td>\n<\/tr>\n<tr>\n<td style=\"width: 35.5612%\" width=\"64\">Lang Cecilia<\/td>\n<td style=\"width: 22.8123%\" width=\"101\">FOK V.<\/td>\n<td style=\"width: 36.6036%\" width=\"155\">Prof.Windisch Peter<\/td>\n<td style=\"width: 103.486%\" width=\"119\">2023 szeptember<\/td>\n<\/tr>\n<tr>\n<td style=\"width: 35.5612%\">Nov\u00e1k Fruzsina<\/td>\n<td style=\"width: 22.8123%\">FOK V.<\/td>\n<td style=\"width: 36.6036%\">Dr. Horv\u00e1th Attila<\/td>\n<td style=\"width: 103.486%\">2024 \u00e1prilis<\/td>\n<\/tr>\n<tr>\n<td style=\"width: 35.5612%\">Sz\u0171r\u00f6s M\u00e1t\u00e9<\/td>\n<td style=\"width: 22.8123%\">FOK V.<\/td>\n<td style=\"width: 36.6036%\">Prof. Windisch P\u00e9ter<\/td>\n<td style=\"width: 103.486%\">2024 szeptember<\/td>\n<\/tr>\n<\/tbody>\n<\/table>\n","protected":false},"excerpt":{"rendered":"<p>A SE FOK Parodontol\u00f3giai Klinika \u00e1ltal ki\u00edrt illetve vezetett TDK-kutat\u00e1sokr\u00f3l \u00e9s a bel\u00e9p\u00e9s m\u00f3dj\u00e1r\u00f3l az Egyetem TDK-honlapj\u00e1n t\u00e1j\u00e9koz\u00f3dhat b\u0151vebben. <a href=\"http:\/\/tdk.semmelweis.hu\/altalanos-informaciok\/parodontologiai-klinika\">A Tudom\u00e1nyos Di\u00e1kk\u00f6r (TDK) honlapja.<\/a> A Parodontol\u00f3giai Klinika TDK-felel\u0151se : Dr. Dobos Andrea klinikai szakorvos. \u00c1ltal\u00e1nos t\u00e1j\u00e9koztat\u00f3: Jelentkez\u00e9si hat\u00e1rid\u0151k: tavaszi f\u00e9l\u00e9vben m\u00e1rcius 1. \u0151szi f\u00e9l\u00e9vben okt\u00f3ber 1. TDK munka t\u00e1rgyfelv\u00e9tel a Neptunban a D\u00e9k\u00e1ni Hivatal \u00e1ltal meghat\u00e1rozott id\u0151pontig. (t\u00e1rgyfelv\u00e9teli id\u0151szak v\u00e9ge) &hellip;<\/p>\n","protected":false},"author":101509,"featured_media":0,"parent":2412,"menu_order":2,"comment_status":"closed","ping_status":"closed","template":"","meta":{"_acf_changed":false,"footnotes":""},"categories":[],"tags":[],"class_list":["post-530","page","type-page","status-publish","hentry"],"acf":[],"_links":{"self":[{"href":"https:\/\/semmelweis.hu\/parodontologia\/wp-json\/wp\/v2\/pages\/530","targetHints":{"allow":["GET"]}}],"collection":[{"href":"https:\/\/semmelweis.hu\/parodontologia\/wp-json\/wp\/v2\/pages"}],"about":[{"href":"https:\/\/semmelweis.hu\/parodontologia\/wp-json\/wp\/v2\/types\/page"}],"author":[{"embeddable":true,"href":"https:\/\/semmelweis.hu\/parodontologia\/wp-json\/wp\/v2\/users\/101509"}],"replies":[{"embeddable":true,"href":"https:\/\/semmelweis.hu\/parodontologia\/wp-json\/wp\/v2\/comments?post=530"}],"version-history":[{"count":14,"href":"https:\/\/semmelweis.hu\/parodontologia\/wp-json\/wp\/v2\/pages\/530\/revisions"}],"predecessor-version":[{"id":4671,"href":"https:\/\/semmelweis.hu\/parodontologia\/wp-json\/wp\/v2\/pages\/530\/revisions\/4671"}],"up":[{"embeddable":true,"href":"https:\/\/semmelweis.hu\/parodontologia\/wp-json\/wp\/v2\/pages\/2412"}],"wp:attachment":[{"href":"https:\/\/semmelweis.hu\/parodontologia\/wp-json\/wp\/v2\/media?parent=530"}],"wp:term":[{"taxonomy":"category","embeddable":true,"href":"https:\/\/semmelweis.hu\/parodontologia\/wp-json\/wp\/v2\/categories?post=530"},{"taxonomy":"post_tag","embeddable":true,"href":"https:\/\/semmelweis.hu\/parodontologia\/wp-json\/wp\/v2\/tags?post=530"}],"curies":[{"name":"wp","href":"https:\/\/api.w.org\/{rel}","templated":true}]}}