{"id":523,"date":"2015-05-04T12:24:35","date_gmt":"2015-05-04T10:24:35","guid":{"rendered":"http:\/\/semmelweis.hu\/parodontologia\/?page_id=523"},"modified":"2021-01-30T19:27:43","modified_gmt":"2021-01-30T18:27:43","slug":"magunkrol","status":"publish","type":"page","link":"https:\/\/semmelweis.hu\/parodontologia\/a-klinikarol\/magunkrol\/","title":{"rendered":"Klinik\u00e1nk t\u00f6rt\u00e9nete"},"content":{"rendered":"<p style=\"text-align: justify\">Az \u00f6n\u00e1ll\u00f3 Parodontol\u00f3giai Klinika 1997-ben alakult, de gy\u00f6kerei t\u00f6bb mint 60 \u00e9vre ny\u00falnak vissza. A parodontol\u00f3gi\u00e1t \u00e9s or\u00e1lis medicin\u00e1t \u2013 kezdetben \u201cSz\u00e1jbetegs\u00e9gek\u201d n\u00e9v alatt \u2013 a Fogorvostudom\u00e1nyi Kar megalak\u00edt\u00e1s\u00e1t\u00f3l kezdve oktatj\u00e1k az egyetemen. A Parodontol\u00f3giai Klinika a P\u00e1zm\u00e1ny P\u00e9ter Tudom\u00e1nyegyetem Stomatol\u00f3giai Klinik\u00e1j\u00e1nak \u201cSz\u00e1jbeteg Oszt\u00e1ly\u201d-\u00e1b\u00f3l n\u0151tt ki, melyet Morelli Guszt\u00e1v alap\u00edtott \u00e9s melynek els\u0151 vezet\u0151je volt. \u0150t L\u0151rinczy Ervin, majd m\u00e9g a h\u00e1bor\u00fa alatt Sug\u00e1r L\u00e1szl\u00f3 egyetemi docens k\u00f6vette, aki az \u00faj rendszer\u0171 fogorvosk\u00e9pz\u00e9s megindul\u00e1s\u00e1t\u00f3l kezdve nyugd\u00edjba menetel\u00e9ig a Sz\u00e1jbetegs\u00e9gek \u00e9s parodontol\u00f3gia tant\u00e1rgy el\u0151ad\u00f3ja volt.<\/p>\n<p style=\"text-align: justify\">A Fogorvostudom\u00e1nyi Kar megalakul\u00e1sa ut\u00e1n mint a Sz\u00e1jseb\u00e9szeti \u00e9s Fog\u00e1szati Klinika egyik oszt\u00e1lya m\u0171k\u00f6d\u00f6tt a Parodontol\u00f3gia. Sug\u00e1r L\u00e1szl\u00f3 vezet\u00e9se alatt B\u00e1n\u00f3czy Jol\u00e1n \u00e9s Sallay Korn\u00e9lia voltak a parodontol\u00f3gia \u00e9s oralis medicina \u00fatt\u00f6r\u0151i, \u00e9s az akkori oszt\u00e1ly meghat\u00e1roz\u00f3 szem\u00e9lyis\u00e9gei, ahol \u2013 m\u00e9g a Sz\u00e1jseb\u00e9szeti Klinika keretein bel\u00fcl \u2013 komoly gy\u00f3gy\u00edt\u00f3, tudom\u00e1nyos \u00e9s oktat\u00f3i tev\u00e9kenys\u00e9g folyt. Az oszt\u00e1lyt nyug\u00e1llom\u00e1nyba vonul\u00e1s\u00e1ig, 1975-ig, Sug\u00e1r L\u00e1szl\u00f3 vezette.<\/p>\n<p style=\"text-align: justify\"><a href=\"https:\/\/semmelweis.hu\/parodontologia\/files\/2017\/12\/sugar-szajbetegsegek-1959-1.jpg\"><img loading=\"lazy\" decoding=\"async\" class=\"size-medium wp-image-1459 alignleft\" src=\"https:\/\/semmelweis.hu\/parodontologia\/files\/2017\/12\/sugar-szajbetegsegek-1959-1-300x202.jpg\" alt=\"\" width=\"300\" height=\"202\" srcset=\"https:\/\/semmelweis.hu\/parodontologia\/files\/2017\/12\/sugar-szajbetegsegek-1959-1-300x202.jpg 300w, https:\/\/semmelweis.hu\/parodontologia\/files\/2017\/12\/sugar-szajbetegsegek-1959-1-446x300.jpg 446w, https:\/\/semmelweis.hu\/parodontologia\/files\/2017\/12\/sugar-szajbetegsegek-1959-1.jpg 660w\" sizes=\"auto, (max-width: 300px) 100vw, 300px\" \/><\/a>A Klinika \u00f6n\u00e1ll\u00f3v\u00e1 v\u00e1l\u00e1sa el\u0151tti id\u0151szakban t\u00f6bb kandid\u00e1tusi disszert\u00e1ci\u00f3 sz\u00fcletett (Sug\u00e1r L\u00e1szl\u00f3, B\u00e1n\u00f3czy Jol\u00e1n, Sallay Korn\u00e9lia, K\u00f6vesi Gy\u00f6rgy \u00e9s Gera Istv\u00e1n) \u00e9s t\u00f6bb tank\u00f6nyv \u00e9s jegyzet f\u00e9mjelezte az oszt\u00e1ly tudom\u00e1nyos \u00e9s oktat\u00e1si tev\u00e9kenys\u00e9g\u00e9t. Itt l\u00e1tott napvil\u00e1got haz\u00e1nkban az els\u0151, Sug\u00e1r L\u00e1szl\u00f3 \u00e1ltal \u00edrt Sz\u00e1jbetegs\u00e9gek c. tank\u00f6nyv 1959-ben, melynek k\u00e9s\u0151bb t\u00f6bb kiad\u00e1sa jelent meg Sug\u00e1r L\u00e1szl\u00f3 \u00e9s Sallay Korn\u00e9lia szerkeszt\u00e9s\u00e9ben, s\u0151t az Akad\u00e9miai Kiad\u00f3 gondoz\u00e1s\u00e1ban 1980-ban oroszul is megjelent. Az els\u0151 \u00f6n\u00e1ll\u00f3 Parodontol\u00f3gia tank\u00f6nyv 1981-ben jelent meg Sallay Korn\u00e9lia \u00e9s Gera Istv\u00e1n toll\u00e1b\u00f3l. B\u00e1n\u00f3czy Jol\u00e1n 1953-t\u00f3l 1974-ig, a Konzerv\u00e1l\u00f3 Fog\u00e1szati Klinik\u00e1ra t\u00f6rt\u00e9nt tansz\u00e9kvezet\u0151 professzori kinevez\u00e9s\u00e9ig dolgozott \u00e9s kutatott a sz\u00e1jbeteg oszt\u00e1lyon. Ez alatt a k\u00e9t \u00e9vtized alatt nemzetk\u00f6zi rangot v\u00edvott ki az oralis praecancerosisok \u00e9s ezen bel\u00fcl a leukoplakia kutat\u00e1s\u00e1ban. Ebb\u0151l \u00edrta meg kandid\u00e1tusi disszert\u00e1ci\u00f3j\u00e1t is, ami akkor a klinik\u00e1n az els\u0151 ilyen, \u00f6n\u00e1ll\u00f3 kutat\u00f3munk\u00e1n alapul\u00f3 min\u0151s\u00edt\u00e9st szerezte meg sz\u00e1m\u00e1ra. Oral Leukoplakia c. monogr\u00e1fi\u00e1ja 1982-ben angolul, 1986-ban jap\u00e1nul is megjelent. M\u00e1r a hatvanas \u00e9vekben jelent\u0151s nemzetk\u00f6zi kollabor\u00e1ci\u00f3kban vett r\u00e9szt \u00e9s sz\u00e1mtalan nemzetk\u00f6zi publik\u00e1ci\u00f3ja jelent meg. Abban az id\u0151ben -a \u201evasf\u00fcgg\u00f6ny m\u00f6g\u00fcl-\u201d ez l\u00e9nyegesen nagyobb energi\u00e1t ig\u00e9nyelt, mint ma.<\/p>\n<p style=\"text-align: justify\"><a href=\"https:\/\/semmelweis.hu\/parodontologia\/files\/2017\/12\/sallay-gera-parodontologia.jpg\"><img loading=\"lazy\" decoding=\"async\" class=\"size-medium wp-image-1460 alignleft\" src=\"https:\/\/semmelweis.hu\/parodontologia\/files\/2017\/12\/sallay-gera-parodontologia-300x203.jpg\" alt=\"\" width=\"300\" height=\"203\" srcset=\"https:\/\/semmelweis.hu\/parodontologia\/files\/2017\/12\/sallay-gera-parodontologia-300x203.jpg 300w, https:\/\/semmelweis.hu\/parodontologia\/files\/2017\/12\/sallay-gera-parodontologia-442x300.jpg 442w, https:\/\/semmelweis.hu\/parodontologia\/files\/2017\/12\/sallay-gera-parodontologia.jpg 640w\" sizes=\"auto, (max-width: 300px) 100vw, 300px\" \/><\/a>Sug\u00e1r L\u00e1szl\u00f3 nyug\u00e1llom\u00e1nyba vonul\u00e1sa ut\u00e1n 1975-ben Sallay Korn\u00e9lia egyetemi docens vette \u00e1t az akkor m\u00e1r \u201cParodontol\u00f3gia \u00e9s Sz\u00e1jbeteg Oszt\u00e1ly\u201d nevet visel\u0151 r\u00e9szleg vezet\u00e9s\u00e9t, egyetemi tan\u00e1ri kinevez\u00e9st 1985-ben nyert. Sallay Korn\u00e9lia kiv\u00e1l\u00f3 kutat\u00f3, nagyszer\u0171 oktat\u00f3, de egyben polihisztor is volt. Ragyog\u00f3an festett, rajzolt, verseket \u00e9s sz\u00edndarabokat \u00edrt \u00e9s \u00e9lete v\u00e9g\u00e9n m\u0171ford\u00edt\u00e1sokkal is foglalkozott. Tudom\u00e1nyos tev\u00e9kenys\u00e9ge kezdetben az or\u00e1lis immunol\u00f3gia \u00e9s virol\u00f3gia ter\u00fclet\u00e9re korl\u00e1toz\u00f3dott, disszert\u00e1ci\u00f3j\u00e1t az aphtha patogenezis\u00e9b\u0151l \u00edrta. K\u00e9s\u0151bb, amint az oszt\u00e1ly profilja egyre ink\u00e1bb a parodontol\u00f3gia ir\u00e1ny\u00e1ba fordult, Sallay Korn\u00e9lia \u00e9rdekl\u0151d\u00e9se is a fog\u00e1gygyullad\u00e1s immunol\u00f3giai kutat\u00e1sa fel\u00e9 terel\u0151d\u00f6tt. Amerikai tanulm\u00e1ny\u00fatja sor\u00e1n Philadelphi\u00e1ban Novotny professzorral v\u00e9gzett t\u00f6bb olyan laborat\u00f3riumi \u00e1llatk\u00eds\u00e9rletet, amelyek k\u00e9s\u0151bb neves nemzetk\u00f6zi lapokban jelentek meg, k\u00f6zlem\u00e9ny form\u00e1j\u00e1ban.<\/p>\n<p style=\"text-align: justify\"><a href=\"https:\/\/semmelweis.hu\/parodontologia\/files\/2017\/12\/m\u00e1ria-utca1.jpg\"><img loading=\"lazy\" decoding=\"async\" class=\"size-medium wp-image-1454 alignleft\" src=\"https:\/\/semmelweis.hu\/parodontologia\/files\/2017\/12\/m\u00e1ria-utca1-300x204.jpg\" alt=\"\" width=\"300\" height=\"204\" srcset=\"https:\/\/semmelweis.hu\/parodontologia\/files\/2017\/12\/m\u00e1ria-utca1-300x204.jpg 300w, https:\/\/semmelweis.hu\/parodontologia\/files\/2017\/12\/m\u00e1ria-utca1-441x300.jpg 441w, https:\/\/semmelweis.hu\/parodontologia\/files\/2017\/12\/m\u00e1ria-utca1-175x120.jpg 175w, https:\/\/semmelweis.hu\/parodontologia\/files\/2017\/12\/m\u00e1ria-utca1.jpg 701w\" sizes=\"auto, (max-width: 300px) 100vw, 300px\" \/><\/a>Sallay Korn\u00e9lia nyugd\u00edjba vonul\u00e1sa ut\u00e1n, 1990-ben Gera Istv\u00e1n egyetemi docens vette \u00e1t az oszt\u00e1ly vezet\u00e9s\u00e9t, aki akkor m\u00e1r t\u00f6bb, mint h\u00e1rom \u00e9vet t\u00f6lt\u00f6tt el az USA-ban \u00e9s nyert parodontol\u00f3giai k\u00e9pz\u00e9st, valamint az USA-beli Connecticut \u00c1llam egyetem\u00e9n v\u00e9gzett kutat\u00f3 munk\u00e1j\u00e1b\u00f3l \u00edrta meg az osteoporosis t\u00e1rgyk\u00f6r\u00e9ben kandid\u00e1tusi disszert\u00e1ci\u00f3j\u00e1t. Vezet\u00e9se alatt az oszt\u00e1ly profilja m\u00e9g ink\u00e1bb a parodontol\u00f3gia ir\u00e1ny\u00e1ba tol\u00f3dott el, b\u00e1r K\u00f6vesi Gy\u00f6rgy egyetemi docens, aki k\u00f6zel n\u00e9gy \u00e9vtizedes kutat\u00f3i \u00e9s oktat\u00f3i tev\u00e9kenys\u00e9g\u00e9t a sz\u00e1jbetegs\u00e9geknek, az or\u00e1lis immunol\u00f3gi\u00e1nak \u00e9s praecancerosisok kutat\u00e1s\u00e1nak szentelte, tov\u00e1bbvitte a Sug\u00e1r-B\u00e1n\u00f3czy f\u00e9le sz\u00e1jbeteg iskol\u00e1t. K\u00f6vesi Gy\u00f6rgy az \u00f6n\u00e1ll\u00f3v\u00e1 v\u00e1lt or\u00e1lis medicina t\u00e1rgy el\u0151ad\u00f3ja lett.<\/p>\n<p style=\"text-align: justify\">A Parodontol\u00f3giai Klinika megalakul\u00e1sakor, 1997-ben Gera Istv\u00e1n egyetemi tan\u00e1r lett a klinika tansz\u00e9kvezet\u0151 professzora, \u00e9s hivatal\u00e1ban maradt eg\u00e9szen 2014-ig, amikor <a href=\"https:\/\/semmelweis.hu\/hirek\/2014\/08\/08\/dr-windisch-peter-a-szakma-szeretete-a-legfontosabb\/\" target=\"_blank\" rel=\"noopener noreferrer\">Dr. Windisch P\u00e9ter, egyetemi tan\u00e1r vette \u00e1t a tansz\u00e9k vezet\u00e9s\u00e9t<\/a>.<\/p>\n<p>A fogorvostanhallgat\u00f3k sz\u00e1m\u00e1ra az or\u00e1lis medicina tant\u00e1rgyat eg\u00e9szen 2017-ig oktatta a Klinika, dr. K\u00f6vesi Gy\u00f6rgy nyugugalmazott egy. docens \u00e9s Prof. Gera Istv\u00e1n szerkeszt\u00e9s\u00e9ben jelent meg a hi\u00e1nyp\u00f3tl\u00f3\u00a0<a href=\"https:\/\/semmelweis.hu\/parodontologia\/2016\/10\/21\/oralis-medicina-szajbetegsegek\/\" target=\"_blank\" rel=\"noopener noreferrer\"><em>Or\u00e1lis medicina, sz\u00e1jbetegs\u00e9gek<\/em>\u00a0tank\u00f6nyv 2016-ban<\/a>. 2017 \u00f3ta a\u00a0parodontol\u00f3gia tant\u00e1rgyat oktatj\u00e1k a klinika munkat\u00e1rsai magyar, n\u00e9met \u00e9s angol nyelven, n\u00e9gy f\u00e9l\u00e9ven \u00e1t, szigorlatos z\u00e1r\u00e1ssal. 2017-ig Klinik\u00e1nk l\u00e1tta el a sz\u00e1jny\u00e1lkah\u00e1rtya-betegeket is, ez a profil a tant\u00e1rgy \u00e1tad\u00e1s\u00e1val ker\u00fclt \u00e1t az Or\u00e1lis Diagnosztika tansz\u00e9khez.<\/p>\n<div class=\"exp-col-content-holder\">\n<p><a class=\"expand-cnt-link\" href=\"#\">A Parodontol\u00f3giai Klinika \u00e9s a Sz\u00e1jseb\u00e9szeti Klinika Sz\u00e1jbeteg Oszt\u00e1ly\u00e1n dolgoz\u00f3 oktat\u00f3k a Fogorvostudom\u00e1nyi Kar megalakul\u00e1s\u00e1t\u00f3l napjainkig:<\/a><\/p>\n<div class=\"hidden-content\">\n<p style=\"padding-left: 60px\">Dr. Sug\u00e1r L\u00e1szl\u00f3 egyetemi docens oszt\u00e1lyvezet\u0151 1953- 1979<br \/>\nDr. B\u00e1n\u00f3czy Jol\u00e1n egyetemi adjunktus 1953-1974<br \/>\nDr. Sallay Korn\u00e9lia egyetemi tan\u00e1r, oszt\u00e1lyvezet\u0151 1953-1990<br \/>\nDr. Benedek Erika egyetemi docens majd tudom\u00e1nyos szaktan\u00e1csad\u00f3 1970-2011<br \/>\nDr. Szab\u00f3 L\u00e1szl\u00f3 egyetemi tan\u00e1rseg\u00e9d 1953-1975<br \/>\nDr. G\u00fcrtler Anna egyetemi tan\u00e1rseg\u00e9d 1969-<br \/>\nDr. Csat\u00f3 L\u00e1szl\u00f3 egyetemi tan\u00e1rseg\u00e9d 1958 \u2013 1969<br \/>\nDr. K\u00f6vesi Gy\u00f6rgy egyetemi docens 1969 \u2013 2015<br \/>\nDr. Dom\u00e1nyh\u00e1zi G\u00e1bor egyetemi tan\u00e1rseg\u00e9d 1975-1979<br \/>\nDr. Gulich \u00c1kos egyetemi tan\u00e1rseg\u00e9d 1979-1990<br \/>\nDr. Tak\u00e1ch Andrea egyetemi tan\u00e1rseg\u00e9d 1977-1981<br \/>\nDr. F\u00fcrstner J\u00f3zsef klinikai orvos 1993-95<\/p>\n<p style=\"padding-left: 60px\">Dr. Keglevich Tibor egyetemi adjunktus 1989-2009; Dr. Zsidr\u00f3 Emese klinikai orvos 1994-1996; Dr. Ratk\u00f3czi Lilla klinikai orvos 1997-2001; Dr. Szil\u00e1gyi Emese egyetemi tan\u00e1rseg\u00e9d 1997-2011; Dr. \u00dajv\u00e1ri Zsuzsa rezidens 2001-2002; Dr. Rosta P\u00e9ter klinikai orvos 2004-2011; Dr. Tihanyi D\u00f3ra klinikai szakorvos 2002-2017; Dr. Kiss D\u00f3ra rezidens 2003-2011; Dr. Kov\u00e1cs Viola rezidens, 2004-2006; Dr. Sz\u0171cs Ilona rezidens 2009-2013; Dr. Luk\u00e1cs L\u00e1szl\u00f3 klinikai szakorvos 2009-2012;<\/p>\n<p style=\"padding-left: 60px\">Dr. Fazekas Vera klinikai szakorvos; Dr. Sz\u00e1nt\u00f3 Erika klinikai szakorvos; Dr. T\u00f3th P\u00e9ter Ern\u0151 klinikai szakorvos; Dr. \u00c1gics Anik\u00f3 klinikai szakorvos; Dr. Hulik Emese rezidens; Dr. Kis R\u00e9ka, kilinkai szakorvos; Dr. G\u00e1bor Anita, egy. tan\u00e1rseg\u00e9d; Dr. Szatm\u00e1ri P\u00e9ter, klinikai szakorvos, Dr. T\u00f6r\u00f6k B\u00e1lint, klinikai szakorvos, Dr. El-Hage Jade Bence, klinikai szakorvos, Dr. Zsoldos G\u00e9za M\u00e1rton, klinikai szakorvos, Dr. Borsi Krisztina, egyetemi szakorvos, Dr. Kuhajda P\u00e9ter, klinikai szakorvos, Dr. K\u00f6v\u00e9r Kriszti\u00e1n, klinikai szakorvos, Dr. Erd\u0151s Zsuzsanna, klinikai szakorvos, dr. Eper M\u00e1ria klinikai szakorvos, dr. Nevelits Annam\u00e1ria rezidens<\/p>\n<\/div>\n<\/div>\n","protected":false},"excerpt":{"rendered":"<p>Az \u00f6n\u00e1ll\u00f3 Parodontol\u00f3giai Klinika 1997-ben alakult, de gy\u00f6kerei t\u00f6bb mint 60 \u00e9vre ny\u00falnak vissza. A parodontol\u00f3gi\u00e1t \u00e9s or\u00e1lis medicin\u00e1t \u2013 kezdetben \u201cSz\u00e1jbetegs\u00e9gek\u201d n\u00e9v alatt \u2013 a Fogorvostudom\u00e1nyi Kar megalak\u00edt\u00e1s\u00e1t\u00f3l kezdve oktatj\u00e1k az egyetemen. A Parodontol\u00f3giai Klinika a P\u00e1zm\u00e1ny P\u00e9ter Tudom\u00e1nyegyetem Stomatol\u00f3giai Klinik\u00e1j\u00e1nak \u201cSz\u00e1jbeteg Oszt\u00e1ly\u201d-\u00e1b\u00f3l n\u0151tt ki, melyet Morelli Guszt\u00e1v alap\u00edtott \u00e9s melynek els\u0151 vezet\u0151je volt. &hellip;<\/p>\n","protected":false},"author":101509,"featured_media":0,"parent":2408,"menu_order":2,"comment_status":"closed","ping_status":"closed","template":"","meta":{"_acf_changed":false,"footnotes":""},"categories":[],"tags":[],"class_list":["post-523","page","type-page","status-publish","hentry"],"acf":[],"_links":{"self":[{"href":"https:\/\/semmelweis.hu\/parodontologia\/wp-json\/wp\/v2\/pages\/523","targetHints":{"allow":["GET"]}}],"collection":[{"href":"https:\/\/semmelweis.hu\/parodontologia\/wp-json\/wp\/v2\/pages"}],"about":[{"href":"https:\/\/semmelweis.hu\/parodontologia\/wp-json\/wp\/v2\/types\/page"}],"author":[{"embeddable":true,"href":"https:\/\/semmelweis.hu\/parodontologia\/wp-json\/wp\/v2\/users\/101509"}],"replies":[{"embeddable":true,"href":"https:\/\/semmelweis.hu\/parodontologia\/wp-json\/wp\/v2\/comments?post=523"}],"version-history":[{"count":12,"href":"https:\/\/semmelweis.hu\/parodontologia\/wp-json\/wp\/v2\/pages\/523\/revisions"}],"predecessor-version":[{"id":3528,"href":"https:\/\/semmelweis.hu\/parodontologia\/wp-json\/wp\/v2\/pages\/523\/revisions\/3528"}],"up":[{"embeddable":true,"href":"https:\/\/semmelweis.hu\/parodontologia\/wp-json\/wp\/v2\/pages\/2408"}],"wp:attachment":[{"href":"https:\/\/semmelweis.hu\/parodontologia\/wp-json\/wp\/v2\/media?parent=523"}],"wp:term":[{"taxonomy":"category","embeddable":true,"href":"https:\/\/semmelweis.hu\/parodontologia\/wp-json\/wp\/v2\/categories?post=523"},{"taxonomy":"post_tag","embeddable":true,"href":"https:\/\/semmelweis.hu\/parodontologia\/wp-json\/wp\/v2\/tags?post=523"}],"curies":[{"name":"wp","href":"https:\/\/api.w.org\/{rel}","templated":true}]}}