{"id":370,"date":"2014-02-06T11:29:48","date_gmt":"2014-02-06T10:29:48","guid":{"rendered":"http:\/\/semmelweis.hu\/parodontologia\/?page_id=370"},"modified":"2026-04-10T08:34:14","modified_gmt":"2026-04-10T06:34:14","slug":"jarobeteg-szakrendelesek-ambulanciak","status":"publish","type":"page","link":"https:\/\/semmelweis.hu\/parodontologia\/betegellatas\/jarobeteg-szakrendelesek-ambulanciak\/","title":{"rendered":"J\u00e1r\u00f3beteg szakrendel\u00e9sek, ambulanci\u00e1k"},"content":{"rendered":"<p><span style=\"color: #000000\">Tisztelt P\u00e1cienseink!<\/span><\/p>\n<p><span style=\"color: #000000\">Az influenz\u00e1s megbeteged\u00e9sek sz\u00e1m\u00e1nak gyors n\u00f6veked\u00e9se miatt, ez\u00faton t\u00e1j\u00e9koztatjuk \u00d6n\u00f6ket, hogy<span style=\"color: #800000\"><strong> 2026. janu\u00e1r 10- t\u0151l<\/strong><\/span>, a Fogorvostudom\u00e1nyi Kar Oktat\u00e1si Centrum\u00e1ban, ezzel egy\u00fctt a <span style=\"color: #800000\"><strong>Parodontol\u00f3giai Klinik\u00e1n is k\u00f6telez\u0151v\u00e9 v\u00e1lt maszkhaszn\u00e1lat.<\/strong>\u00a0<\/span><\/span><\/p>\n<p><span style=\"color: #000000\">Meg\u00e9rt\u00e9s\u00fcket k\u00f6sz\u00f6nj\u00fck!\u00a0<\/span><\/p>\n<p><span style=\"color: #000000\"><em>Parodontol\u00f3giai Klinika dolgoz\u00f3i<\/em><\/span><\/p>\n<p>&nbsp;<\/p>\n<p><strong>Kedves P\u00e1cienseink!<\/strong><\/p>\n<p><strong>A parodontol\u00f3giai szakrendel\u00e9sre<span style=\"text-decoration: underline\"> parodontol\u00f3giai beutal\u00f3<\/span>\u00a0sz\u00fcks\u00e9ges!<\/strong><\/p>\n<p><span style=\"color: #ff0000\"><strong>A beutal\u00f3n BNO-k\u00f3dnak is szerepelni kell! (OTH szolg\u00e1latsz\u00e1m: 001087712)<\/strong><\/span><\/p>\n<p><span style=\"color: #ff0000\"><strong>Els\u0151 jelentkez\u00e9skor<\/strong> id\u0151pont foglal\u00e1sa nem lehets\u00e9ges. <br \/>\n<strong>\u00c9rkez\u00e9s:<\/strong> rendel\u00e9si id\u0151ben, 8.00 \u00e9s 14:30 k\u00f6z\u00f6tt.\u00a0<\/span><\/p>\n<p><strong><span style=\"color: #003366\">Tisztelettel \u00e9rtes\u00edtj\u00fck kedves P\u00e1cienseinket, hogy Klinik\u00e1nk h\u00e9tf\u0151nk\u00e9nt 12.30-t\u00f3l 14.30-ig orvosi refer\u00e1l\u00f3 \u00e9rtekezletet tart, melyen orvos koll\u00e9g\u00e1inknak a r\u00e9szv\u00e9tel k\u00f6telez\u0151. E kb. k\u00e9t \u00f3r\u00e1s id\u0151szakban a rendel\u00e9s az \u00e1tlagosn\u00e1l lassabban folyhat. K\u00f6sz\u00f6nj\u00fck t\u00fcrelm\u00fcket!<\/span><\/strong><\/p>\n<p>\nA betegfelv\u00e9tel az \u00e9p\u00fclet f\u00f6ldszinti betegfelv\u00e9teli pultj\u00e1n\u00e1l t\u00f6rt\u00e9nik.<\/p>\n<p><span style=\"color: #ff0000\"><strong>K\u00e9rj\u00fck, hozza mag\u00e1val:<\/strong><\/span><\/p>\n<ul>\n<li><strong>parodontol\u00f3giai szakvizsg\u00e1latra sz\u00f3l\u00f3 orvosi beutal\u00f3j\u00e1t<\/strong>\u00a0<\/li>\n<li>\u00e9rv\u00e9nyes TAJ k\u00e1rty\u00e1j\u00e1t<\/li>\n<li>szem\u00e9lyi igazolv\u00e1ny\u00e1t<\/li>\n<li>lakc\u00edm k\u00e1rty\u00e1j\u00e1t<\/li>\n<\/ul>\n<p>Ha m\u00e1r j\u00e1rt n\u00e1lunk, akkor elegend\u0151: TAJ k\u00e1rtya vagy szem\u00e9lyi igazolv\u00e1ny.<br \/>\nVisszat\u00e9r\u0151 p\u00e1cienseinkt\u0151l csak akkor k\u00e9r\u00fcnk \u00faj beutal\u00f3t, ha egy \u00e9vn\u00e9l r\u00e9gebben j\u00e1rtak n\u00e1lunk.<br \/>\nA tov\u00e1bbi kezel\u00e9sekre id\u0151pont egyeztet\u00e9ssel tudnak elj\u00f6nni, az id\u0151pontot a kezel\u0151orvosukkal tudj\u00e1k egyeztetni emailen vagy telefonon.<\/p>\n<p><strong>C\u00edm:<\/strong> Parodontol\u00f3giai Klinika 1088 Budapest, Szentkir\u00e1lyi u. 47. IV. emelet <br \/>\nTelefon: (06-1) 318-0011 <br \/>\nKartonoz\u00f3: 412. szoba (59229-es mell\u00e9k) <br \/>\nKezel\u0151k: 408., 409. szoba (59244-es \u00e9s 59234-es mell\u00e9k).\u00a0<\/p>\n<p>Postac\u00edm: 1428 Budapest \u00dcll\u0151i \u00fat 26. Pf. 2.<\/p>\n<p>Orvosainkr\u00f3l az <a href=\"https:\/\/semmelweis.hu\/parodontologia\/elerhetosegek\/\" target=\"_blank\" rel=\"noopener noreferrer\">EL\u00c9RHET\u0150S\u00c9GEK men\u00fc MUNKAT\u00c1RSAK<\/a> men\u00fcpontj\u00e1ban t\u00e1j\u00e9koz\u00f3dhat.<\/p>\n<p><span style=\"color: #ff0000\"><strong>Felv\u00e9teles orvosaink 2026. febru\u00e1r 2- t\u0151l\u00a0<br \/>\n<\/strong><\/span><\/p>\n<p><span style=\"color: #ff0000\"><strong>H\u00e9tf\u0151: <\/strong>Dr. Birkner Emma<\/span><span style=\"color: #ff0000;font-size: 1rem\"><br \/>\n<\/span><strong style=\"font-size: 1rem;color: #ff0000\">Kedd:<\/strong><span style=\"font-size: 1rem;color: #ff0000\"> Dr. Kiss Luca<\/span><span style=\"color: #ff0000;font-size: 1rem\"><br \/>\n<\/span><span style=\"color: #ff0000\"><strong>Szerda:<\/strong> Dr. Lang Cec\u00edlia<\/span><br \/>\n<span style=\"color: #ff0000\"><strong>Cs\u00fct\u00f6rt\u00f6k: <\/strong><span style=\"color: #ff0000;font-size: 1rem\">Dr. Krishnamurthy Art\u00far\u00a0<\/span><\/span><br \/>\n<span style=\"color: #ff0000\"><strong>P\u00e9ntek:<\/strong> <span style=\"color: #ff0000;font-size: 1rem\">Dr. Hegyi Alexandra<\/span><\/span><\/p>\n<p>&nbsp;<\/p>\n","protected":false},"excerpt":{"rendered":"<p>Tisztelt P\u00e1cienseink! Az influenz\u00e1s megbeteged\u00e9sek sz\u00e1m\u00e1nak gyors n\u00f6veked\u00e9se miatt, ez\u00faton t\u00e1j\u00e9koztatjuk \u00d6n\u00f6ket, hogy 2026. janu\u00e1r 10- t\u0151l, a Fogorvostudom\u00e1nyi Kar Oktat\u00e1si Centrum\u00e1ban, ezzel egy\u00fctt a Parodontol\u00f3giai Klinik\u00e1n is k\u00f6telez\u0151v\u00e9 v\u00e1lt maszkhaszn\u00e1lat.\u00a0 Meg\u00e9rt\u00e9s\u00fcket k\u00f6sz\u00f6nj\u00fck!\u00a0 Parodontol\u00f3giai Klinika dolgoz\u00f3i &nbsp; Kedves P\u00e1cienseink! A parodontol\u00f3giai szakrendel\u00e9sre parodontol\u00f3giai beutal\u00f3\u00a0sz\u00fcks\u00e9ges! A beutal\u00f3n BNO-k\u00f3dnak is szerepelni kell! (OTH szolg\u00e1latsz\u00e1m: 001087712) Els\u0151 jelentkez\u00e9skor &hellip;<\/p>\n","protected":false},"author":101509,"featured_media":0,"parent":2089,"menu_order":2,"comment_status":"closed","ping_status":"closed","template":"","meta":{"_acf_changed":false,"footnotes":""},"categories":[],"tags":[],"class_list":["post-370","page","type-page","status-publish","hentry"],"acf":[],"_links":{"self":[{"href":"https:\/\/semmelweis.hu\/parodontologia\/wp-json\/wp\/v2\/pages\/370","targetHints":{"allow":["GET"]}}],"collection":[{"href":"https:\/\/semmelweis.hu\/parodontologia\/wp-json\/wp\/v2\/pages"}],"about":[{"href":"https:\/\/semmelweis.hu\/parodontologia\/wp-json\/wp\/v2\/types\/page"}],"author":[{"embeddable":true,"href":"https:\/\/semmelweis.hu\/parodontologia\/wp-json\/wp\/v2\/users\/101509"}],"replies":[{"embeddable":true,"href":"https:\/\/semmelweis.hu\/parodontologia\/wp-json\/wp\/v2\/comments?post=370"}],"version-history":[{"count":17,"href":"https:\/\/semmelweis.hu\/parodontologia\/wp-json\/wp\/v2\/pages\/370\/revisions"}],"predecessor-version":[{"id":4938,"href":"https:\/\/semmelweis.hu\/parodontologia\/wp-json\/wp\/v2\/pages\/370\/revisions\/4938"}],"up":[{"embeddable":true,"href":"https:\/\/semmelweis.hu\/parodontologia\/wp-json\/wp\/v2\/pages\/2089"}],"wp:attachment":[{"href":"https:\/\/semmelweis.hu\/parodontologia\/wp-json\/wp\/v2\/media?parent=370"}],"wp:term":[{"taxonomy":"category","embeddable":true,"href":"https:\/\/semmelweis.hu\/parodontologia\/wp-json\/wp\/v2\/categories?post=370"},{"taxonomy":"post_tag","embeddable":true,"href":"https:\/\/semmelweis.hu\/parodontologia\/wp-json\/wp\/v2\/tags?post=370"}],"curies":[{"name":"wp","href":"https:\/\/api.w.org\/{rel}","templated":true}]}}

Járóbeteg szakrendelések, ambulanciák

<p><span style="color: #000000">Tisztelt Pácienseink!</span></p>
<p><span style="color: #000000">Az influenzás megbetegedések számának gyors növekedése miatt, ezúton tájékoztatjuk Önöket, hogy<span style="color: #800000"><strong> 2026. január 10- től</strong></span>, a Fogorvostudományi Kar Oktatási Centrumában, ezzel együtt a <span style="color: #800000"><strong>Parodontológiai Klinikán is kötelezővé vált maszkhasználat.</strong> </span></span></p>
<p><span style="color: #000000">Megértésüket köszönjük! </span></p>
<p><span style="color: #000000"><em>Parodontológiai Klinika dolgozói</em></span></p>
<p>&nbsp;</p>
<p><strong>Kedves Pácienseink!</strong></p>
<p><strong>A parodontológiai szakrendelésre<span style="text-decoration: underline"> parodontológiai beutaló</span> szükséges!</strong></p>
<p><span style="color: #ff0000"><strong>A beutalón BNO-kódnak is szerepelni kell! (OTH szolgálatszám: 001087712)</strong></span></p>
<p><span style="color: #ff0000"><strong>Első jelentkezéskor</strong> időpont foglalása nem lehetséges. <br />
<strong>Érkezés:</strong> rendelési időben, 8.00 és 14:30 között. </span></p>
<p><strong><span style="color: #003366">Tisztelettel értesítjük kedves Pácienseinket, hogy Klinikánk hétfőnként 12.30-tól 14.30-ig orvosi referáló értekezletet tart, melyen orvos kollégáinknak a részvétel kötelező. E kb. két órás időszakban a rendelés az átlagosnál lassabban folyhat. Köszönjük türelmüket!</span></strong></p>
<p>
A betegfelvétel az épület földszinti betegfelvételi pultjánál történik.</p>
<p><span style="color: #ff0000"><strong>Kérjük, hozza magával:</strong></span></p>
<ul>
<li><strong>parodontológiai szakvizsgálatra szóló orvosi beutalóját</strong> </li>
<li>érvényes TAJ kártyáját</li>
<li>személyi igazolványát</li>
<li>lakcím kártyáját</li>
</ul>
<p>Ha már járt nálunk, akkor elegendő: TAJ kártya vagy személyi igazolvány.<br />
Visszatérő pácienseinktől csak akkor kérünk új beutalót, ha egy évnél régebben jártak nálunk.<br />
A további kezelésekre időpont egyeztetéssel tudnak eljönni, az időpontot a kezelőorvosukkal tudják egyeztetni emailen vagy telefonon.</p>
<p><strong>Cím:</strong> Parodontológiai Klinika 1088 Budapest, Szentkirályi u. 47. IV. emelet <br />
Telefon: (06-1) 318-0011 <br />
Kartonozó: 412. szoba (59229-es mellék) <br />
Kezelők: 408., 409. szoba (59244-es és 59234-es mellék). </p>
<p>Postacím: 1428 Budapest Üllői út 26. Pf. 2.</p>
<p>Orvosainkról az <a href="https://semmelweis.hu/parodontologia/elerhetosegek/" target="_blank" rel="noopener noreferrer">ELÉRHETŐSÉGEK menü MUNKATÁRSAK</a> menüpontjában tájékozódhat.</p>
<p><span style="color: #ff0000"><strong>Felvételes orvosaink 2026. február 2- től <br />
</strong></span></p>
<p><span style="color: #ff0000"><strong>Hétfő: </strong>Dr. Birkner Emma</span><span style="color: #ff0000;font-size: 1rem"><br />
</span><strong style="font-size: 1rem;color: #ff0000">Kedd:</strong><span style="font-size: 1rem;color: #ff0000"> Dr. Kiss Luca</span><span style="color: #ff0000;font-size: 1rem"><br />
</span><span style="color: #ff0000"><strong>Szerda:</strong> Dr. Lang Cecília</span><br />
<span style="color: #ff0000"><strong>Csütörtök: </strong><span style="color: #ff0000;font-size: 1rem">Dr. Krishnamurthy Artúr </span></span><br />
<span style="color: #ff0000"><strong>Péntek:</strong> <span style="color: #ff0000;font-size: 1rem">Dr. Hegyi Alexandra</span></span></p>
<p>&nbsp;</p>

<p>Tisztelt Pácienseink! Az influenzás megbetegedések számának gyors növekedése miatt, ezúton tájékoztatjuk Önöket, hogy 2026. január 10- től, a Fogorvostudományi Kar Oktatási Centrumában, ezzel együtt a Parodontológiai Klinikán is kötelezővé vált maszkhasználat.  Megértésüket köszönjük!  Parodontológiai Klinika dolgozói &nbsp; Kedves Pácienseink! A parodontológiai szakrendelésre parodontológiai beutaló szükséges! A beutalón BNO-kódnak is szerepelni kell! (OTH szolgálatszám: 001087712) Első jelentkezéskor &hellip;</p>
