{"id":2728,"date":"2019-12-17T09:29:46","date_gmt":"2019-12-17T08:29:46","guid":{"rendered":"http:\/\/semmelweis.hu\/parodontologia\/?page_id=2728"},"modified":"2025-04-03T13:43:00","modified_gmt":"2025-04-03T11:43:00","slug":"rezidens-tematika","status":"publish","type":"page","link":"https:\/\/semmelweis.hu\/parodontologia\/oktatas\/posztgradualis-kepzes\/rezidens-tematika\/","title":{"rendered":"K\u00fcls\u0151s rezidenseknek"},"content":{"rendered":"<p><span style=\"font-size: 24pt\">K\u00fcls\u0151s rezidensek klinikai szakgyakorlat\u00e1nak elm\u00e9leti tematik\u00e1ja<\/span><\/p>\n<p>&nbsp;<\/p>\n<table style=\"width: 71.8642%;height: 848px\" width=\"530\">\n<tbody>\n<tr style=\"height: 53px\">\n<td style=\"width: 7.36198%;height: 53px\" width=\"28\">\n<p>1<\/p>\n<\/td>\n<td style=\"width: 81.2959%;height: 53px\" width=\"443\">\n<p><a href=\"https:\/\/semmelweis.hu\/parodontologia\/files\/2022\/11\/Kulsos-GI-PARODONTALISAN-KAROSODOTT-FOGAKRA-KESZULT-2022.pdf\" target=\"_blank\" rel=\"noopener\">Protetikai rehabilit\u00e1ci\u00f3\u00a0 parodont\u00e1lis szempontjai<\/a><\/p>\n<\/td>\n<td style=\"width: 11.1531%;height: 53px\" width=\"59\">\n<p>GI<\/p>\n<\/td>\n<\/tr>\n<tr style=\"height: 53px\">\n<td style=\"width: 7.36198%;height: 53px\" width=\"28\">\n<p>2<\/p>\n<\/td>\n<td style=\"width: 81.2959%;height: 53px\" width=\"443\">\n<p><a href=\"https:\/\/semmelweis.hu\/parodontologia\/files\/2022\/11\/Kulsos-HA-Ortho-paro-kapcs.handout.pdf\" target=\"_blank\" rel=\"noopener\">Orthodoncia \u00e9s parodontol\u00f3gia kapcsolata<\/a><\/p>\n<\/td>\n<td style=\"width: 11.1531%;height: 53px\" width=\"59\">\n<p>HA<\/p>\n<\/td>\n<\/tr>\n<tr style=\"height: 53px\">\n<td style=\"width: 7.36198%;height: 53px\" width=\"28\">\n<p>3<\/p>\n<\/td>\n<td style=\"width: 81.2959%;height: 53px\" width=\"443\">\n<p><a href=\"https:\/\/semmelweis.hu\/parodontologia\/files\/2022\/11\/Kulsos-GI-BEVEZETO-PARODONTALIS.-SEB-2022.pdf\" target=\"_blank\" rel=\"noopener\">Parodont\u00e1lis seb\u00e9szet- bevezet\u00e9s<\/a>\u00a0\u00a0<\/p>\n<\/td>\n<td style=\"width: 11.1531%;height: 53px\" width=\"59\">\n<p>GI<\/p>\n<\/td>\n<\/tr>\n<tr style=\"height: 53px\">\n<td style=\"width: 7.36198%;height: 53px\" width=\"28\">\n<p>4<\/p>\n<\/td>\n<td style=\"width: 81.2959%;height: 53px\" width=\"443\">\n<p><a href=\"https:\/\/semmelweis.hu\/parodontologia\/files\/2022\/11\/Kulsos-HA-Rezektiv-tasakmutetek-handout.pdf\" target=\"_blank\" rel=\"noopener\">Parodont\u00e1lis m\u0171t\u00e9tek . Rezekt\u00edv\/Reparat\u00edv tasakm\u0171t\u00e9tek<\/a><\/p>\n<\/td>\n<td style=\"width: 11.1531%;height: 53px\" width=\"59\">\n<p>HA<\/p>\n<\/td>\n<\/tr>\n<tr style=\"height: 53px\">\n<td style=\"width: 7.36198%;height: 53px\" width=\"28\">\n<p>5<\/p>\n<\/td>\n<td style=\"width: 81.2959%;height: 53px\" width=\"443\">\n<p><a href=\"https:\/\/semmelweis.hu\/parodontologia\/files\/2022\/11\/Kulsos-NP-A-parodontalis-regeneracio-biologiai-alapjai.pdf\" target=\"_blank\" rel=\"noopener\">Parodont\u00e1lis sz\u00f6vetek biol\u00f3gi\u00e1ja. Regenerat\u00edv elj\u00e1r\u00e1sok alapjai<\/a><\/p>\n<\/td>\n<td style=\"width: 11.1531%;height: 53px\" width=\"59\">\n<p>NP<\/p>\n<\/td>\n<\/tr>\n<tr style=\"height: 53px\">\n<td style=\"width: 7.36198%;height: 53px\" width=\"28\">\n<p>6<\/p>\n<\/td>\n<td style=\"width: 81.2959%;height: 53px\" width=\"443\">\n<p><a href=\"https:\/\/semmelweis.hu\/parodontologia\/files\/2022\/12\/Kulsos-WP-Paro-reg.-klinikai-alk.2021-magyar.pdf\" target=\"_blank\" rel=\"noopener\">Parodont\u00e1lis regenerat\u00edv elj\u00e1r\u00e1sok klinikai alkalmaz\u00e1sa<\/a>\u00a0<\/p>\n<\/td>\n<td style=\"width: 11.1531%;height: 53px\" width=\"59\">\n<p>WP<\/p>\n<\/td>\n<\/tr>\n<tr style=\"height: 53px\">\n<td style=\"width: 7.36198%;height: 53px\" width=\"28\">\n<p>7<\/p>\n<\/td>\n<td style=\"width: 81.2959%;height: 53px\" width=\"443\">\n<p><a href=\"https:\/\/semmelweis.hu\/parodontologia\/files\/2022\/11\/Kulsos-DF-Regenerativ-parodontalis-sebeszet.-2022.-Biologiai-mediatorok-vizjel.pdf\" target=\"_blank\" rel=\"noopener\">Biol\u00f3giai medi\u00e1torok a parodont\u00e1lis seb\u00e9szetben<\/a><\/p>\n<\/td>\n<td style=\"width: 11.1531%;height: 53px\" width=\"59\">\n<p>DF<\/p>\n<\/td>\n<\/tr>\n<tr style=\"height: 53px\">\n<td style=\"width: 7.36198%;height: 53px\" width=\"28\">\n<p>8<\/p>\n<\/td>\n<td style=\"width: 81.2959%;height: 53px\" width=\"443\">\n<p><a href=\"https:\/\/semmelweis.hu\/parodontologia\/files\/2022\/12\/Kulsos-PZS-Furcatio-2022pptx.pdf\" target=\"_blank\" rel=\"noopener\">Furk\u00e1ci\u00f3 l\u00e9zi\u00f3k ell\u00e1t\u00e1si lehet\u0151s\u00e9gei<\/a><\/p>\n<\/td>\n<td style=\"width: 11.1531%;height: 53px\" width=\"59\">\n<p>PZs<\/p>\n<\/td>\n<\/tr>\n<tr style=\"height: 53px\">\n<td style=\"width: 7.36198%;height: 53px\" width=\"28\">\n<p>9<\/p>\n<\/td>\n<td style=\"width: 81.2959%;height: 53px\" width=\"443\">\n<p><a href=\"https:\/\/semmelweis.hu\/parodontologia\/files\/2023\/02\/Kulsos-MB-inyrecfedesi.pdf\" target=\"_blank\" rel=\"noopener\">\u00cdnyrecesszi\u00f3fed\u00e9si technik\u00e1k<\/a><\/p>\n<\/td>\n<td style=\"width: 11.1531%;height: 53px\" width=\"59\">\n<p>MB<\/p>\n<\/td>\n<\/tr>\n<tr style=\"height: 53px\">\n<td style=\"width: 7.36198%;height: 53px\" width=\"28\">\n<p>10<\/p>\n<\/td>\n<td style=\"width: 81.2959%;height: 53px\" width=\"443\">\n<p><a href=\"https:\/\/semmelweis.hu\/parodontologia\/files\/2022\/11\/Kulsos-HA-Paro-paciensek-implant-ellat.handout.pdf\" target=\"_blank\" rel=\"noopener\">Parodontitis mint implant\u00e1ci\u00f3t befoly\u00e1sol\u00f3 faktor<\/a><\/p>\n<\/td>\n<td style=\"width: 11.1531%;height: 53px\" width=\"59\">\n<p>HA<\/p>\n<\/td>\n<\/tr>\n<tr style=\"height: 53px\">\n<td style=\"width: 7.36198%;height: 53px\" width=\"28\">\n<p>11<\/p>\n<\/td>\n<td style=\"width: 81.2959%;height: 53px\" width=\"443\">\n<p><a href=\"https:\/\/semmelweis.hu\/parodontologia\/files\/2022\/11\/Kulsos-MB-periimplantitis2022.pdf\" target=\"_blank\" rel=\"noopener\">Peri-implantitis h\u00e1ttere \u00e9s ter\u00e1pi\u00e1s lehet\u0151s\u00e9gei<\/a><\/p>\n<\/td>\n<td style=\"width: 11.1531%;height: 53px\" width=\"59\">\n<p>MB<\/p>\n<\/td>\n<\/tr>\n<tr style=\"height: 53px\">\n<td style=\"width: 7.36198%;height: 53px\" width=\"28\">\n<p>12<\/p>\n<\/td>\n<td style=\"width: 81.2959%;height: 53px\" width=\"443\">\n<p><a href=\"https:\/\/semmelweis.hu\/parodontologia\/files\/2022\/11\/Kulsos-WP-CsontAugmentacio-I-II-2022..pdf\" target=\"_blank\" rel=\"noopener\">Parodontalis implantol\u00f3gia, augment\u00e1ci\u00f3k<\/a><\/p>\n<\/td>\n<td style=\"width: 11.1531%;height: 53px\" width=\"59\">\n<p>WP<\/p>\n<\/td>\n<\/tr>\n<tr style=\"height: 53px\">\n<td style=\"width: 7.36198%;height: 53px\" width=\"28\">\n<p>13<\/p>\n<\/td>\n<td style=\"width: 81.2959%;height: 53px\" width=\"443\">\n<p><a href=\"https:\/\/semmelweis.hu\/parodontologia\/files\/2022\/11\/Kulsos-MB-periimplantarislagyreszmenedzsment2022.pdf\" target=\"_blank\" rel=\"noopener\">Periimplant\u00e1ris l\u00e1gyr\u00e9sz seb\u00e9szet<\/a><\/p>\n<\/td>\n<td style=\"width: 11.1531%;height: 53px\" width=\"59\">\n<p>MB<\/p>\n<\/td>\n<\/tr>\n<tr style=\"height: 53px\">\n<td style=\"width: 7.36198%;height: 53px\" width=\"28\">\n<p>14<\/p>\n<\/td>\n<td style=\"width: 81.2959%;height: 53px\" width=\"443\"><a href=\"https:\/\/semmelweis.hu\/parodontologia\/files\/2022\/11\/Kulsos-DF-Parodontalis-defektusok-morfologiaja-parodontalis-mutetek-indikacioi-2022vizjel.pdf\" target=\"_blank\" rel=\"noopener\">Parodont\u00e1lis defektusok \u00e9s defektus t\u00edpushoz k\u00f6thet\u0151 m\u0171t\u00e9ti technik\u00e1k<\/a><\/td>\n<td style=\"width: 11.1531%;height: 53px\" width=\"59\">DF<\/td>\n<\/tr>\n<tr style=\"height: 53px\">\n<td style=\"width: 7.36198%;height: 53px\" width=\"28\">\n<p>15<\/p>\n<\/td>\n<td style=\"width: 81.2959%;height: 53px\" width=\"443\">\n<p>Digit\u00e1lis lehet\u0151s\u00e9gek a parodontol\u00f3gi\u00e1ban \u00e9s az implantol\u00f3gi\u00e1ban<\/p>\n<\/td>\n<td style=\"width: 11.1531%;height: 53px\" width=\"59\">\n<p>PD<\/p>\n<\/td>\n<\/tr>\n<\/tbody>\n<\/table>\n","protected":false},"excerpt":{"rendered":"<p>K\u00fcls\u0151s rezidensek klinikai szakgyakorlat\u00e1nak elm\u00e9leti tematik\u00e1ja &nbsp; 1 <a href=\"https:\/\/semmelweis.hu\/parodontologia\/files\/2022\/11\/Kulsos-GI-PARODONTALISAN-KAROSODOTT-FOGAKRA-KESZULT-2022.pdf\" target=\"_blank\" rel=\"noopener\">Protetikai rehabilit\u00e1ci\u00f3\u00a0 parodont\u00e1lis szempontjai<\/a> GI 2 <a href=\"https:\/\/semmelweis.hu\/parodontologia\/files\/2022\/11\/Kulsos-HA-Ortho-paro-kapcs.handout.pdf\" target=\"_blank\" rel=\"noopener\">Orthodoncia \u00e9s parodontol\u00f3gia kapcsolata<\/a> HA 3 <a href=\"https:\/\/semmelweis.hu\/parodontologia\/files\/2022\/11\/Kulsos-GI-BEVEZETO-PARODONTALIS.-SEB-2022.pdf\" target=\"_blank\" rel=\"noopener\">Parodont\u00e1lis seb\u00e9szet- bevezet\u00e9s<\/a> \u00a0\u00a0 GI 4 <a href=\"https:\/\/semmelweis.hu\/parodontologia\/files\/2022\/11\/Kulsos-HA-Rezektiv-tasakmutetek-handout.pdf\" target=\"_blank\" rel=\"noopener\">Parodont\u00e1lis m\u0171t\u00e9tek . Rezekt\u00edv\/Reparat\u00edv tasakm\u0171t\u00e9tek<\/a> HA 5 <a href=\"https:\/\/semmelweis.hu\/parodontologia\/files\/2022\/11\/Kulsos-NP-A-parodontalis-regeneracio-biologiai-alapjai.pdf\" target=\"_blank\" rel=\"noopener\">Parodont\u00e1lis sz\u00f6vetek biol\u00f3gi\u00e1ja. Regenerat\u00edv elj\u00e1r\u00e1sok alapjai<\/a> NP 6 <a href=\"https:\/\/semmelweis.hu\/parodontologia\/files\/2022\/12\/Kulsos-WP-Paro-reg.-klinikai-alk.2021-magyar.pdf\" target=\"_blank\" rel=\"noopener\">Parodont\u00e1lis regenerat\u00edv elj\u00e1r\u00e1sok klinikai alkalmaz\u00e1sa<\/a> \u00a0 WP 7 <a href=\"https:\/\/semmelweis.hu\/parodontologia\/files\/2022\/11\/Kulsos-DF-Regenerativ-parodontalis-sebeszet.-2022.-Biologiai-mediatorok-vizjel.pdf\" target=\"_blank\" rel=\"noopener\">Biol\u00f3giai medi\u00e1torok a parodont\u00e1lis seb\u00e9szetben<\/a> DF 8 <a href=\"https:\/\/semmelweis.hu\/parodontologia\/files\/2022\/12\/Kulsos-PZS-Furcatio-2022pptx.pdf\" target=\"_blank\" rel=\"noopener\">Furk\u00e1ci\u00f3 l\u00e9zi\u00f3k ell\u00e1t\u00e1si lehet\u0151s\u00e9gei<\/a> PZs 9 <a href=\"https:\/\/semmelweis.hu\/parodontologia\/files\/2023\/02\/Kulsos-MB-inyrecfedesi.pdf\" target=\"_blank\" rel=\"noopener\">\u00cdnyrecesszi\u00f3fed\u00e9si technik\u00e1k<\/a> MB 10 <a href=\"https:\/\/semmelweis.hu\/parodontologia\/files\/2022\/11\/Kulsos-HA-Paro-paciensek-implant-ellat.handout.pdf\" target=\"_blank\" rel=\"noopener\">Parodontitis mint implant\u00e1ci\u00f3t befoly\u00e1sol\u00f3 faktor<\/a> HA 11 <a href=\"https:\/\/semmelweis.hu\/parodontologia\/files\/2022\/11\/Kulsos-MB-periimplantitis2022.pdf\" target=\"_blank\" rel=\"noopener\">Peri-implantitis h\u00e1ttere \u00e9s ter\u00e1pi\u00e1s lehet\u0151s\u00e9gei<\/a> MB 12 <a href=\"https:\/\/semmelweis.hu\/parodontologia\/files\/2022\/11\/Kulsos-WP-CsontAugmentacio-I-II-2022..pdf\" target=\"_blank\" rel=\"noopener\">Parodontalis implantol\u00f3gia, augment\u00e1ci\u00f3k<\/a> WP 13 <a href=\"https:\/\/semmelweis.hu\/parodontologia\/files\/2022\/11\/Kulsos-MB-periimplantarislagyreszmenedzsment2022.pdf\" target=\"_blank\" rel=\"noopener\">Periimplant\u00e1ris l\u00e1gyr\u00e9sz seb\u00e9szet<\/a> MB 14 <a href=\"https:\/\/semmelweis.hu\/parodontologia\/files\/2022\/11\/Kulsos-DF-Parodontalis-defektusok-morfologiaja-parodontalis-mutetek-indikacioi-2022vizjel.pdf\" target=\"_blank\" rel=\"noopener\">Parodont\u00e1lis defektusok \u00e9s defektus t\u00edpushoz k\u00f6thet\u0151 m\u0171t\u00e9ti technik\u00e1k<\/a> DF 15 Digit\u00e1lis lehet\u0151s\u00e9gek a parodontol\u00f3gi\u00e1ban \u00e9s az implantol\u00f3gi\u00e1ban &hellip;<\/p>\n","protected":false},"author":101509,"featured_media":0,"parent":481,"menu_order":1,"comment_status":"closed","ping_status":"closed","template":"","meta":{"_acf_changed":false,"footnotes":""},"categories":[],"tags":[],"class_list":["post-2728","page","type-page","status-publish","hentry"],"acf":[],"_links":{"self":[{"href":"https:\/\/semmelweis.hu\/parodontologia\/wp-json\/wp\/v2\/pages\/2728","targetHints":{"allow":["GET"]}}],"collection":[{"href":"https:\/\/semmelweis.hu\/parodontologia\/wp-json\/wp\/v2\/pages"}],"about":[{"href":"https:\/\/semmelweis.hu\/parodontologia\/wp-json\/wp\/v2\/types\/page"}],"author":[{"embeddable":true,"href":"https:\/\/semmelweis.hu\/parodontologia\/wp-json\/wp\/v2\/users\/101509"}],"replies":[{"embeddable":true,"href":"https:\/\/semmelweis.hu\/parodontologia\/wp-json\/wp\/v2\/comments?post=2728"}],"version-history":[{"count":12,"href":"https:\/\/semmelweis.hu\/parodontologia\/wp-json\/wp\/v2\/pages\/2728\/revisions"}],"predecessor-version":[{"id":4844,"href":"https:\/\/semmelweis.hu\/parodontologia\/wp-json\/wp\/v2\/pages\/2728\/revisions\/4844"}],"up":[{"embeddable":true,"href":"https:\/\/semmelweis.hu\/parodontologia\/wp-json\/wp\/v2\/pages\/481"}],"wp:attachment":[{"href":"https:\/\/semmelweis.hu\/parodontologia\/wp-json\/wp\/v2\/media?parent=2728"}],"wp:term":[{"taxonomy":"category","embeddable":true,"href":"https:\/\/semmelweis.hu\/parodontologia\/wp-json\/wp\/v2\/categories?post=2728"},{"taxonomy":"post_tag","embeddable":true,"href":"https:\/\/semmelweis.hu\/parodontologia\/wp-json\/wp\/v2\/tags?post=2728"}],"curies":[{"name":"wp","href":"https:\/\/api.w.org\/{rel}","templated":true}]}}