{"id":2101,"date":"2019-03-14T13:12:34","date_gmt":"2019-03-14T12:12:34","guid":{"rendered":"http:\/\/semmelweis.hu\/parodontologia\/?page_id=2101"},"modified":"2019-03-14T13:36:16","modified_gmt":"2019-03-14T12:36:16","slug":"research-projects","status":"publish","type":"page","link":"https:\/\/semmelweis.hu\/parodontologia\/en\/research\/research-projects\/","title":{"rendered":"Research Projects"},"content":{"rendered":"<p>Fields of research at our department:<\/p>\n<p>Guided tissue regeneration<br \/>\nMucogingival surgery<br \/>\nPeriodontal epidemiology<br \/>\nOral premalignancies<br \/>\nOral immunology<\/p>\n<p><strong>Research projects:<\/strong><\/p>\n<p>&nbsp;<\/p>\n<table style=\"border-color: #000000\" border=\"1\">\n<tbody>\n<tr>\n<td width=\"255\">\n<p><strong>Study title<\/strong><\/p>\n<\/td>\n<td width=\"223\">\n<p><strong>Researcher<\/strong><\/p>\n<\/td>\n<td width=\"246\">\n<p><strong>TUKEB\/RKEB number<\/strong><\/p>\n<\/td>\n<td width=\"223\">\n<p><strong>Status <\/strong><strong>(in progress, completed)<\/strong><\/p>\n<\/td>\n<\/tr>\n<tr>\n<td>\n<p>Preorthodontic corticocision and simultaneous bone augmentation for prevention of buccal alveolar dehiscency in patients receiving orthodontic therapy &#8211; RCT\u00a0<\/p>\n<\/td>\n<td>\n<p>Dr. Nagy P\u00e1l<\/p>\n<\/td>\n<td>\n<p>SE RKEB 16\/2019<\/p>\n<\/td>\n<td>\n<p>started<\/p>\n<\/td>\n<\/tr>\n<tr>\n<td width=\"255\">\n<p>Lokaliz\u00e1lt alveol\u00e1ris gerinc defektusok rekonstrukci\u00f3ja \u2013 k\u00e9t k\u00fcl\u00f6nb\u00f6z\u0151 lebenytechnika komparat\u00edv klinikai, fel\u00fcletszkennel\u00e9si, radiol\u00f3giai sebgy\u00f3gyul\u00e1si, kering\u00e9s\u00e9lettani \u00e9s sz\u00f6vettani ki\u00e9rt\u00e9kel\u00e9se (prospekt\u00edv randomiz\u00e1lt kontroll\u00e1lt vizsg\u00e1lat)<\/p>\n<\/td>\n<td width=\"223\">\n<p>Dr. Moln\u00e1r B\u00e1lint<\/p>\n<\/td>\n<td width=\"246\">\n<p>SE RKEB sz\u00e1m: 145\/2018<\/p>\n<\/td>\n<td width=\"223\">\n<p>in progress<\/p>\n<\/td>\n<\/tr>\n<tr>\n<td width=\"255\">\n<p>\u00daj gener\u00e1ci\u00f3s v\u00e9rlemezk\u00e9ben gazdag fibrin alkalmaz\u00e1sa intraossze\u00e1lis parodont\u00e1lis defektusok seb\u00e9szi kezel\u00e9s\u00e9ben<\/p>\n<\/td>\n<td width=\"223\">\n<p>Dr. D\u0151ri Ferenc<\/p>\n<\/td>\n<td width=\"246\">\n<p>254\/2017<\/p>\n<\/td>\n<td width=\"223\">\n<p>in progress<\/p>\n<\/td>\n<\/tr>\n<tr>\n<td width=\"255\">\n<p>\u00daj gener\u00e1ci\u00f3s v\u00e9rlemezk\u00e9ben gazdag fibrin alkalmaz\u00e1sa intraossze\u00e1lis peri-implant\u00e1ris defektusok kezel\u00e9s\u00e9ben<\/p>\n<\/td>\n<td width=\"223\">\n<p>Dr. D\u0151ri Ferenc<\/p>\n<\/td>\n<td width=\"246\">\n<p>255\/2017<\/p>\n<\/td>\n<td width=\"223\">\n<p>in progress<\/p>\n<\/td>\n<\/tr>\n<tr>\n<td width=\"255\">\n<p>Implant\u00e1tum melletti stabil l\u00e1gy-\u00e9s kem\u00e9nysz\u00f6vet kialak\u00edt\u00e1sa xenog\u00e9n derm\u00e1l m\u00e1trix (mucoderm \u00ae) felhaszn\u00e1l\u00e1saval<\/p>\n<\/td>\n<td width=\"223\">\n<p>Dr. Horv\u00e1th Attila<\/p>\n<\/td>\n<td width=\"246\">\n<p>223\/2017<\/p>\n<\/td>\n<td width=\"223\">\n<p>&nbsp;<\/p>\n<\/td>\n<\/tr>\n<tr>\n<td width=\"255\">\n<p>Klinikai eredm\u00e9nyek parodont\u00e1lis intraosszer defektusok kezel\u00e9s\u00e9t k\u00f6vet\u0151en. minim\u00e1linvaz\u00edv lebenytechnika vagy konvencion\u00e1lis lebenyes felt\u00e1r\u00e1s \u00e9s zom\u00e1nc m\u00e1trix deriv\u00e1tumok alkalmaz\u00e1s\u00e1val. 12 h\u00f3napos multicentrikus rendomiz\u00e1lt- kontroll\u00e1lt klinikai vizsg\u00e1lat<\/p>\n<\/td>\n<td width=\"223\">\n<p>Dr. Windisch P\u00e9ter<\/p>\n<\/td>\n<td width=\"246\">\n<p>195\/2017<\/p>\n<\/td>\n<td width=\"223\">\n<p>&nbsp;<\/p>\n<\/td>\n<\/tr>\n<tr>\n<td width=\"255\">\n<p>Sinus maxillaris augmentatio sor\u00e1n piezoelektromos eszk\u00f6zzel elt\u00e1vol\u00edtott later\u00e1lis csontfal visszahelyez\u00e9s\u00e9t k\u00f6vet\u0151 graft integr\u00e1ci\u00f3 \u00f6sszehasonl\u00edt\u00f3 radiol\u00f3giai, klinikai \u00e9s hisztol\u00f3giai \u00e9rt\u00e9kel\u00e9se \u2013 Prospekt\u00edv, randomiz\u00e1lt, kontroll\u00e1lt vizsg\u00e1lat<\/p>\n<\/td>\n<td width=\"223\">\n<p>Dr. Moln\u00e1r B\u00e1lint<\/p>\n<\/td>\n<td width=\"246\">\n<p>7\/2017<\/p>\n<\/td>\n<td width=\"223\">\n<p>in progress<\/p>\n<\/td>\n<\/tr>\n<tr>\n<td width=\"255\">\n<p>Miller III oszt\u00e1ly\u00fa egyszeres \u00ednyrecesszi\u00f3k seb\u00e9szeti kezel\u00e9se: kombin\u00e1lt epithelializ\u00e1lt-szubepitheli\u00e1lis k\u00f6t\u0151sz\u00f6vetes szabadlebeny alkalmaz\u00e1sa; retrospekt\u00edv esetsorozat vizsg\u00e1lat<\/p>\n<\/td>\n<td width=\"223\">\n<p>Dr. Orb\u00e1n Krist\u00f3f<\/p>\n<\/td>\n<td width=\"246\">\n<p>286\/2016<\/p>\n<\/td>\n<td width=\"223\">\n<p>in progress<\/p>\n<\/td>\n<\/tr>\n<tr>\n<td width=\"255\">\n<p>Egy \u00faj kollag\u00e9nm\u00e1trix (Mucograft \u00ae) klinikai \u00e9rt\u00e9kel\u00e9se Miller I \u00e9s II oszt\u00e1ly\u00fa t\u00f6bbsz\u00f6r\u00f6s \u00ednyrecesszi\u00f3k kezel\u00e9s\u00e9ben a koron\u00e1lisan elcs\u00fasztatott m\u00f3dos\u00edtott tunneltechnika alkalmaz\u00e1s\u00e1val: prospekt\u00edv, randomiz\u00e1lt kontroll\u00e1lt klinikai vizsg\u00e1lat<\/p>\n<\/td>\n<td width=\"223\">\n<p>Dr. Windisch P\u00e9ter<\/p>\n<\/td>\n<td width=\"246\">\n<p>24789-1\/2016\/EKU<\/p>\n<p>13562-004<\/p>\n<\/td>\n<td width=\"223\">\n<p>&nbsp;<\/p>\n<\/td>\n<\/tr>\n<tr>\n<td width=\"255\">\n<p>Az ir\u00e1ny\u00edtott sz\u00f6vetregener\u00e1ci\u00f3s (GTR) technika \u00f6sszehasonl\u00edt\u00e1sa \u00f6nmag\u00e1ban \u00e9s fogszab\u00e1lyz\u00f3val v\u00e9gzett azonnali fogmozgat\u00e1ssal alkalmazva, a sz\u00e9les, nem-\u00f6nfenntart\u00f3, intraosszer parodont\u00e1lis defektusok gy\u00f3gy\u00edt\u00e1s\u00e1ban: prospekt\u00edv, randomiz\u00e1lt kontroll\u00e1lt klinikai vizsg\u00e1lat<\/p>\n<\/td>\n<td width=\"223\">\n<p>Dr. Nagy P\u00e1l<\/p>\n<\/td>\n<td width=\"246\">\n<p>90\/2015<\/p>\n<\/td>\n<td width=\"223\">\n<p>in progress<\/p>\n<\/td>\n<\/tr>\n<tr>\n<td width=\"255\">\n<p>Csont min\u0151s\u00e9gi ki\u00e9rt\u00e9lel\u00e9s\u00e9t szolg\u00e1l\u00f3 in vitro m\u00f3dszerek augment\u00e1lt szinusz eset\u00e9n. Raman \u00e9s egy\u00e9b laborat\u00f3riumi technik\u00e1k bemuta\u00e1sa a sz\u00e1j\u00fcregi kem\u00e9nysz\u00f6vetek regener\u00e1ci\u00f3ja sor\u00e1n<\/p>\n<\/td>\n<td width=\"223\">\n<p>Dr. Nagy P\u00e1l<\/p>\n<\/td>\n<td width=\"246\">\n<p>234\/2015<\/p>\n<\/td>\n<td width=\"223\">\n<p>completed<\/p>\n<\/td>\n<\/tr>\n<tr>\n<td width=\"255\">\n<p>V\u00e9rlemezk\u00e9ben gazdag fibrin (PRF, Platelet-Rich Fibrin) alkalmaz\u00e1sa intraossze\u00e1lis parodont\u00e1lis defektusok seb\u00e9szi kezel\u00e9s\u00e9ben<\/p>\n<\/td>\n<td width=\"223\">\n<p>Dr. D\u0151ri Ferenc<\/p>\n<\/td>\n<td width=\"246\">\n<p>230\/2014<\/p>\n<\/td>\n<td width=\"223\">\n<p>completed<\/p>\n<\/td>\n<\/tr>\n<tr>\n<td width=\"255\">\n<p>Hum\u00e1n intraossze\u00e1lis parodont\u00e1lis csontl\u00e9zi\u00f3k seb\u00e9szi kezel\u00e9s\u00e9ben alkalmazott v\u00e9rlemezk\u00e9ben gazdag plazma (PRP) hat\u00e1sa a korai sebgy\u00f3gyul\u00e1sban<\/p>\n<\/td>\n<td width=\"223\">\n<p>Dr. D\u0151ri Ferenc<\/p>\n<\/td>\n<td width=\"246\">\n<p>2\/2013<\/p>\n<\/td>\n<td width=\"223\">\n<p>in progress<\/p>\n<\/td>\n<\/tr>\n<tr>\n<td width=\"255\">\n<p>Autol\u00f3g parodont\u00e1lis ligamentumok (PDL) \u00e9s v\u00e9rlemezk\u00e9kben gazdag g\u00e9l (PRG) k\u00f6z\u00f6s alkalmaz\u00e1sa vertik\u00e1lis csontdefektusok kezel\u00e9s\u00e9ben<\/p>\n<\/td>\n<td width=\"223\">\n<p>Dr. D\u0151ri Ferenc<\/p>\n<\/td>\n<td width=\"246\">\n<p>131\/2011<\/p>\n<\/td>\n<td width=\"223\">\n<p>in progress<\/p>\n<\/td>\n<\/tr>\n<tr>\n<td width=\"255\">\n<p>Lokaliz\u00e1lt alveol\u00e1ris gerinchi\u00e1nyok \u00e9s a szomsz\u00e9dos fogak parodont\u00e1lis defektusainak egyidej\u0171 rekonstrukci\u00f3ja<\/p>\n<\/td>\n<td width=\"223\">\n<p>Dr. Windisch P\u00e9ter<\/p>\n<\/td>\n<td width=\"246\">\n<p>77\/2011<\/p>\n<\/td>\n<td width=\"223\">\n<p>&nbsp;<\/p>\n<\/td>\n<\/tr>\n<tr>\n<td width=\"255\">\n<p>V\u00e9rlemezk\u00e9ben gazdag plazma g\u00e9l (PRG) \u00e9s kollag\u00e9n membr\u00e1n (GTR) alkalmaz\u00e1s\u00e1nak \u00f6sszehasonl\u00edt\u00f3 vizsg\u00e1lata parodont\u00e1lis II-es \u00e9s III-as fok\u00fa furk\u00e1ci\u00f3l\u00e9zi\u00f3k kezel\u00e9s\u00e9ben<\/p>\n<\/td>\n<td width=\"223\">\n<p>Dr. D\u0151ri Ferenc<\/p>\n<\/td>\n<td width=\"246\">\n<p>52\/2011<\/p>\n<\/td>\n<td width=\"223\">\n<p>completed<\/p>\n<\/td>\n<\/tr>\n<tr>\n<td width=\"255\">\n<p>Parodont\u00e1lis regenerat\u00edv m\u0171t\u00e9tek eredm\u00e9nyeinek hossz\u00fa t\u00e1v\u00fa klinikai \u00e9s radiol\u00f3giai \u00e9rt\u00e9kel\u00e9se<\/p>\n<\/td>\n<td width=\"223\">\n<p>Dr. D\u0151ri Ferenc<\/p>\n<\/td>\n<td width=\"246\">\n<p>138\/2010<\/p>\n<\/td>\n<td width=\"223\">\n<p>in progress<\/p>\n<\/td>\n<\/tr>\n<tr>\n<td width=\"255\">\n<p>V\u00e9rlemezk\u00e9ben gazdag plazma g\u00e9p (PRG) \u00e9s zom\u00e1nc matrix deriv\u00e1tumok (EMD) alkalmaz\u00e1s\u00e1nak \u00f6sszehasonl\u00edt\u00f3 vizsg\u00e1lata parodont\u00e1lis vertik\u00e1lis csontdefektusok kezel\u00e9s\u00e9eben<\/p>\n<\/td>\n<td width=\"223\">\n<p>Dr. Gera Istv\u00e1n<\/p>\n<\/td>\n<td width=\"246\">\n<p>162\/2008<\/p>\n<\/td>\n<td width=\"223\">\n<p>&nbsp;<\/p>\n<\/td>\n<\/tr>\n<tr>\n<td width=\"255\">\n<p>Hum\u00e1n parodont\u00e1lis intraosszer defektusok gy\u00f3gyul\u00e1s\u00e1nak vizsg\u00e1lata Emdogain \u00e9s Straumann Bone Ceramics kezel\u00e9st k\u00f6vet\u0151en<\/p>\n<\/td>\n<td width=\"223\">\n<p>Dr. Gera Istv\u00e1n<\/p>\n<\/td>\n<td width=\"246\">\n<p>15\/2005<\/p>\n<\/td>\n<td width=\"223\">\n<p>&nbsp;<\/p>\n<\/td>\n<\/tr>\n<tr>\n<td width=\"255\">\n<p>Verticalis \u00e9s horizontalis parodontalis defektusok BIO-OSS_BIOGIDE-PERIO term\u00e9szetes eredet\u0171 anorganikus csont p\u00f3tl\u00f3val t\u00f6rt\u00e9n\u0151 kezel\u00e9st k\u00f6vet\u0151 regener\u00e1ci\u00f3.<\/p>\n<p>A verticalis \u00e9s horizontalis parodontalis defektusok gy\u00f3gyul\u00e1sa trialciumfoszf\u00e1t-cementtel (TCP) t\u00f6rt\u00e9nt kezel\u00e9s ut\u00e1n\u201d<\/p>\n<\/td>\n<td width=\"223\">\n<p>Dr. Gera Istv\u00e1n<\/p>\n<\/td>\n<td width=\"246\">\n<p>40\/2002<\/p>\n<\/td>\n<td width=\"223\">\n<p>&nbsp;<\/p>\n<\/td>\n<\/tr>\n<\/tbody>\n<\/table>\n<p>&nbsp;<\/p>\n","protected":false},"excerpt":{"rendered":"<p>Fields of research at our department: Guided tissue regeneration Mucogingival surgery Periodontal epidemiology Oral premalignancies Oral immunology Research projects: &nbsp; Study title Researcher TUKEB\/RKEB number Status (in progress, completed) Preorthodontic corticocision and simultaneous bone augmentation for prevention of buccal alveolar dehiscency in patients receiving orthodontic therapy &#8211; RCT\u00a0 Dr. Nagy P\u00e1l SE RKEB 16\/2019 started &hellip;<\/p>\n","protected":false},"author":101509,"featured_media":0,"parent":2099,"menu_order":1,"comment_status":"closed","ping_status":"closed","template":"","meta":{"_acf_changed":false,"footnotes":""},"categories":[],"tags":[],"class_list":["post-2101","page","type-page","status-publish","hentry"],"acf":[],"_links":{"self":[{"href":"https:\/\/semmelweis.hu\/parodontologia\/wp-json\/wp\/v2\/pages\/2101","targetHints":{"allow":["GET"]}}],"collection":[{"href":"https:\/\/semmelweis.hu\/parodontologia\/wp-json\/wp\/v2\/pages"}],"about":[{"href":"https:\/\/semmelweis.hu\/parodontologia\/wp-json\/wp\/v2\/types\/page"}],"author":[{"embeddable":true,"href":"https:\/\/semmelweis.hu\/parodontologia\/wp-json\/wp\/v2\/users\/101509"}],"replies":[{"embeddable":true,"href":"https:\/\/semmelweis.hu\/parodontologia\/wp-json\/wp\/v2\/comments?post=2101"}],"version-history":[{"count":4,"href":"https:\/\/semmelweis.hu\/parodontologia\/wp-json\/wp\/v2\/pages\/2101\/revisions"}],"predecessor-version":[{"id":2110,"href":"https:\/\/semmelweis.hu\/parodontologia\/wp-json\/wp\/v2\/pages\/2101\/revisions\/2110"}],"up":[{"embeddable":true,"href":"https:\/\/semmelweis.hu\/parodontologia\/wp-json\/wp\/v2\/pages\/2099"}],"wp:attachment":[{"href":"https:\/\/semmelweis.hu\/parodontologia\/wp-json\/wp\/v2\/media?parent=2101"}],"wp:term":[{"taxonomy":"category","embeddable":true,"href":"https:\/\/semmelweis.hu\/parodontologia\/wp-json\/wp\/v2\/categories?post=2101"},{"taxonomy":"post_tag","embeddable":true,"href":"https:\/\/semmelweis.hu\/parodontologia\/wp-json\/wp\/v2\/tags?post=2101"}],"curies":[{"name":"wp","href":"https:\/\/api.w.org\/{rel}","templated":true}]}}