{"id":1251,"date":"2017-06-21T16:24:36","date_gmt":"2017-06-21T14:24:36","guid":{"rendered":"http:\/\/semmelweis.hu\/parodontologia\/?page_id=1251"},"modified":"2021-01-20T14:53:58","modified_gmt":"2021-01-20T13:53:58","slug":"a-fogagybetegsegrol-pacienseknek","status":"publish","type":"page","link":"https:\/\/semmelweis.hu\/parodontologia\/betegellatas\/a-fogagybetegsegrol-pacienseknek\/","title":{"rendered":"A fog\u00e1gybetegs\u00e9gr\u0151l p\u00e1cienseknek"},"content":{"rendered":"<p>Tisztelt P\u00e1ciens\u00fcnk! Kedves \u00c9rdekl\u0151d\u0151k!<\/p>\n<p>A Parodontol\u00f3giai Klinika <strong>szakmai profiljai<\/strong> k\u00f6z\u00e9 a fog\u00e1gybetegs\u00e9gek ell\u00e1t\u00e1sa, valamint a parodont\u00e1lis implantol\u00f3giai kezel\u00e9s tartozik. Ezen az oldalunkon a fog\u00e1gyr\u00f3l \u00e9s a fog\u00e1gybetegs\u00e9gekr\u0151l t\u00e1j\u00e9koz\u00f3dhat r\u00f6viden. Ha t\u00f6bbet szeretne tudni, kattintson az al\u00e1bbi k\u00e9k gombra, amely egy nagyszer\u0171 inform\u00e1ci\u00f3s oldalra ir\u00e1ny\u00edtja \u00f6nt, ahol ak\u00e1r <em>egy gyors tesztet is kit\u00f6lthet<\/em>, ha fog\u00e1gybetegs\u00e9gre gyanakszik, de a <em>Gyakran feltett k\u00e9rd\u00e9sekre<\/em> is v\u00e1laszt kaphat. Kattintson ide:<\/p>\n<p><a class=\"button\" href=\"https:\/\/www.periodontal-health.com\/hu\" target=\"_blank\" rel=\"noopener noreferrer\">periodontal-health &#8211; <span style=\"font-size: 1rem\">magyar nyelv\u0171 inform\u00e1ci\u00f3s oldal<\/span><\/a><\/p>\n<p><strong><em>Mit jelent az, hogy fog\u00e1gy?<\/em><\/strong><\/p>\n<p>\u00a0\u00a0 A fog\u00e1gy mindazon sz\u00f6vetek egy\u00fcttese, amelyek a fogakat stabilan a hely\u00fck\u00f6n r\u00f6gz\u00edtik. <br \/>\nIde tartozik: az \u00edny, a fogakat a csonthoz r\u00f6gz\u00edt\u0151 kollag\u00e9n rostok, a foggy\u00f6k\u00e9r cementr\u00e9tege (amelybe a rostok be\u00e1gyaz\u00f3dnak) \u00e9s a fogat k\u00f6r\u00fclvev\u0151 csont. <br \/>\nHa a fog\u00e1gy gyullad\u00e1sa el\u0151rehaladott, az el\u0151bb eml\u00edtett sz\u00f6vetek mindegyike \u00e9rintett\u00e9 v\u00e1lik. A\u00a0fog\u00e1gybetegs\u00e9gr\u0151l az\u00e9rt \u00e9rdemes tudni, mert viszonylag kev\u00e9s t\u00fcnet jelentkez\u00e9se mellett is a fogak elveszt\u00e9s\u00e9hez vezet.<\/p>\n<p><a href=\"https:\/\/semmelweis.hu\/parodontologia\/files\/2017\/06\/pacienseknek1.jpg\"><img loading=\"lazy\" decoding=\"async\" class=\"alignnone  wp-image-1256\" src=\"https:\/\/semmelweis.hu\/parodontologia\/files\/2017\/06\/pacienseknek1-300x202.jpg\" alt=\"\" width=\"521\" height=\"351\" srcset=\"https:\/\/semmelweis.hu\/parodontologia\/files\/2017\/06\/pacienseknek1-300x202.jpg 300w, https:\/\/semmelweis.hu\/parodontologia\/files\/2017\/06\/pacienseknek1-768x516.jpg 768w, https:\/\/semmelweis.hu\/parodontologia\/files\/2017\/06\/pacienseknek1.jpg 1024w, https:\/\/semmelweis.hu\/parodontologia\/files\/2017\/06\/pacienseknek1-447x300.jpg 447w\" sizes=\"auto, (max-width: 521px) 100vw, 521px\" \/><\/a><\/p>\n<p><strong><em>Hogyan ismerhet\u0151 fel a fog\u00e1gybetegs\u00e9g?<\/em><\/strong><\/p>\n<p>A fog\u00e1gy r\u00e9sze az \u00edny, amelyet &#8211; mint a fog\u00e1gy k\u00fcls\u0151 felsz\u00edn\u00e9t &#8211; el\u0151sz\u00f6r t\u00e1madj\u00e1k meg a leped\u00e9kben elszaporod\u00f3 bakt\u00e9riumok. Emiatt a\u00a0<em>a fog\u00e1gybetegs\u00e9g <\/em>els\u0151 \u00e9s leggyakoribb jele a\u00a0<em>fog\u00ednygyullad\u00e1s. <\/em>Mint minden gyullad\u00e1st, ezt is az \u00e9rintett ter\u00fclet v\u00f6r\u00f6s elsz\u00ednez\u0151d\u00e9se, duzzanata jelzi, amit fogmos\u00e1skor \u00ednyv\u00e9rz\u00e9s k\u00eds\u00e9rhet. A fog\u00ednyv\u00e9rz\u00e9s mellett jellemz\u0151 t\u00fcnet m\u00e9g a kellemetlen sz\u00e1jszag is.<\/p>\n<p><a href=\"https:\/\/semmelweis.hu\/parodontologia\/files\/2017\/06\/pacienseknek3.png\"><img loading=\"lazy\" decoding=\"async\" class=\" wp-image-1258 alignleft\" src=\"https:\/\/semmelweis.hu\/parodontologia\/files\/2017\/06\/pacienseknek3-261x300.png\" alt=\"\" width=\"254\" height=\"292\" srcset=\"https:\/\/semmelweis.hu\/parodontologia\/files\/2017\/06\/pacienseknek3-261x300.png 261w, https:\/\/semmelweis.hu\/parodontologia\/files\/2017\/06\/pacienseknek3.png 350w\" sizes=\"auto, (max-width: 254px) 100vw, 254px\" \/><\/a><\/p>\n<p><strong><em>Mi okozza a fog\u00e1gybetegs\u00e9get?<\/em><\/strong><\/p>\n<p>Ha nem megfelel\u0151en tiszt\u00edtjuk a fogakat, k\u00fcl\u00f6n\u00f6s tekintettel az \u00edny fel\u00e9 es\u0151 ter\u00fcletekre, akkor az \u00edny \u00e9s a fog k\u00f6z\u00f6tti sek\u00e9ly r\u00e9sben a k\u00f3rokoz\u00f3k tart\u00f3san megtelepednek \u00e9s elszaporodnak. Ennek k\u00f6vetkezt\u00e9ben \u00ednygyullad\u00e1s alakul ki, majd az arra fog\u00e9konyakn\u00e1l a gyullad\u00e1s a m\u00e9lyebben fekv\u0151, \u00edny alatt elhelyezked\u0151 sz\u00f6vetekre is r\u00e1terjed. Ez a gyullad\u00e1s k\u00e1ros\u00edtja a kollag\u00e9nrostokat, \u00e9s a csont felsz\u00edv\u00f3d\u00e1s\u00e1hoz vezet. A csont felsz\u00edv\u00f3d\u00e1sa k\u00f6vetkezt\u00e9ben a foggy\u00f6k\u00e9r \u00e9s az \u00edny k\u00f6z\u00f6tt \u00fan. tasak alakulhat ki, amelyet a fogorvos speci\u00e1lis szond\u00e1val (tompa v\u00e9g\u0171 vizsg\u00e1l\u00f3eszk\u00f6z) diagnosztiz\u00e1l. A kialakult tasak tele van bakt\u00e9riumokkal, melyek visszaford\u00edthatatlanul elpuszt\u00edtj\u00e1k a fogat tart\u00f3 sz\u00f6veteket.<\/p>\n<p><a href=\"https:\/\/semmelweis.hu\/parodontologia\/files\/2017\/06\/pacienseknek2.jpg\"><img loading=\"lazy\" decoding=\"async\" class=\"wp-image-1257 alignleft\" src=\"https:\/\/semmelweis.hu\/parodontologia\/files\/2017\/06\/pacienseknek2-201x300.jpg\" alt=\"\" width=\"292\" height=\"436\" srcset=\"https:\/\/semmelweis.hu\/parodontologia\/files\/2017\/06\/pacienseknek2-201x300.jpg 201w, https:\/\/semmelweis.hu\/parodontologia\/files\/2017\/06\/pacienseknek2.jpg 277w\" sizes=\"auto, (max-width: 292px) 100vw, 292px\" \/><\/a><\/p>\n<p><strong><em>Hogyan el\u0151zhet\u0151 meg a fog\u00e1gybetegs\u00e9g?<\/em><\/strong><\/p>\n<p>Alaposan tiszt\u00edtsa fogait \u00e9s (ha vannak) fogp\u00f3tl\u00e1sait is! Ne feledkezzen meg a fogk\u00f6z\u00f6k tiszt\u00edt\u00e1s\u00e1r\u00f3l sem! A fog\u00e1gy legf\u0151bb ellens\u00e9ge a leped\u00e9k!<br \/>\nRendszeresen t\u00e1vol\u00edttassa el a fogk\u00f6vet! Mivel fogk\u0151elt\u00e1vol\u00edt\u00e1sra kiz\u00e1r\u00f3lag fogorvosi rendel\u0151ben ker\u00fclhet sor, fogorvosa, dent\u00e1lhigi\u00e9nikusa egy\u00fattal ellen\u0151rzi a fogak, az \u00edny, a fog\u00e1gy \u00e1llapot\u00e1t, teh\u00e1t a beavatkoz\u00e1s sz\u0171r\u0151vizsg\u00e1latot is jelent! Ne doh\u00e1nyozzon!<\/p>\n<p><strong>Hov\u00e1 fordulhat, ha felmer\u00fcl \u00d6nben hogy fog\u00e1gybeteg?<\/strong><\/p>\n<p>Keresse fel fogorvos\u00e1t, ha \u0151 sz\u00fcks\u00e9gesnek tal\u00e1lja, akkor specialist\u00e1hoz ir\u00e1ny\u00edtja, aki megkezdi a sz\u00fcks\u00e9ges kezel\u00e9st \u00e9s megadja a felvil\u00e1gos\u00edt\u00e1st az \u00e1llapot\u00e1val kapcsolatban.<\/p>\n<p>&nbsp;<\/p>\n<p>&nbsp;<\/p>\n<p>&nbsp;<\/p>\n<p>Az al\u00e1bbi kisfilmen a helyes fog\u00e1pol\u00e1st: fogmos\u00e1st \u00e9s fogk\u00f6ztiszt\u00edt\u00e1st mutatja be munkat\u00e1rsunk, dr. Michailovits Georgina.<\/p>\n<p><iframe loading=\"lazy\" title=\"Semmelweis oktat\u00f3vide\u00f3k - Fogmos\u00e1s\" width=\"753\" height=\"424\" src=\"https:\/\/www.youtube.com\/embed\/jB5R7qA6_ZU?feature=oembed\" frameborder=\"0\" allow=\"accelerometer; autoplay; clipboard-write; encrypted-media; gyroscope; picture-in-picture\" allowfullscreen><\/iframe><\/p>\n<p>&nbsp;<\/p>\n<p>&nbsp;<\/p>\n","protected":false},"excerpt":{"rendered":"<p>Tisztelt P\u00e1ciens\u00fcnk! Kedves \u00c9rdekl\u0151d\u0151k! A Parodontol\u00f3giai Klinika szakmai profiljai k\u00f6z\u00e9 a fog\u00e1gybetegs\u00e9gek ell\u00e1t\u00e1sa, valamint a parodont\u00e1lis implantol\u00f3giai kezel\u00e9s tartozik. Ezen az oldalunkon a fog\u00e1gyr\u00f3l \u00e9s a fog\u00e1gybetegs\u00e9gekr\u0151l t\u00e1j\u00e9koz\u00f3dhat r\u00f6viden. Ha t\u00f6bbet szeretne tudni, kattintson az al\u00e1bbi k\u00e9k gombra, amely egy nagyszer\u0171 inform\u00e1ci\u00f3s oldalra ir\u00e1ny\u00edtja \u00f6nt, ahol ak\u00e1r egy gyors tesztet is kit\u00f6lthet, ha fog\u00e1gybetegs\u00e9gre gyanakszik, &hellip;<\/p>\n","protected":false},"author":356,"featured_media":0,"parent":2089,"menu_order":3,"comment_status":"closed","ping_status":"closed","template":"","meta":{"_acf_changed":false,"footnotes":""},"categories":[],"tags":[],"class_list":["post-1251","page","type-page","status-publish","hentry"],"acf":[],"_links":{"self":[{"href":"https:\/\/semmelweis.hu\/parodontologia\/wp-json\/wp\/v2\/pages\/1251","targetHints":{"allow":["GET"]}}],"collection":[{"href":"https:\/\/semmelweis.hu\/parodontologia\/wp-json\/wp\/v2\/pages"}],"about":[{"href":"https:\/\/semmelweis.hu\/parodontologia\/wp-json\/wp\/v2\/types\/page"}],"author":[{"embeddable":true,"href":"https:\/\/semmelweis.hu\/parodontologia\/wp-json\/wp\/v2\/users\/356"}],"replies":[{"embeddable":true,"href":"https:\/\/semmelweis.hu\/parodontologia\/wp-json\/wp\/v2\/comments?post=1251"}],"version-history":[{"count":10,"href":"https:\/\/semmelweis.hu\/parodontologia\/wp-json\/wp\/v2\/pages\/1251\/revisions"}],"predecessor-version":[{"id":3510,"href":"https:\/\/semmelweis.hu\/parodontologia\/wp-json\/wp\/v2\/pages\/1251\/revisions\/3510"}],"up":[{"embeddable":true,"href":"https:\/\/semmelweis.hu\/parodontologia\/wp-json\/wp\/v2\/pages\/2089"}],"wp:attachment":[{"href":"https:\/\/semmelweis.hu\/parodontologia\/wp-json\/wp\/v2\/media?parent=1251"}],"wp:term":[{"taxonomy":"category","embeddable":true,"href":"https:\/\/semmelweis.hu\/parodontologia\/wp-json\/wp\/v2\/categories?post=1251"},{"taxonomy":"post_tag","embeddable":true,"href":"https:\/\/semmelweis.hu\/parodontologia\/wp-json\/wp\/v2\/tags?post=1251"}],"curies":[{"name":"wp","href":"https:\/\/api.w.org\/{rel}","templated":true}]}}