{"id":68,"date":"2026-03-11T09:00:04","date_gmt":"2026-03-11T08:00:04","guid":{"rendered":"https:\/\/semmelweis.hu\/palliativgyermek\/?page_id=68"},"modified":"2026-03-11T21:18:45","modified_gmt":"2026-03-11T20:18:45","slug":"fekvobeteg-ellatas","status":"publish","type":"page","link":"https:\/\/semmelweis.hu\/palliativgyermek\/ellatasi-formak\/fekvobeteg-ellatas\/","title":{"rendered":"Fekv\u0151beteg-ell\u00e1t\u00e1s"},"content":{"rendered":"<h3>Szak\u00e9rtelem ott, ahol a gyermek a legnagyobb biztons\u00e1gban van<\/h3>\n<p>A Semmelweis Egyetemen a Palliat\u00edv \u00e9s Komfortell\u00e1t\u00e1si R\u00e9szleg egy speci\u00e1lis, \u00fagynevezett <strong>m\u00e1trix rendszerben m\u0171k\u00f6dik<\/strong>. Ez azt jelenti, hogy nem v\u00e1lasztjuk el a gyermeket a m\u00e1r megszokott gy\u00f3gy\u00edt\u00f3 k\u00f6rnyezet\u00e9t\u0151l: fekv\u0151beteg-ell\u00e1t\u00e1sunkat a Klinika azon oszt\u00e1lyain val\u00f3s\u00edtjuk meg, ahol a gyermeket az alapbetegs\u00e9ge miatt egy\u00e9bk\u00e9nt is kezelik.<\/p>\n<p>Ezzel elker\u00fclhet\u0151 a k\u00f6lt\u00f6z\u00e9ssel j\u00e1r\u00f3 stressz, mik\u00f6zben a csal\u00e1d megkapja azt a plusz t\u00e1mogat\u00e1st, amit a komfortell\u00e1t\u00e1s ny\u00fajtani tud.<\/p>\n<h3>Hogyan val\u00f3sul meg az ell\u00e1t\u00e1s?<\/h3>\n<p>Amikor egy gyermeknek intenz\u00edv t\u00fcneti seg\u00edts\u00e9gre vagy palliat\u00edv k\u00eds\u00e9r\u00e9sre van sz\u00fcks\u00e9ge, csapatunk \u201ebek\u00f6lt\u00f6zik\u201d a mindennapjaiba az aktu\u00e1lis oszt\u00e1lyon:<\/p>\n<h5>K\u00f6z\u00f6s vizitek<\/h5>\n<p>A PPC szakorvosai \u00e9s a kezel\u0151orvosok egy\u00fctt gondolkodnak \u2013 \u00edgy a f\u00e1jdalomcsillap\u00edt\u00e1s \u00e9s a komfortell\u00e1t\u00e1s mindig \u00f6sszhangban van az alapbetegs\u00e9g kezel\u00e9s\u00e9vel.<\/p>\n<h5><img loading=\"lazy\" decoding=\"async\" class=\"alignright size-medium wp-image-123\" src=\"https:\/\/semmelweis.hu\/palliativgyermek\/files\/2026\/03\/fekvobeteg_ellatas_gyermek-400x267.jpg\" alt=\"\" width=\"400\" height=\"267\" srcset=\"https:\/\/semmelweis.hu\/palliativgyermek\/files\/2026\/03\/fekvobeteg_ellatas_gyermek-400x267.jpg 400w, https:\/\/semmelweis.hu\/palliativgyermek\/files\/2026\/03\/fekvobeteg_ellatas_gyermek-1024x683.jpg 1024w, https:\/\/semmelweis.hu\/palliativgyermek\/files\/2026\/03\/fekvobeteg_ellatas_gyermek-768x512.jpg 768w, https:\/\/semmelweis.hu\/palliativgyermek\/files\/2026\/03\/fekvobeteg_ellatas_gyermek-753x502.jpg 753w, https:\/\/semmelweis.hu\/palliativgyermek\/files\/2026\/03\/fekvobeteg_ellatas_gyermek-203x135.jpg 203w, https:\/\/semmelweis.hu\/palliativgyermek\/files\/2026\/03\/fekvobeteg_ellatas_gyermek.jpg 1300w\" sizes=\"auto, (max-width: 400px) 100vw, 400px\" \/>Folyamatos jelenl\u00e9t az \u00e1gya mellett<\/h5>\n<p>Szak\u00e1pol\u00f3ink \u00e9s pszichol\u00f3gusaink rendszeresen ott vannak \u2013 nem csak a t\u00fcnetek miatt, hanem az\u00e9rt is, hogy a gyermek \u00e9s a sz\u00fcl\u0151k tudj\u00e1k: nincsenek egyed\u00fcl.<\/p>\n<h5>T\u00e1mogat\u00e1s a sz\u00fcl\u0151knek, ismer\u0151s terepen<\/h5>\n<p>Nem kell \u00faj szab\u00e1lyokhoz, \u00faj arcokhoz alkalmazkodni. A m\u00e1r ismert oszt\u00e1lyon kapj\u00e1k meg t\u0151l\u00fcnk a d\u00f6nt\u00e9st\u00e1mogat\u00e1st, a felk\u00e9sz\u00edt\u00e9st \u00e9s az \u00e9rzelmi k\u00eds\u00e9r\u00e9st.<\/p>\n<h3>Mikor ker\u00fcl sor erre az egy\u00fcttm\u0171k\u00f6d\u00e9sre?<\/h3>\n<ul>\n<li>Ha a gyermek \u00e1llapota miatt <strong>szorosabb t\u00fcneti kontroll<\/strong>ra van sz\u00fcks\u00e9g (pl. nehezen csillap\u00edthat\u00f3 f\u00e1jdalom).<\/li>\n<li>Ha a kezel\u00e9s f\u00f3kusza a gy\u00f3gy\u00edt\u00e1sr\u00f3l a <strong>komfort \u00e9s az \u00e9letmin\u0151s\u00e9g maximaliz\u00e1l\u00e1sa<\/strong> fel\u00e9 tol\u00f3dik el.<\/li>\n<li>Ha a csal\u00e1dnak extra seg\u00edts\u00e9gre van sz\u00fcks\u00e9ge a <strong>neh\u00e9z d\u00f6nt\u00e9sek<\/strong> meghozatal\u00e1ban vagy az otthoni \u00e1pol\u00e1sra val\u00f3 felk\u00e9sz\u00fcl\u00e9sben.<\/li>\n<\/ul>\n","protected":false},"excerpt":{"rendered":"<p>Szak\u00e9rtelem ott, ahol a gyermek a legnagyobb biztons\u00e1gban van A Semmelweis Egyetemen a Palliat\u00edv \u00e9s Komfortell\u00e1t\u00e1si R\u00e9szleg egy speci\u00e1lis, \u00fagynevezett m\u00e1trix rendszerben m\u0171k\u00f6dik. Ez azt jelenti, hogy nem v\u00e1lasztjuk el a gyermeket a m\u00e1r megszokott gy\u00f3gy\u00edt\u00f3 k\u00f6rnyezet\u00e9t\u0151l: fekv\u0151beteg-ell\u00e1t\u00e1sunkat a Klinika azon oszt\u00e1lyain val\u00f3s\u00edtjuk meg, ahol a gyermeket az alapbetegs\u00e9ge miatt egy\u00e9bk\u00e9nt is kezelik. Ezzel elker\u00fclhet\u0151 &hellip;<\/p>\n","protected":false},"author":102391,"featured_media":69,"parent":62,"menu_order":1,"comment_status":"closed","ping_status":"closed","template":"","meta":{"_acf_changed":false,"footnotes":""},"categories":[],"tags":[],"class_list":["post-68","page","type-page","status-publish","has-post-thumbnail","hentry"],"acf":[],"_links":{"self":[{"href":"https:\/\/semmelweis.hu\/palliativgyermek\/wp-json\/wp\/v2\/pages\/68","targetHints":{"allow":["GET"]}}],"collection":[{"href":"https:\/\/semmelweis.hu\/palliativgyermek\/wp-json\/wp\/v2\/pages"}],"about":[{"href":"https:\/\/semmelweis.hu\/palliativgyermek\/wp-json\/wp\/v2\/types\/page"}],"author":[{"embeddable":true,"href":"https:\/\/semmelweis.hu\/palliativgyermek\/wp-json\/wp\/v2\/users\/102391"}],"replies":[{"embeddable":true,"href":"https:\/\/semmelweis.hu\/palliativgyermek\/wp-json\/wp\/v2\/comments?post=68"}],"version-history":[{"count":5,"href":"https:\/\/semmelweis.hu\/palliativgyermek\/wp-json\/wp\/v2\/pages\/68\/revisions"}],"predecessor-version":[{"id":141,"href":"https:\/\/semmelweis.hu\/palliativgyermek\/wp-json\/wp\/v2\/pages\/68\/revisions\/141"}],"up":[{"embeddable":true,"href":"https:\/\/semmelweis.hu\/palliativgyermek\/wp-json\/wp\/v2\/pages\/62"}],"wp:featuredmedia":[{"embeddable":true,"href":"https:\/\/semmelweis.hu\/palliativgyermek\/wp-json\/wp\/v2\/media\/69"}],"wp:attachment":[{"href":"https:\/\/semmelweis.hu\/palliativgyermek\/wp-json\/wp\/v2\/media?parent=68"}],"wp:term":[{"taxonomy":"category","embeddable":true,"href":"https:\/\/semmelweis.hu\/palliativgyermek\/wp-json\/wp\/v2\/categories?post=68"},{"taxonomy":"post_tag","embeddable":true,"href":"https:\/\/semmelweis.hu\/palliativgyermek\/wp-json\/wp\/v2\/tags?post=68"}],"curies":[{"name":"wp","href":"https:\/\/api.w.org\/{rel}","templated":true}]}}