{"id":10,"date":"2025-11-12T15:53:21","date_gmt":"2025-11-12T14:53:21","guid":{"rendered":"https:\/\/semmelweis.hu\/palliativgyermek\/?page_id=10"},"modified":"2026-03-11T21:22:40","modified_gmt":"2026-03-11T20:22:40","slug":"elerhetosegek","status":"publish","type":"page","link":"https:\/\/semmelweis.hu\/palliativgyermek\/elerhetosegek\/","title":{"rendered":"El\u00e9rhet\u0151s\u00e9gek"},"content":{"rendered":"<p><strong>K\u00e9rd\u00e9seivel vagy megkeres\u00e9s\u00e9vel bizalommal fordulhat hozz\u00e1nk:<\/strong><\/p>\n<p><a href=\"mailto:palliativ@gyerekklinika.com\">palliativ@gyerekklinika.com<\/a><\/p>\n","protected":false},"excerpt":{"rendered":"<p>K\u00e9rd\u00e9seivel vagy megkeres\u00e9s\u00e9vel bizalommal fordulhat hozz\u00e1nk:<br \/>\n<a href=\"mailto:palliativ@gyerekklinika.com\">palliativ@gyerekklinika.com<\/a><\/p>\n","protected":false},"author":12,"featured_media":112,"parent":0,"menu_order":3,"comment_status":"closed","ping_status":"closed","template":"","meta":{"_acf_changed":false,"footnotes":""},"categories":[],"tags":[],"class_list":["post-10","page","type-page","status-publish","has-post-thumbnail","hentry"],"acf":[],"_links":{"self":[{"href":"https:\/\/semmelweis.hu\/palliativgyermek\/wp-json\/wp\/v2\/pages\/10","targetHints":{"allow":["GET"]}}],"collection":[{"href":"https:\/\/semmelweis.hu\/palliativgyermek\/wp-json\/wp\/v2\/pages"}],"about":[{"href":"https:\/\/semmelweis.hu\/palliativgyermek\/wp-json\/wp\/v2\/types\/page"}],"author":[{"embeddable":true,"href":"https:\/\/semmelweis.hu\/palliativgyermek\/wp-json\/wp\/v2\/users\/12"}],"replies":[{"embeddable":true,"href":"https:\/\/semmelweis.hu\/palliativgyermek\/wp-json\/wp\/v2\/comments?post=10"}],"version-history":[{"count":4,"href":"https:\/\/semmelweis.hu\/palliativgyermek\/wp-json\/wp\/v2\/pages\/10\/revisions"}],"predecessor-version":[{"id":144,"href":"https:\/\/semmelweis.hu\/palliativgyermek\/wp-json\/wp\/v2\/pages\/10\/revisions\/144"}],"wp:featuredmedia":[{"embeddable":true,"href":"https:\/\/semmelweis.hu\/palliativgyermek\/wp-json\/wp\/v2\/media\/112"}],"wp:attachment":[{"href":"https:\/\/semmelweis.hu\/palliativgyermek\/wp-json\/wp\/v2\/media?parent=10"}],"wp:term":[{"taxonomy":"category","embeddable":true,"href":"https:\/\/semmelweis.hu\/palliativgyermek\/wp-json\/wp\/v2\/categories?post=10"},{"taxonomy":"post_tag","embeddable":true,"href":"https:\/\/semmelweis.hu\/palliativgyermek\/wp-json\/wp\/v2\/tags?post=10"}],"curies":[{"name":"wp","href":"https:\/\/api.w.org\/{rel}","templated":true}]}}