{"id":8,"date":"2025-11-12T08:27:15","date_gmt":"2025-11-12T07:27:15","guid":{"rendered":"https:\/\/semmelweis.hu\/palliativfelnott\/?page_id=8"},"modified":"2026-02-20T14:45:02","modified_gmt":"2026-02-20T13:45:02","slug":"rolunk-2","status":"publish","type":"page","link":"https:\/\/semmelweis.hu\/palliativfelnott\/","title":{"rendered":"A palliat\u00edv ell\u00e1t\u00e1sr\u00f3l"},"content":{"rendered":"<div class=\"keretes w-100\">\n<p>A palliat\u00edv ell\u00e1t\u00e1s egy olyan speci\u00e1lis orvosi \u00e9s \u00e1pol\u00e1si szakter\u00fclet, amely a s\u00falyos, \u00e9letet vesz\u00e9lyeztet\u0151 betegs\u00e9ggel \u00e9l\u0151 p\u00e1ciensek \u00e9letmin\u0151s\u00e9g\u00e9nek jav\u00edt\u00e1s\u00e1ra \u00f6sszpontos\u00edt. Els\u0151dleges c\u00e9lja nem a betegs\u00e9g gy\u00f3gy\u00edt\u00e1sa, hanem a szenved\u00e9s enyh\u00edt\u00e9se: a fizikai f\u00e1jdalom, a neh\u00e9zl\u00e9gz\u00e9s, a h\u00e1nyinger \u00e9s egy\u00e9b k\u00ednz\u00f3 t\u00fcnetek szakszer\u0171 csillap\u00edt\u00e1sa.\u00a0<\/p>\n<p><strong>A Semmelweis Egyetemen Klinik\u00e1in 2026 m\u00e1rcius 1-t\u0151l indul az integrat\u00edv feln\u0151tt palliat\u00edv betegell\u00e1t\u00e1s. <\/strong><\/p>\n<\/div>\n<h2>A palliat\u00edv szeml\u00e9letr\u0151l<\/h2>\n<p>A palliat\u00edv szeml\u00e9letm\u00f3d <strong>holisztikus<\/strong>, teh\u00e1t a test, a l\u00e9lek \u00e9s a szellem h\u00e1rmas egys\u00e9g\u00e9t tiszteletben tartva foglalkozik a beteggel. Egy multidiszciplin\u00e1ris, erre kik\u00e9pzett csapat dolgozik az\u00e9rt, hogy a beteg m\u00e9lt\u00f3s\u00e1g\u00e1t meg\u0151rizve, a lehet\u0151 legteljesebb \u00e9letet \u00e9lhesse szerettei k\u00f6r\u00e9ben. Hangs\u00falyozzuk, hogy a palliat\u00edv kezel\u00e9s nem egyenl\u0151 az \u201eutols\u00f3 napokkal\u201d; ide\u00e1lis esetben m\u00e1r az el\u0151rehaladott diagn\u00f3zis pillanat\u00e1t\u00f3l megkezdhet\u0151 az akt\u00edv gy\u00f3gy\u00edt\u00f3 ter\u00e1pi\u00e1kkal p\u00e1rhuzamosan.<\/p>\n<h2>A palliat\u00edv teamr\u0151l<\/h2>\n<p>A Semmelweis Egyetemen a feln\u0151tt palliat\u00edv team tagjai: orvosok, \u00e1pol\u00f3k, pszichol\u00f3gusok, ment\u00e1lhigi\u00e9n\u00e9s szakemberek, dietetikusok, gy\u00f3gytorn\u00e1szok \u00e9s szoci\u00e1lis munk\u00e1sok. Munkat\u00e1rsaink a palliat\u00edv ell\u00e1t\u00e1s sor\u00e1n egy\u00fctt\u00e9rz\u0151, gondos felvil\u00e1gos\u00edt\u00e1ssal seg\u00edtik a beteget \u00e9s a csal\u00e1dj\u00e1t, hogy ne kelljen egyed\u00fcl vagy elviselhetetlen f\u00e1jdalmak k\u00f6z\u00f6tt szemben\u00e9znie a betegs\u00e9ggel.<\/p>\n<div class=\"fontos_div\">\n<p>Az ell\u00e1t\u00e1s ingyenes, \u00e9s a csal\u00e1dtagok t\u00e1mogat\u00e1s\u00e1ra is kiterjed, seg\u00edtve \u0151ket a betegs\u00e9g alatti neh\u00e9zs\u00e9gek \u00e9s a k\u00e9s\u0151bbi gy\u00e1sz feldolgoz\u00e1s\u00e1ban.<\/p>\n<\/div>\n<p><strong><span style=\"font-family: Montserrat;\">Az ell\u00e1t\u00e1s kialak\u00edt\u00e1s\u00e1t a Sv\u00e1jci \u00c1llam \u00e9s a Magyar Korm\u00e1ny t\u00e1mogatja.<\/span><\/strong><\/p>\n<p><img loading=\"lazy\" decoding=\"async\" class=\"piktogram alignleft wp-image-44 size-full\" src=\"https:\/\/semmelweis.hu\/palliativfelnott\/files\/2026\/02\/svajci-alap-logo.jpg\" alt=\"\" width=\"516\" height=\"137\" srcset=\"https:\/\/semmelweis.hu\/palliativfelnott\/files\/2026\/02\/svajci-alap-logo.jpg 516w, https:\/\/semmelweis.hu\/palliativfelnott\/files\/2026\/02\/svajci-alap-logo-400x106.jpg 400w\" sizes=\"auto, (max-width: 516px) 100vw, 516px\" \/><img loading=\"lazy\" decoding=\"async\" class=\"piktogram alignleft wp-image-49\" src=\"https:\/\/semmelweis.hu\/palliativfelnott\/files\/2026\/02\/magyar-kormany-cimer.jpg\" alt=\"\" width=\"135\" height=\"137\" \/><\/p>\n<p>&nbsp;<\/p>\n","protected":false},"excerpt":{"rendered":"<p>A palliat\u00edv ell\u00e1t\u00e1s egy olyan speci\u00e1lis orvosi \u00e9s \u00e1pol\u00e1si szakter\u00fclet, amely a s\u00falyos, \u00e9letet vesz\u00e9lyeztet\u0151 betegs\u00e9ggel \u00e9l\u0151 p\u00e1ciensek \u00e9letmin\u0151s\u00e9g\u00e9nek jav\u00edt\u00e1s\u00e1ra \u00f6sszpontos\u00edt. Els\u0151dleges c\u00e9lja nem a betegs\u00e9g gy\u00f3gy\u00edt\u00e1sa, hanem a szenved\u00e9s enyh\u00edt\u00e9se: a fizikai f\u00e1jdalom, a neh\u00e9zl\u00e9gz\u00e9s, a h\u00e1nyinger \u00e9s egy\u00e9b k\u00ednz\u00f3 t\u00fcnetek szakszer\u0171 csillap\u00edt\u00e1sa.\u00a0 A Semmelweis Egyetemen Klinik\u00e1in 2026 m\u00e1rcius 1-t\u0151l indul az integrat\u00edv feln\u0151tt &hellip;<\/p>\n","protected":false},"author":12,"featured_media":0,"parent":0,"menu_order":0,"comment_status":"closed","ping_status":"closed","template":"","meta":{"_acf_changed":false,"footnotes":""},"categories":[],"tags":[],"class_list":["post-8","page","type-page","status-publish","hentry"],"acf":[],"_links":{"self":[{"href":"https:\/\/semmelweis.hu\/palliativfelnott\/wp-json\/wp\/v2\/pages\/8","targetHints":{"allow":["GET"]}}],"collection":[{"href":"https:\/\/semmelweis.hu\/palliativfelnott\/wp-json\/wp\/v2\/pages"}],"about":[{"href":"https:\/\/semmelweis.hu\/palliativfelnott\/wp-json\/wp\/v2\/types\/page"}],"author":[{"embeddable":true,"href":"https:\/\/semmelweis.hu\/palliativfelnott\/wp-json\/wp\/v2\/users\/12"}],"replies":[{"embeddable":true,"href":"https:\/\/semmelweis.hu\/palliativfelnott\/wp-json\/wp\/v2\/comments?post=8"}],"version-history":[{"count":7,"href":"https:\/\/semmelweis.hu\/palliativfelnott\/wp-json\/wp\/v2\/pages\/8\/revisions"}],"predecessor-version":[{"id":50,"href":"https:\/\/semmelweis.hu\/palliativfelnott\/wp-json\/wp\/v2\/pages\/8\/revisions\/50"}],"wp:attachment":[{"href":"https:\/\/semmelweis.hu\/palliativfelnott\/wp-json\/wp\/v2\/media?parent=8"}],"wp:term":[{"taxonomy":"category","embeddable":true,"href":"https:\/\/semmelweis.hu\/palliativfelnott\/wp-json\/wp\/v2\/categories?post=8"},{"taxonomy":"post_tag","embeddable":true,"href":"https:\/\/semmelweis.hu\/palliativfelnott\/wp-json\/wp\/v2\/tags?post=8"}],"curies":[{"name":"wp","href":"https:\/\/api.w.org\/{rel}","templated":true}]}}