{"id":56,"date":"2026-02-25T12:16:09","date_gmt":"2026-02-25T11:16:09","guid":{"rendered":"https:\/\/semmelweis.hu\/palliativfelnott\/?page_id=56"},"modified":"2026-02-25T12:16:09","modified_gmt":"2026-02-25T11:16:09","slug":"informaciok-hozzatartozok-reszere","status":"publish","type":"page","link":"https:\/\/semmelweis.hu\/palliativfelnott\/informaciok-hozzatartozok-reszere\/","title":{"rendered":"Inform\u00e1ci\u00f3k hozz\u00e1tartoz\u00f3k r\u00e9sz\u00e9re"},"content":{"rendered":"<p><strong>Gyakori k\u00e9rd\u00e9sek:<\/strong><\/p>\n<ol>\n<li><span style=\"font-size: 14pt\">Mikor van sz\u00fcks\u00e9g palliat\u00edv ell\u00e1t\u00e1sra?<\/span><\/li>\n<li><span style=\"font-size: 14pt\">Mit tegyek, ha olyan s\u00falyos a betegs\u00e9gem, hogy az orvosom m\u00e1r nem tud m\u00e1sik ter\u00e1pi\u00e1t javasolni?<\/span><\/li>\n<li><span style=\"font-size: 14pt\">Mi a palliat\u00edv ell\u00e1t\u00e1s c\u00e9lja?<\/span><\/li>\n<li><span style=\"font-size: 14pt\">Milyen kezel\u00e9st adnak a palliat\u00edv ambulanci\u00e1n?<\/span><\/li>\n<li><span style=\"font-size: 14pt\">Kikkel tal\u00e1lkozhatok a palliat\u00edv ell\u00e1t\u00e1s sor\u00e1n a Semmelweis Egyetemen?<\/span><\/li>\n<li><span style=\"font-size: 14pt\">Mikor \u00e9rdemes ig\u00e9nybe vennem a hospice ell\u00e1t\u00e1st?<\/span><\/li>\n<li><span style=\"font-size: 14pt\">Egy hospice oszt\u00e1ly olyan, mint egy kr\u00f3nikus belgy\u00f3gy\u00e1szati oszt\u00e1ly?<\/span><\/li>\n<li><span style=\"font-size: 14pt\">Hol tal\u00e1lok m\u00e9g weboldalt, amely megb\u00edzhat\u00f3 t\u00e1j\u00e9koztat\u00e1st ny\u00fajt a palliat\u00edv \u00e9s hospice ell\u00e1t\u00e1sr\u00f3l?<\/span><\/li>\n<li><span style=\"font-size: 14pt\">Mik a palliat\u00edv ell\u00e1t\u00e1sra vonatkoz\u00f3 jogszab\u00e1lyok?<\/span><\/li>\n<\/ol>\n<p>&nbsp;<\/p>\n<p><strong>Mikor van sz\u00fcks\u00e9g palliat\u00edv ell\u00e1t\u00e1sra?<\/strong><\/p>\n<p><span style=\"font-size: 14pt\">Palliat\u00edv ell\u00e1t\u00e1sban olyan betegek r\u00e9szes\u00fclnek, akik valamilyen s\u00falyos, \u00e9letet r\u00f6vid\u00edt\u0151 betegs\u00e9gben szenvednek (pl. daganatos betegek, v\u00e9gst\u00e1dium\u00fa sz\u00edv- \u00e9s t\u00fcd\u0151betegek, v\u00e9gst\u00e1dium\u00fa sziszt\u00e9m\u00e1s autoimmun betegek). A palliat\u00edv ell\u00e1t\u00e1s sor\u00e1n az a c\u00e9l, hogy a beteg szenved\u00e9st okoz\u00f3 t\u00fcneteit min\u00e9l ink\u00e1bb cs\u00f6kkents\u00e9k, \u00e9s a lehet\u0151 legjobb \u00e9letmin\u0151s\u00e9get \u00e9rj\u00e9k el. Ennek \u00e9rdek\u00e9ben a beteget \u00e9s k\u00f6rnyezet\u00e9t egy t\u00f6bb szakemberb\u0151l \u00e1ll\u00f3 csapat is seg\u00edti, hogy mind a betegnek, mind a csal\u00e1dj\u00e1nak testi-lelki t\u00e1mogat\u00e1st ny\u00fajthassanak.<\/span><\/p>\n<p><span style=\"font-size: 14pt\">A palliat\u00edv ell\u00e1t\u00e1s megkezd\u00e9s\u00e9t m\u00e1r a gy\u00f3gy\u00edt\u00f3 ell\u00e1t\u00e1ssal p\u00e1rhuzamosan aj\u00e1nljuk. Ak\u00e1r a diagn\u00f3zis megkap\u00e1sakor, a r\u00e1kellenes ter\u00e1pia megkezd\u00e9se el\u0151tt \u00e9rdemes jelentkezni a palliat\u00edv ambulanci\u00e1n. Hiszen a palliat\u00edv ell\u00e1t\u00e1s r\u00e9sze a beteg t\u00fcneteinek enyh\u00edt\u00e9se \u00e9s ment\u00e1lis t\u00e1mogat\u00e1sa, emellett az is t\u00e9ny, hogy azok a p\u00e1ciensek, akiknek a t\u00fcneteit megfelel\u0151en kezelik, \u00e9s ment\u00e1lis eg\u00e9szs\u00e9g\u00fckre is figyelnek, jobban reag\u00e1lnak a kurat\u00edv (gy\u00f3gy\u00edt\u00f3) beavatkoz\u00e1sokra.<\/span><\/p>\n<p>&nbsp;<\/p>\n<p><strong>Mit tegyek, ha <span style=\"font-size: 14pt\"> olyan s\u00falyos a betegs\u00e9gem, hogy az orvosom m\u00e1r nem tud m\u00e1sik ter\u00e1pi\u00e1t javasolni?<\/span><\/strong><\/p>\n<p>Amennyiben valakinek olyan s\u00falyos betegs\u00e9ge van, amely csak nagy \u00e1ldozatokkal vagy egy\u00e1ltal\u00e1n nem kezelhet\u0151, akkor komoly v\u00e1lasz\u00fat el\u0151tt \u00e1ll a beteg. Vannak, akik \u00fagy d\u00f6ntenek, hogy agressz\u00edvabb vagy k\u00eds\u00e9rleti f\u00e1zisban l\u00e9v\u0151 kezel\u00e9st pr\u00f3b\u00e1lnak meg, amely hat\u00e9konys\u00e1ga \u00e9s mell\u00e9khat\u00e1sai is ismeretlenek, m\u00e1s \u00fagy d\u00f6nt, hogy elfogadja a kezelhetetlen betegs\u00e9g\u00e9t, \u00e9s nem szeretn\u00e9 test\u00e9t \u00e9s lelk\u00e9t tov\u00e1bbi szenved\u00e9seknek kitenni, hanem ink\u00e1bb a rendelkez\u00e9s\u00e9re \u00e1ll\u00f3 id\u0151t szeretn\u00e9 jobb min\u0151s\u00e9gben elt\u00f6lteni. B\u00e1rmelyik d\u00f6nt\u00e9st is hozza meg, fontos, hogy megfontolt \u00e9s megb\u00edzhat\u00f3 inform\u00e1ci\u00f3kon alapul\u00f3 d\u00f6nt\u00e9s sz\u00fclessen. Jelentkezzen a palliat\u00edv ambulanci\u00e1n \u00e9s seg\u00edt\u00fcnk a d\u00f6nt\u00e9s meghozatal\u00e1ban!<\/p>\n<p>&nbsp;<\/p>\n<p><strong>Mi a palliat\u00edv ell\u00e1t\u00e1s c\u00e9lja<span style=\"font-size: 14pt\">?<\/span><\/strong><\/p>\n<p class=\"paragraph\" style=\"vertical-align: baseline\"><span class=\"eop\">A palliat\u00edv ell\u00e1t\u00e1s c\u00e9lja a lehet\u0151 legjobb \u00e9letmin\u0151s\u00e9g el\u00e9r\u00e9se \u00e9s fenntart\u00e1sa olyan betegek eset\u00e9ben, akik s\u00falyos betegs\u00e9gben szenvednek. <\/span><\/p>\n<p>&nbsp;<\/p>\n<p><strong>Milyen kezel\u00e9st adnak a palliat\u00edv ambulanci\u00e1n<span style=\"font-size: 14pt\">?<\/span><\/strong><\/p>\n<p class=\"paragraph\" style=\"vertical-align: baseline\"><span class=\"eop\">A palliat\u00edv ell\u00e1t\u00e1s sor\u00e1n azok a kezel\u00e9si lehet\u0151s\u00e9gek ker\u00fclnek el\u0151t\u00e9rbe, amelyek a beteg t\u00fcneteit enyh\u00edtik, \u00e9let\u00e9t k\u00e9nyelmesebb\u00e9, az \u00e1llapot\u00e1t pedig elviselhet\u0151bb\u00e9 teszik. Nem c\u00e9l az \u00e9let meghosszabb\u00edt\u00e1sa, sem pedig a ler\u00f6vid\u00edt\u00e9se \u2013 a c\u00e9l az, hogy a rendelkez\u00e9sre \u00e1ll\u00f3 id\u0151ben a lehet\u0151 legjobb \u00e9letk\u00f6r\u00fclm\u00e9nyeket biztos\u00edts\u00e1k a p\u00e1ciens r\u00e9sz\u00e9re.<\/span><\/p>\n<p class=\"paragraph\" style=\"vertical-align: baseline\"><span class=\"eop\">T\u00f6bb tanulm\u00e1ny is bizony\u00edtotta m\u00e1r, hogy megfelel\u0151 palliat\u00edv ell\u00e1t\u00e1s mind a betegs\u00e9get elszenved\u0151, mind pedig a beteg csal\u00e1dj\u00e1nak \u00e9let\u00e9ben min\u0151s\u00e9gi v\u00e1ltoz\u00e1st tud adni. A palliat\u00edv ell\u00e1t\u00e1s sor\u00e1n kiemelked\u0151en fontos a beteg szabads\u00e1ga. Ahhoz, hogy ezt meg tudja \u00e9lni, olyan k\u00f6rnyezetre van sz\u00fcks\u00e9ge, ahol felel\u0151s d\u00f6nt\u00e9seket tud hozni saj\u00e1t mag\u00e1val kapcsolatban. Az ell\u00e1t\u00e1s fontos r\u00e9sze a csal\u00e1d \u00e9s a hozz\u00e1tartoz\u00f3k felk\u00e9sz\u00edt\u00e9se is, hiszen \u0151k egy\u00fctt j\u00e1rj\u00e1k ezt az utat a beteggel.<\/span><\/p>\n<p>&nbsp;<\/p>\n<p><strong>Kikkel tal\u00e1lkozhatok a palliat\u00edv ell\u00e1t\u00e1s sor\u00e1n a Semmelweis Egyetemen<span style=\"font-size: 14pt\">?<\/span><\/strong><\/p>\n<p>A palliat\u00edv ell\u00e1t\u00e1s sor\u00e1n a p\u00e1cienssel t\u00f6bb szakember is foglalkozik annak \u00e9rdek\u00e9ben, hogy a fizikai, \u00e9rzelmi \u00e9s spiritu\u00e1lis sz\u00fcks\u00e9gleteit is a lehet\u0151 legjobban kiel\u00e9g\u00edts\u00e9k. Az ilyen jelleg\u0171 ell\u00e1t\u00e1s nem felt\u00e9tlen\u00fcl jelenti az \u00f6sszes kezel\u00e9s v\u00e9g\u00e9t. A kezel\u00e9si lehet\u0151s\u00e9gek k\u00f6z\u00f6tt belgy\u00f3gy\u00e1sz, klinikai onkol\u00f3gus, gy\u00f3gytorn\u00e1sz, pszichol\u00f3gus, dietetikus, ment\u00e1lhigi\u00e9n\u00e9ben j\u00e1rtas szakember, szoci\u00e1lis munk\u00e1s, szakn\u0151v\u00e9rrel is tal\u00e1lkozhat. Ez att\u00f3l f\u00fcgg, hogy milyen az \u00e1ltal\u00e1nos \u00e1llapota, mik a panaszai, mi az alapbetegs\u00e9ge \u00e9s milyen lelki sz\u00fcks\u00e9glete van, valamint figyelembe vessz\u00fck, hogy hogyan tud ezekkel megbirk\u00f3zni \u00f6n \u00e9s a csal\u00e1dja. Ennek alapj\u00e1n d\u00f6nti el a Semmelweis Egyetem kialak\u00edtott palliat\u00edv mobil team, hogy kivel tal\u00e1lkozik.<\/p>\n<p>&nbsp;<\/p>\n<p><strong>Mikor \u00e9rdemes ig\u00e9nybe vennem a hospice ell\u00e1t\u00e1st<span style=\"font-size: 14pt\">?<\/span><\/strong><\/p>\n<p class=\"paragraph\" style=\"vertical-align: baseline\"><span class=\"eop\">Ahogyan a betegs\u00e9g egyre ink\u00e1bb s\u00falyosodik, egyre cs\u00f6kken a ter\u00e1pi\u00e1s beavatkoz\u00e1sok sz\u00e1ma, \u00e9s a kezel\u00e9s s\u00falya \u00e1thelyez\u0151dik a palliat\u00edv ell\u00e1t\u00e1sra, amelynek a v\u00e9gs\u0151 szakasza a hospice ell\u00e1t\u00e1s. Hospice ell\u00e1t\u00e1sban az esetek t\u00f6bbs\u00e9g\u00e9ben olyan betegek szoktak r\u00e9szes\u00fclni, akiknek az \u00e9letkil\u00e1t\u00e1sa 6 h\u00f3nap vagy ann\u00e1l r\u00f6videbb. Megl\u00e1t\u00e1sunk szerint \u201eA hospice ell\u00e1t\u00e1st lehet\u0151s\u00e9g szerint a beteg otthon\u00e1ban, csal\u00e1dja k\u00f6r\u00e9ben kell ny\u00fajtani.\u201d [1997. CLIV. t\u00f6rv\u00e9ny 99. paragrafus (3-4) bekezd\u00e9s]. Ez\u00e9rt, m\u00e1r a palliat\u00edv ell\u00e1t\u00e1s sor\u00e1n seg\u00edt\u00fcnk a hozz\u00e1tartoz\u00f3knak a beteg\u00e1pol\u00e1s k\u00fcl\u00f6nb\u00f6z\u0151 szakaszaira val\u00f3 felk\u00e9sz\u00edt\u00e9sben, a lelki gondoz\u00e1sukat k\u00eds\u00e9rj\u00fck a betegs\u00e9g fenn\u00e1ll\u00e1sa alatt \u00e9s k\u00e9r\u00e9sre a gy\u00e1sz id\u0151szak\u00e1ban is.<\/span><\/p>\n<p class=\"paragraph\" style=\"vertical-align: baseline\"><span class=\"eop\">Fontosnak tartjuk megjegyezni, hogy a Hospice oszt\u00e1lyra ker\u00fcl\u00e9s nem jelenti a beteg hal\u00e1los \u00edt\u00e9let\u00e9t! Amennyiben a beteg \u00e1llapot\u00e1ban javul\u00e1s tapasztalhat\u00f3, a Hospice ell\u00e1t\u00e1sb\u00f3l visszat\u00e9rhet az otthon\u00e1ba, \u00e9s ha felmer\u00fcl a gy\u00f3gy\u00edt\u00f3 kezel\u00e9s lehet\u0151s\u00e9ge, akkor term\u00e9szetesen folytat\u00f3dhat a beteg akt\u00edv kezel\u00e9se. Azonban szeretn\u00e9nk jelezni, hogy ez igen ritk\u00e1n fordul el\u0151.<\/span><\/p>\n<p>&nbsp;<\/p>\n<p><strong>Egy hospice oszt\u00e1ly olyan, mint egy kr\u00f3nikus belgy\u00f3gy\u00e1szati oszt\u00e1ly<span style=\"font-size: 14pt\">?<\/span><\/strong><\/p>\n<p class=\"paragraph\" style=\"vertical-align: baseline\"><span class=\"eop\">A hospice ell\u00e1t\u00e1s nem azonos az \u00fagynevezett elfekv\u0151 oszt\u00e1lyokkal vagy kr\u00f3nikus beteg \u00e1pol\u00e1si oszt\u00e1lyokkal, sem pedig a rehabilit\u00e1ci\u00f3s oszt\u00e1lyokkal. A hospice ell\u00e1t\u00e1s egy j\u00f3l koordin\u00e1lt csapat munk\u00e1ja, amelyben egyenl\u0151en vesznek r\u00e9szt a testet \u00e9s a lelket \u00e1pol\u00f3 szakemberek \u00e9s biztos\u00edtj\u00e1k a beteg b\u00e9k\u00e9s ell\u00e1t\u00e1s\u00e1t, \u00e9s a hozz\u00e1tartoz\u00f3k ig\u00e9ny szerinti jelenl\u00e9t\u00e9t.<\/span><\/p>\n<p class=\"paragraph\" style=\"vertical-align: baseline\"><span class=\"eop\">A Hospice oszt\u00e1lyon a kolleg\u00e1ink k\u00fcl\u00f6n\u00f6s hangs\u00fallyal figyelnek a f\u00e1jdalom csillap\u00edt\u00e1s\u00e1ra; testi t\u00fcneteinek \u00e9s lelki szenved\u00e9seinek enyh\u00edt\u00e9s\u00e9re; \u00e9s arra, hogy hozz\u00e1tartoz\u00f3i \u00e9s a vele szoros \u00e9rzelmi kapcsolatban \u00e1ll\u00f3 m\u00e1s szem\u00e9lyek a beteg mellett tart\u00f3zkodjanak.<\/span><\/p>\n<p class=\"paragraph\" style=\"vertical-align: baseline\"><span class=\"eop\">Megl\u00e1t\u00e1sunk szerint \u201eA hospice ell\u00e1t\u00e1st lehet\u0151s\u00e9g szerint a beteg otthon\u00e1ban, csal\u00e1dja k\u00f6r\u00e9ben kell ny\u00fajtani.\u201d [1997. CLIV. t\u00f6rv\u00e9ny 99. paragrafus (3-4) bekezd\u00e9s]. Ez\u00e9rt, m\u00e1r a palliat\u00edv ell\u00e1t\u00e1s sor\u00e1n seg\u00edt\u00fcnk a hozz\u00e1tartoz\u00f3knak a beteg \u00e1pol\u00e1s k\u00fcl\u00f6nb\u00f6z\u0151 szakaszaira val\u00f3 felk\u00e9sz\u00edt\u00e9sben, a lelki gondoz\u00e1sukat k\u00eds\u00e9rj\u00fck a betegs\u00e9g fenn\u00e1ll\u00e1sa alatt \u00e9s k\u00e9r\u00e9sre a gy\u00e1sz id\u0151szak\u00e1ban is.<\/span><\/p>\n<p>&nbsp;<\/p>\n<p><strong>Hol tal\u00e1lok m\u00e9g weboldalt, amely megb\u00edzhat\u00f3 t\u00e1j\u00e9koztat\u00e1st ny\u00fajt a palliat\u00edv \u00e9s hospice ell\u00e1t\u00e1sr\u00f3l<span style=\"font-size: 14pt\">?<\/span><\/strong><\/p>\n<p class=\"paragraph\" style=\"margin-left: 72.0pt;text-indent: -72.0pt;vertical-align: baseline\">Eg\u00e9szs\u00e9gvonal: Az Orsz\u00e1gos K\u00f3rh\u00e1zi F\u0151igazgat\u00f3s\u00e1g (OKF\u0150) \u00e1ltal m\u0171k\u00f6dtetett inform\u00e1ci\u00f3s vonal \u00e9s weboldal, amely megb\u00edzhat\u00f3 t\u00e1j\u00e9koztat\u00e1st ny\u00fajt a palliat\u00edv \u00e9s hospice ell\u00e1t\u00e1sr\u00f3l, valamint az el\u00e9rhet\u0151 szolg\u00e1ltat\u00e1sokr\u00f3l. Palliat\u00edv ell\u00e1t\u00e1sr\u00f3l sz\u00f3l\u00f3 oldal: <a href=\"https:\/\/egeszsegvonal.gov.hu\/hova-forduljak\/hospice\/palliativ-elletas.html\">https:\/\/egeszsegvonal.gov.hu\/hova-forduljak\/hospice\/palliativ-elletas.html<\/a><\/p>\n<p class=\"paragraph\" style=\"margin-left: 72.0pt;text-indent: -72.0pt;vertical-align: baseline\">Magyarorsz\u00e1gi Otthon\u00e1pol\u00e1si \u00e9s Hospice Egyes\u00fclet: Inform\u00e1ci\u00f3kat \u00e9s forr\u00e1sokat k\u00edn\u00e1l az otthoni szak\u00e1pol\u00e1sr\u00f3l \u00e9s hospice ell\u00e1t\u00e1sr\u00f3l. Honlap: <a href=\"https:\/\/mohe.hu\">https:\/\/mohe.hu<\/a><\/p>\n<p class=\"paragraph\" style=\"margin-left: 72.0pt;text-indent: -72.0pt;vertical-align: baseline\">Orsz\u00e1gos Onkol\u00f3giai Int\u00e9zet (OOI) Palliat\u00edv Mobil Team: Az int\u00e9zet t\u00e1j\u00e9koztat\u00e1st ny\u00fajt az \u00e1ltaluk k\u00edn\u00e1lt palliat\u00edv ell\u00e1t\u00e1si lehet\u0151s\u00e9gekr\u0151l, bele\u00e9rtve az otthoni ell\u00e1t\u00e1st is. Inform\u00e1ci\u00f3k: <a href=\"https:\/\/onkol.hu\/palliativ-mobil-team\/\">https:\/\/onkol.hu\/palliativ-mobil-team\/<\/a><\/p>\n<p class=\"paragraph\" style=\"margin-left: 72.0pt;text-indent: -72.0pt;vertical-align: baseline\">NEAK (Nemzeti Eg\u00e9szs\u00e9gbiztos\u00edt\u00e1si Alapkezel\u0151): A NEAK honlapj\u00e1n szakmai ir\u00e1nyelvek \u00e9s t\u00e1j\u00e9koztat\u00f3k tal\u00e1lhat\u00f3k a daganatos feln\u0151tt betegek teljes k\u00f6r\u0171 hospice \u00e9s palliat\u00edv ell\u00e1t\u00e1s\u00e1r\u00f3l.T\u00e1j\u00e9koztat\u00f3k: <a href=\"https:\/\/www.neak.gov.hu\/felso_menu\/lakossagnak\/ellatas_magyarorszagon\/egeszsegugyi_ellatasok\/otthoni_szakapolas_hospice\">https:\/\/www.neak.gov.hu\/felso_menu\/lakossagnak\/ellatas_magyarorszagon\/egeszsegugyi_ellatasok\/otthoni_szakapolas_hospice<\/a><\/p>\n<p class=\"paragraph\" style=\"margin-left: 72.0pt;text-indent: -72.0pt;vertical-align: baseline\">NEAK (Nemzeti Eg\u00e9szs\u00e9gbiztos\u00edt\u00e1si Alapkezel\u0151): A NEAK honlapj\u00e1n szakmai ir\u00e1nyelvek \u00e9s t\u00e1j\u00e9koztat\u00f3k tal\u00e1lhat\u00f3k a daganatos feln\u0151tt betegek teljes k\u00f6r\u0171 hospice \u00e9s palliat\u00edv ell\u00e1t\u00e1s\u00e1r\u00f3l. <a href=\"https:\/\/www.neak.gov.hu\/felso_menu\/lakossagnak\/ellatas_magyarorszagon\/egeszsegugyi_ellatasok\/otthoni_szakapolas_hospice\">https:\/\/www.neak.gov.hu\/felso_menu\/lakossagnak\/ellatas_magyarorszagon\/egeszsegugyi_ellatasok\/otthoni_szakapolas_hospice<\/a><\/p>\n<p class=\"paragraph\" style=\"margin-left: 72.0pt;text-indent: -72.0pt;vertical-align: baseline\">Feh\u00e9r K\u00f6nyv az eur\u00f3pai hospice \u00e9s palliat\u00edv ell\u00e1t\u00e1sr\u00f3l: Szakmai dokumentum, amely ir\u00e1nyelveket \u00e9s norm\u00e1kat hat\u00e1roz meg az ell\u00e1t\u00e1s min\u0151s\u00e9g\u00e9nek jav\u00edt\u00e1sa \u00e9rdek\u00e9ben. El\u00e9rhet\u0151s\u00e9g: https:\/\/www.kharon.hu\/docu\/2010-3_lukas-feher-1.pdf<\/p>\n<p>&nbsp;<\/p>\n<p><strong>Mik a palliat\u00edv ell\u00e1t\u00e1sra vonatkoz\u00f3 jogszab\u00e1lyok?<\/strong><\/p>\n<p>1997. \u00e9vi CLIV. t\u00f6rv\u00e9ny 99. paragrafus<\/p>\n<p>43\/1999. (III. 3.) Korm. rendelet (finansz\u00edroz\u00e1s)<\/p>\n<p>1\/2012. (V. 31.) EMMI-rendelet (minimumfelt\u00e9telek<\/p>\n<p>2\/2004. (XI. 17.) E\u00dcM-rendelet (nyilv\u00e1ntart\u00e1s<\/p>\n<p>20\/1996. (VII. 26.) NM-rendelet (otthoni szak\u00e1pol\u00e1si tev\u00e9kenys\u00e9g<\/p>\n<p>60\/2003. (X. 20.) ESZCSM-rendelet (szakmai minimumfelt\u00e9telek)<\/p>\n","protected":false},"excerpt":{"rendered":"<p>Gyakori k\u00e9rd\u00e9sek: Mikor van sz\u00fcks\u00e9g palliat\u00edv ell\u00e1t\u00e1sra? Mit tegyek, ha olyan s\u00falyos a betegs\u00e9gem, hogy az orvosom m\u00e1r nem tud m\u00e1sik ter\u00e1pi\u00e1t javasolni? Mi a palliat\u00edv ell\u00e1t\u00e1s c\u00e9lja? Milyen kezel\u00e9st adnak a palliat\u00edv ambulanci\u00e1n? Kikkel tal\u00e1lkozhatok a palliat\u00edv ell\u00e1t\u00e1s sor\u00e1n a Semmelweis Egyetemen? Mikor \u00e9rdemes ig\u00e9nybe vennem a hospice ell\u00e1t\u00e1st? Egy hospice oszt\u00e1ly olyan, mint &hellip;<\/p>\n","protected":false},"author":102492,"featured_media":0,"parent":0,"menu_order":0,"comment_status":"closed","ping_status":"closed","template":"","meta":{"_acf_changed":false,"footnotes":""},"categories":[],"tags":[],"class_list":["post-56","page","type-page","status-publish","hentry"],"acf":[],"_links":{"self":[{"href":"https:\/\/semmelweis.hu\/palliativfelnott\/wp-json\/wp\/v2\/pages\/56","targetHints":{"allow":["GET"]}}],"collection":[{"href":"https:\/\/semmelweis.hu\/palliativfelnott\/wp-json\/wp\/v2\/pages"}],"about":[{"href":"https:\/\/semmelweis.hu\/palliativfelnott\/wp-json\/wp\/v2\/types\/page"}],"author":[{"embeddable":true,"href":"https:\/\/semmelweis.hu\/palliativfelnott\/wp-json\/wp\/v2\/users\/102492"}],"replies":[{"embeddable":true,"href":"https:\/\/semmelweis.hu\/palliativfelnott\/wp-json\/wp\/v2\/comments?post=56"}],"version-history":[{"count":2,"href":"https:\/\/semmelweis.hu\/palliativfelnott\/wp-json\/wp\/v2\/pages\/56\/revisions"}],"predecessor-version":[{"id":89,"href":"https:\/\/semmelweis.hu\/palliativfelnott\/wp-json\/wp\/v2\/pages\/56\/revisions\/89"}],"wp:attachment":[{"href":"https:\/\/semmelweis.hu\/palliativfelnott\/wp-json\/wp\/v2\/media?parent=56"}],"wp:term":[{"taxonomy":"category","embeddable":true,"href":"https:\/\/semmelweis.hu\/palliativfelnott\/wp-json\/wp\/v2\/categories?post=56"},{"taxonomy":"post_tag","embeddable":true,"href":"https:\/\/semmelweis.hu\/palliativfelnott\/wp-json\/wp\/v2\/tags?post=56"}],"curies":[{"name":"wp","href":"https:\/\/api.w.org\/{rel}","templated":true}]}}