{"id":904,"date":"2017-12-20T14:44:54","date_gmt":"2017-12-20T13:44:54","guid":{"rendered":"http:\/\/semmelweis.hu\/pak\/?page_id=904"},"modified":"2025-09-23T13:24:38","modified_gmt":"2025-09-23T11:24:38","slug":"dekanihivatal","status":"publish","type":"page","link":"https:\/\/semmelweis.hu\/pak\/a-karrol\/dekanihivatal\/","title":{"rendered":"D\u00e9k\u00e1ni Hivatal"},"content":{"rendered":"<div class=\"keretes w-100\">\n<h4><strong>A D\u00e9k\u00e1ni Hivatal legfontosabb feladatai:<\/strong><\/h4>\n<p>A D\u00e9k\u00e1ni Hivatal a D\u00e9k\u00e1n k\u00f6zvetlen ir\u00e1ny\u00edt\u00e1sa alatt m\u0171k\u00f6d\u0151 szervezeti egys\u00e9g. Legfontosabb feladatai k\u00f6z\u00e9 tartozik t\u00f6bbek k\u00f6z\u00f6tt a Kari Tan\u00e1cs \u00fcgyviteli feladatainak ell\u00e1t\u00e1sa, a Pet\u0151 Andr\u00e1s Karon foly\u00f3 oktat\u00e1si, k\u00e9pz\u00e9si \u00e9s tudom\u00e1nyos feladatok adminisztrat\u00edv t\u00e1mogat\u00e1sa, a Kart \u00e9rint\u0151 d\u00f6nt\u00e9sek el\u0151k\u00e9sz\u00edt\u00e9s\u00e9ben t\u00f6rt\u00e9n\u0151 k\u00f6zrem\u0171k\u00f6d\u00e9s, tov\u00e1bb\u00e1 a Kar k\u00e9pviselete a D\u00e9k\u00e1n \u00e1ltal deleg\u00e1lt megbesz\u00e9l\u00e9seken, f\u00f3rumokon, rendezv\u00e9nyeken.<\/p>\n<\/div>\n<h4><strong>EL\u00c9RHET\u0150S\u00c9G<\/strong><\/h4>\n<p><strong>C\u00edm:<\/strong> 1125 Budapest, K\u00fatv\u00f6lgyi \u00fat 8., B \u00e9p\u00fclet, 211-es szoba<br \/>\n<strong>Telefon: <\/strong>+36 1 224 1519<strong><\/p>\n<p><\/strong><\/p>\n<p><strong>Dr. Balogh Emese Celeszta<br \/>\n<\/strong>d\u00e9k\u00e1ni hivatalvezet\u0151\u00a0<br \/>\n<a href=\"mailto:balogh.emese.celeszta@semmelweis.hu\">balogh.emese.celeszta@semmelweis.hu<\/a><\/p>\n<p><strong>Detre M\u00e1ria Ildik\u00f3<br \/>\n<\/strong>titk\u00e1rs\u00e1gi \u00fcgyint\u00e9z\u0151<br \/>\n<a href=\"mailto:detre.maria.ildiko@semmelweis.hu\">detre.maria.ildiko@semmelweis.hu<\/a><\/p>\n<p><strong>G\u00e1sp\u00e1r Brigitta<br \/>\n<\/strong>titk\u00e1rs\u00e1gi \u00fcgyint\u00e9z\u0151<br \/>\n<a href=\"mailto:gaspar.brigitta@semmelweis.hu\">gaspar.brigitta@semmelweis.hu<\/a><\/p>\n<p><strong>Sz\u0151ll\u0151si Petra<br \/>\n<\/strong>rendezv\u00e9nyszervez\u0151<br \/>\n<a href=\"mailto:szollosi.petra@semmelweis.hu\">szollosi.petra@semmelweis.hu<\/a><\/p>\n<p><strong>Levcsenko Ludmilla<br \/>\n<\/strong>jogi asszisztens<br \/>\n<a href=\"mailto:levcsenko.ludmilla@semmelweis.hu\">levcsenko.ludmilla@semmelweis.hu<\/a><\/p>\n<p><strong>Mikl\u00f3s Emese<br \/>\n<\/strong>titk\u00e1rs\u00e1gi szak\u00e9rt\u0151<br \/>\n<a href=\"mailto:miklos.emese@semmelweis.hu\">miklos.emese@semmelweis.hu<\/a><\/p>\n<p>&nbsp;<\/p>\n<p><strong>D\u00c9K\u00c1NI HIVATAL FOGAD\u00d3\u00d3RA<br \/>\n<\/strong>Id\u0151pont foglal\u00e1shoz k\u00e9rj\u00fck egyeztessen id\u0151pontot a d\u00e9k\u00e1ni hivatalvezet\u0151vel a balogh.emese.celeszta@semmelweis.hu e-mail c\u00edmen vagy a <span class=\"emp-phone\">+36 1 224 1500 \/ 62517 mell\u00e9k\u0171 telefonsz\u00e1mon.<\/span><\/p>\n<p>&nbsp;<\/p>\n<p>&nbsp;<\/p>\n<p>&nbsp;<\/p>\n","protected":false},"excerpt":{"rendered":"<p>A D\u00e9k\u00e1ni Hivatal legfontosabb feladatai: A D\u00e9k\u00e1ni Hivatal a D\u00e9k\u00e1n k\u00f6zvetlen ir\u00e1ny\u00edt\u00e1sa alatt m\u0171k\u00f6d\u0151 szervezeti egys\u00e9g. Legfontosabb feladatai k\u00f6z\u00e9 tartozik t\u00f6bbek k\u00f6z\u00f6tt a Kari Tan\u00e1cs \u00fcgyviteli feladatainak ell\u00e1t\u00e1sa, a Pet\u0151 Andr\u00e1s Karon foly\u00f3 oktat\u00e1si, k\u00e9pz\u00e9si \u00e9s tudom\u00e1nyos feladatok adminisztrat\u00edv t\u00e1mogat\u00e1sa, a Kart \u00e9rint\u0151 d\u00f6nt\u00e9sek el\u0151k\u00e9sz\u00edt\u00e9s\u00e9ben t\u00f6rt\u00e9n\u0151 k\u00f6zrem\u0171k\u00f6d\u00e9s, tov\u00e1bb\u00e1 a Kar k\u00e9pviselete a D\u00e9k\u00e1n \u00e1ltal deleg\u00e1lt &hellip;<\/p>\n","protected":false},"author":101361,"featured_media":0,"parent":3254,"menu_order":5,"comment_status":"closed","ping_status":"closed","template":"","meta":{"_acf_changed":false,"footnotes":""},"categories":[],"tags":[],"class_list":["post-904","page","type-page","status-publish","hentry"],"acf":[],"_links":{"self":[{"href":"https:\/\/semmelweis.hu\/pak\/wp-json\/wp\/v2\/pages\/904","targetHints":{"allow":["GET"]}}],"collection":[{"href":"https:\/\/semmelweis.hu\/pak\/wp-json\/wp\/v2\/pages"}],"about":[{"href":"https:\/\/semmelweis.hu\/pak\/wp-json\/wp\/v2\/types\/page"}],"author":[{"embeddable":true,"href":"https:\/\/semmelweis.hu\/pak\/wp-json\/wp\/v2\/users\/101361"}],"replies":[{"embeddable":true,"href":"https:\/\/semmelweis.hu\/pak\/wp-json\/wp\/v2\/comments?post=904"}],"version-history":[{"count":16,"href":"https:\/\/semmelweis.hu\/pak\/wp-json\/wp\/v2\/pages\/904\/revisions"}],"predecessor-version":[{"id":12476,"href":"https:\/\/semmelweis.hu\/pak\/wp-json\/wp\/v2\/pages\/904\/revisions\/12476"}],"up":[{"embeddable":true,"href":"https:\/\/semmelweis.hu\/pak\/wp-json\/wp\/v2\/pages\/3254"}],"wp:attachment":[{"href":"https:\/\/semmelweis.hu\/pak\/wp-json\/wp\/v2\/media?parent=904"}],"wp:term":[{"taxonomy":"category","embeddable":true,"href":"https:\/\/semmelweis.hu\/pak\/wp-json\/wp\/v2\/categories?post=904"},{"taxonomy":"post_tag","embeddable":true,"href":"https:\/\/semmelweis.hu\/pak\/wp-json\/wp\/v2\/tags?post=904"}],"curies":[{"name":"wp","href":"https:\/\/api.w.org\/{rel}","templated":true}]}}