{"id":386,"date":"2017-12-19T00:00:00","date_gmt":"2017-12-18T23:00:00","guid":{"rendered":"http:\/\/semmelweis.hu\/pak\/parkinson-csoportok-es-parkinson-beszed\/"},"modified":"2024-02-29T13:47:18","modified_gmt":"2024-02-29T12:47:18","slug":"parkinson-csoportok-es-parkinson-beszed","status":"publish","type":"page","link":"https:\/\/semmelweis.hu\/pak\/konduktiv-fejlesztes\/felnott-nevelesi-egyseg-fne\/milyen-serules-tipusokkal-foglalkozunk\/parkinson-csoportok-es-parkinson-beszed\/","title":{"rendered":"Parkinson csoportok \u00e9s Parkinson besz\u00e9d"},"content":{"rendered":"<p>A Parkinson-k\u00f3r komplex kezel\u00e9s\u00e9ben a gy\u00f3gyszeres kezel\u00e9s mellett, vil\u00e1gszerte fontos szerepet kap a\u00a0 k\u00fcl\u00f6nb\u00f6z\u0151 szakemberek \u00e1ltal ir\u00e1ny\u00edtott mozg\u00e1sfejleszt\u00e9s. Az Eur\u00f3pai Parkinson T\u00e1rsas\u00e1g (EPDA) magyar nyelven is el\u00e9rhet\u0151, a betegek sz\u00e1m\u00e1ra kiadott kiadv\u00e1nyaiban is t\u00f6bb helyen hangs\u00falyozz\u00e1k a testmozg\u00e1s fontoss\u00e1g\u00e1t, el\u0151nyeit, mi t\u00f6bb, aj\u00e1nlj\u00e1k a diagn\u00f3zis fel\u00e1ll\u00edt\u00e1sa ut\u00e1n miel\u0151bb megkezdett mozg\u00e1sos ter\u00e1pi\u00e1k alkalmaz\u00e1s\u00e1t. A Parkinson-k\u00f3r, parkinson syndroma, mint neurol\u00f3giai betegs\u00e9g, t\u00fcneteib\u0151l ad\u00f3d\u00f3 mozg\u00e1sos \u00e9s egy\u00e9b probl\u00e9m\u00e1k kezdetben kev\u00e9sb\u00e9, k\u00e9s\u0151bb egyre fokozottabban megnehez\u00edthetik a norm\u00e1lis \u00e9letvitelt. G\u00e1tjai lehetnek megszokott, mindennapi tev\u00e9kenys\u00e9gek kivitelez\u00e9s\u00e9nek, ez\u00e1ltal befoly\u00e1solj\u00e1k, megv\u00e1ltoztatj\u00e1k az egy\u00e9n \u00e9s k\u00f6rnyezete \u00e9let\u00e9t. Ez\u00e9rt nagyon fontos, hogy lehet\u0151s\u00e9g szerint, a diagn\u00f3zis meg\u00e1llap\u00edt\u00e1sa ut\u00e1n, min\u00e9l kor\u00e1bban elkezdhess\u00fck a kondukt\u00edv fejleszt\u00e9st.<\/p>\n<p>Els\u0151dleges c\u00e9lkit\u0171z\u00e9s\u00fcnk, egy olyan rendszeres \u00e9s folyamatos komplex foglalkoztat\u00e1st biztos\u00edtsa a hozz\u00e1nk fordul\u00f3k sz\u00e1m\u00e1ra, mellyel az aktu\u00e1lis mozg\u00e1s\u00e1llapotot min\u00e9l hosszabb ideig fenntartani, lehet\u0151s\u00e9g szerint fejleszteni, a progresszi\u00f3t m\u00e9rs\u00e9kelni igyeksz\u00fcnk.\u00a0<\/p>\n<p>C\u00e9ljainkat \u00fagy hat\u00e1rozzuk meg, hogy a foglalkoz\u00e1sokon tanultak megold\u00e1si m\u00f3dokat adjanak a mindennapi \u00e9letben felmer\u00fcl\u0151 probl\u00e9m\u00e1kra. Ezek be\u00e9p\u00edthet\u0151k legyenek a mindennapi cselekv\u00e9sekbe, tev\u00e9kenys\u00e9gekbe, sikeresen haszn\u00e1lhat\u00f3k, alkalmazhat\u00f3k legyenek a probl\u00e9mahelyzetekben. C\u00e9lunk, hogy a hozz\u00e1nk j\u00e1r\u00f3k min\u00e9l hosszabb ideig megtarthass\u00e1k aktivit\u00e1sukat, \u00f6n\u00e1ll\u00f3s\u00e1gukat, \u00f6nell\u00e1t\u00f3 k\u00e9pess\u00e9g\u00fcket. Ennek eredm\u00e9nyek\u00e9nt t\u00e9nylegesen jav\u00edtsuk az \u00e9letmin\u0151s\u00e9get, a teljes\u00edt\u0151k\u00e9pess\u00e9get.<\/p>\n<p>T\u00f6bb szint\u0171, \u00e9s k\u00fcl\u00f6nb\u00f6z\u0151 program\u00fa csoportokat szervez\u00fcnk. Mindenki saj\u00e1t, aktu\u00e1lis \u00e1llapot\u00e1nak megfelel\u0151 csoportba ker\u00fcl beoszt\u00e1sra, ahol a csoport \u00f6sszet\u00e9tele \u00e9s a v\u00e9gzend\u0151 feladatok a legmegfelel\u0151bben szolg\u00e1lj\u00e1k az el\u00e9rni k\u00edv\u00e1nt c\u00e9lok\u00a0 megval\u00f3sul\u00e1s\u00e1t. Azoknak, akikn\u00e9l a besz\u00e9dk\u00e9szs\u00e9g \u00e9rintetts\u00e9ge is jelentkezik, lehet\u0151s\u00e9g\u00fck van, egy speci\u00e1lisan a parkinsonos besz\u00e9dprobl\u00e9m\u00e1kra kidolgozott fejleszt\u0151 programon val\u00f3 r\u00e9szv\u00e9telre is.<\/p>\n","protected":false},"excerpt":{"rendered":"<p>A Parkinson-k\u00f3r komplex kezel\u00e9s\u00e9ben a gy\u00f3gyszeres kezel\u00e9s mellett, vil\u00e1gszerte fontos szerepet kap a\u00a0 k\u00fcl\u00f6nb\u00f6z\u0151 szakemberek \u00e1ltal ir\u00e1ny\u00edtott mozg\u00e1sfejleszt\u00e9s. Az Eur\u00f3pai Parkinson T\u00e1rsas\u00e1g (EPDA) magyar nyelven is el\u00e9rhet\u0151, a betegek sz\u00e1m\u00e1ra kiadott kiadv\u00e1nyaiban is t\u00f6bb helyen hangs\u00falyozz\u00e1k a testmozg\u00e1s fontoss\u00e1g\u00e1t, el\u0151nyeit, mi t\u00f6bb, aj\u00e1nlj\u00e1k a diagn\u00f3zis fel\u00e1ll\u00edt\u00e1sa ut\u00e1n miel\u0151bb megkezdett mozg\u00e1sos ter\u00e1pi\u00e1k alkalmaz\u00e1s\u00e1t. A Parkinson-k\u00f3r, parkinson &hellip;<\/p>\n","protected":false},"author":101361,"featured_media":0,"parent":189,"menu_order":7,"comment_status":"closed","ping_status":"closed","template":"","meta":{"_acf_changed":false,"footnotes":""},"categories":[],"tags":[],"class_list":["post-386","page","type-page","status-publish","hentry"],"acf":[],"_links":{"self":[{"href":"https:\/\/semmelweis.hu\/pak\/wp-json\/wp\/v2\/pages\/386","targetHints":{"allow":["GET"]}}],"collection":[{"href":"https:\/\/semmelweis.hu\/pak\/wp-json\/wp\/v2\/pages"}],"about":[{"href":"https:\/\/semmelweis.hu\/pak\/wp-json\/wp\/v2\/types\/page"}],"author":[{"embeddable":true,"href":"https:\/\/semmelweis.hu\/pak\/wp-json\/wp\/v2\/users\/101361"}],"replies":[{"embeddable":true,"href":"https:\/\/semmelweis.hu\/pak\/wp-json\/wp\/v2\/comments?post=386"}],"version-history":[{"count":4,"href":"https:\/\/semmelweis.hu\/pak\/wp-json\/wp\/v2\/pages\/386\/revisions"}],"predecessor-version":[{"id":10066,"href":"https:\/\/semmelweis.hu\/pak\/wp-json\/wp\/v2\/pages\/386\/revisions\/10066"}],"up":[{"embeddable":true,"href":"https:\/\/semmelweis.hu\/pak\/wp-json\/wp\/v2\/pages\/189"}],"wp:attachment":[{"href":"https:\/\/semmelweis.hu\/pak\/wp-json\/wp\/v2\/media?parent=386"}],"wp:term":[{"taxonomy":"category","embeddable":true,"href":"https:\/\/semmelweis.hu\/pak\/wp-json\/wp\/v2\/categories?post=386"},{"taxonomy":"post_tag","embeddable":true,"href":"https:\/\/semmelweis.hu\/pak\/wp-json\/wp\/v2\/tags?post=386"}],"curies":[{"name":"wp","href":"https:\/\/api.w.org\/{rel}","templated":true}]}}