{"id":3293,"date":"2018-09-26T12:49:30","date_gmt":"2018-09-26T10:49:30","guid":{"rendered":"http:\/\/semmelweis.hu\/pak\/?page_id=3293"},"modified":"2026-03-05T15:18:09","modified_gmt":"2026-03-05T14:18:09","slug":"kari-szabalyzatok","status":"publish","type":"page","link":"https:\/\/semmelweis.hu\/pak\/a-karrol\/kari-szabalyzatok\/","title":{"rendered":"Kari szab\u00e1lyzatok"},"content":{"rendered":"<p><strong>A legfontosabb kari szab\u00e1lyzatok az al\u00e1bbi linkeken \u00e9rhet\u0151ek el:<\/strong><\/p>\n<ul style=\"list-style-type: square\">\n<li><a href=\"https:\/\/semmelweis.hu\/pak\/files\/2018\/09\/Kit\u00fcntet\u00e9si-Szab\u00e1lyzat.pdf\" target=\"_blank\" rel=\"noopener\">Kit\u00fcntet\u00e9si Szab\u00e1lyzat<\/a><\/li>\n<li><a href=\"https:\/\/semmelweis.hu\/jogigfoig\/files\/2023\/02\/PAK_konyvtarhasznalati_rend_2023_final.pdf\" target=\"_blank\" rel=\"noopener\">K\u00f6nyvt\u00e1rhaszn\u00e1lati Szab\u00e1lyzat<\/a><\/li>\n<li><a href=\"https:\/\/semmelweis.hu\/pak\/files\/2025\/11\/Szervezeti-es-Mukodesi-Rend.pdf\" target=\"_blank\" rel=\"noopener\">PAK Szervezeti \u00e9s M\u0171k\u00f6d\u00e9si Rend<\/a><\/li>\n<li><a href=\"https:\/\/semmelweis.hu\/pak\/files\/2021\/11\/127_2021_-melleklet-PAK_Tanulmanyi-es-Vizsgabizottsag.pdf\" target=\"_blank\" rel=\"noopener\">PAK Tanulm\u00e1nyi \u00e9s Vizsgabizotts\u00e1g<\/a><\/li>\n<li><a href=\"https:\/\/semmelweis.hu\/pak\/files\/2021\/11\/127_2021_-melleklet-PAK_Kreditatviteli-Bizottsag.pdf\" target=\"_blank\" rel=\"noopener\">PAK Kredit\u00e1tviteli Bizotts\u00e1g<\/a><\/li>\n<li><a href=\"https:\/\/semmelweis.hu\/pak\/files\/2021\/11\/127_2021_-melleklet-PAK_Etikai-es-Fegyelmi-Bizottsag.pdf\" target=\"_blank\" rel=\"noopener\">PAK Kari Etikai \u00e9s Fegyelmi Bizotts\u00e1g<\/a><\/li>\n<li><a href=\"https:\/\/semmelweis.hu\/pak\/files\/2025\/11\/Kiadoi-es-Konyvtar-Bizottsag-Bizottsagi-Ugyrend.pdf\">PAK Kiad\u00f3i \u00e9s K\u00f6nyvt\u00e1r Bizotts\u00e1g Bizotts\u00e1gi \u00dcgyrend<\/a><\/li>\n<li><a href=\"https:\/\/semmelweis.hu\/pak\/files\/2026\/03\/Gyakorlati_es_Kepzesi_Bizottsag_Ugyrend_2026_compressed.pdf\" target=\"_blank\" rel=\"noopener\">PAK Gyakorlati \u00e9s K\u00e9pz\u00e9si Bizotts\u00e1g<\/a><\/li>\n<li><a href=\"https:\/\/semmelweis.hu\/pak\/files\/2025\/11\/Dekani-Hivatal-Szervezeti-Ugyrend.pdf\" target=\"_blank\" rel=\"noopener\">PAK D\u00e9k\u00e1ni Hivatal Szervezeti \u00dcgyrend<\/a><\/li>\n<li><a href=\"https:\/\/semmelweis.hu\/pak\/files\/2025\/04\/PAK_KNNSZK_SZERVEZETI_UGYREND.pdf\" target=\"_blank\" rel=\"noopener\">PAK KNNSZK \u00dcgyrend \u00e9s mell\u00e9kletek<\/a><\/li>\n<li><a href=\"https:\/\/semmelweis.hu\/pak\/files\/2025\/04\/PAK_HUMANTUDOMANYI_INTEZET_SZERVEZETI_UGYREND.pdf\" target=\"_blank\" rel=\"noopener\">PAK Hum\u00e1ntudom\u00e1nyi Int\u00e9zet \u00dcgyrend \u00e9s mell\u00e9kletek<\/a><\/li>\n<li><a href=\"https:\/\/semmelweis.hu\/pak\/files\/2025\/04\/PAK_KONDUKTIV_PEDAGOGIAI_INTEZET_SZERVEZETI_UGYREND.pdf\" target=\"_blank\" rel=\"noopener\">PAK Kondukt\u00edv Pedag\u00f3giai Int\u00e9zet \u00dcgyrend \u00e9s mell\u00e9kletek<\/a><\/li>\n<li><a href=\"https:\/\/semmelweis.hu\/pak\/files\/2024\/10\/THKI_Ugyrend_20240522.pdf\" target=\"_blank\" rel=\"noopener\">PAK Tanulm\u00e1nyi \u00c9s Hallgat\u00f3i K\u00f6zpont, Karrier Iroda \u00dcgyrend<\/a><\/li>\n<\/ul>\n<p>&nbsp;<\/p>\n","protected":false},"excerpt":{"rendered":"<p>A legfontosabb kari szab\u00e1lyzatok az al\u00e1bbi linkeken \u00e9rhet\u0151ek el:<\/p>\n<p><a href=\"https:\/\/semmelweis.hu\/pak\/files\/2018\/09\/Kit\u00fcntet\u00e9si-Szab\u00e1lyzat.pdf\" target=\"_blank\" rel=\"noopener\">Kit\u00fcntet\u00e9si Szab\u00e1lyzat<\/a><br \/>\n<a href=\"https:\/\/semmelweis.hu\/jogigfoig\/files\/2023\/02\/PAK_konyvtarhasznalati_rend_2023_final.pdf\" target=\"_blank\" rel=\"noopener\">K\u00f6nyvt\u00e1rhaszn\u00e1lati Szab\u00e1lyzat<\/a><br \/>\n<a href=\"https:\/\/semmelweis.hu\/pak\/files\/2025\/11\/Szervezeti-es-Mukodesi-Rend.pdf\" target=\"_blank\" rel=\"noopener\">PAK Szervezeti \u00e9s M\u0171k\u00f6d\u00e9si Rend<\/a><br \/>\n<a href=\"https:\/\/semmelweis.hu\/pak\/files\/2021\/11\/127_2021_-melleklet-PAK_Tanulmanyi-es-Vizsgabizottsag.pdf\" target=\"_blank\" rel=\"noopener\">PAK Tanulm\u00e1nyi \u00e9s Vizsgabizotts\u00e1g<\/a><br \/>\n<a href=\"https:\/\/semmelweis.hu\/pak\/files\/2021\/11\/127_2021_-melleklet-PAK_Kreditatviteli-Bizottsag.pdf\" target=\"_blank\" rel=\"noopener\">PAK Kredit\u00e1tviteli Bizotts\u00e1g<\/a><br \/>\n<a href=\"https:\/\/semmelweis.hu\/pak\/files\/2021\/11\/127_2021_-melleklet-PAK_Etikai-es-Fegyelmi-Bizottsag.pdf\" target=\"_blank\" rel=\"noopener\">PAK Kari Etikai \u00e9s Fegyelmi Bizotts\u00e1g<\/a><br \/>\n<a href=\"https:\/\/semmelweis.hu\/pak\/files\/2025\/11\/Kiadoi-es-Konyvtar-Bizottsag-Bizottsagi-Ugyrend.pdf\">PAK Kiad\u00f3i \u00e9s K\u00f6nyvt\u00e1r Bizotts\u00e1g Bizotts\u00e1gi \u00dcgyrend<\/a><br \/>\n<a href=\"https:\/\/semmelweis.hu\/pak\/files\/2026\/03\/Gyakorlati_es_Kepzesi_Bizottsag_Ugyrend_2026_compressed.pdf\" target=\"_blank\" rel=\"noopener\">PAK Gyakorlati \u00e9s K\u00e9pz\u00e9si Bizotts\u00e1g<\/a><br \/>\n<a href=\"https:\/\/semmelweis.hu\/pak\/files\/2025\/11\/Dekani-Hivatal-Szervezeti-Ugyrend.pdf\" target=\"_blank\" rel=\"noopener\">PAK D\u00e9k\u00e1ni Hivatal Szervezeti \u00dcgyrend<\/a><br \/>\n<a href=\"https:\/\/semmelweis.hu\/pak\/files\/2025\/04\/PAK_KNNSZK_SZERVEZETI_UGYREND.pdf\" target=\"_blank\" rel=\"noopener\">PAK KNNSZK \u00dcgyrend \u00e9s mell\u00e9kletek<\/a><br \/>\n<a href=\"https:\/\/semmelweis.hu\/pak\/files\/2025\/04\/PAK_HUMANTUDOMANYI_INTEZET_SZERVEZETI_UGYREND.pdf\" target=\"_blank\" rel=\"noopener\">PAK Hum\u00e1ntudom\u00e1nyi Int\u00e9zet \u00dcgyrend \u00e9s mell\u00e9kletek<\/a><br \/>\n<a href=\"https:\/\/semmelweis.hu\/pak\/files\/2025\/04\/PAK_KONDUKTIV_PEDAGOGIAI_INTEZET_SZERVEZETI_UGYREND.pdf\" target=\"_blank\" rel=\"noopener\">PAK Kondukt\u00edv Pedag\u00f3giai Int\u00e9zet \u00dcgyrend \u00e9s mell\u00e9kletek<\/a><br \/>\n<a href=\"https:\/\/semmelweis.hu\/pak\/files\/2024\/10\/THKI_Ugyrend_20240522.pdf\" target=\"_blank\" rel=\"noopener\">PAK Tanulm\u00e1nyi \u00c9s Hallgat\u00f3i K\u00f6zpont, Karrier Iroda \u00dcgyrend<\/a><\/p>\n<p>&nbsp;<\/p>\n","protected":false},"author":101255,"featured_media":0,"parent":3254,"menu_order":9,"comment_status":"closed","ping_status":"closed","template":"","meta":{"_acf_changed":false,"footnotes":""},"categories":[],"tags":[],"class_list":["post-3293","page","type-page","status-publish","hentry"],"acf":[],"_links":{"self":[{"href":"https:\/\/semmelweis.hu\/pak\/wp-json\/wp\/v2\/pages\/3293","targetHints":{"allow":["GET"]}}],"collection":[{"href":"https:\/\/semmelweis.hu\/pak\/wp-json\/wp\/v2\/pages"}],"about":[{"href":"https:\/\/semmelweis.hu\/pak\/wp-json\/wp\/v2\/types\/page"}],"author":[{"embeddable":true,"href":"https:\/\/semmelweis.hu\/pak\/wp-json\/wp\/v2\/users\/101255"}],"replies":[{"embeddable":true,"href":"https:\/\/semmelweis.hu\/pak\/wp-json\/wp\/v2\/comments?post=3293"}],"version-history":[{"count":15,"href":"https:\/\/semmelweis.hu\/pak\/wp-json\/wp\/v2\/pages\/3293\/revisions"}],"predecessor-version":[{"id":13278,"href":"https:\/\/semmelweis.hu\/pak\/wp-json\/wp\/v2\/pages\/3293\/revisions\/13278"}],"up":[{"embeddable":true,"href":"https:\/\/semmelweis.hu\/pak\/wp-json\/wp\/v2\/pages\/3254"}],"wp:attachment":[{"href":"https:\/\/semmelweis.hu\/pak\/wp-json\/wp\/v2\/media?parent=3293"}],"wp:term":[{"taxonomy":"category","embeddable":true,"href":"https:\/\/semmelweis.hu\/pak\/wp-json\/wp\/v2\/categories?post=3293"},{"taxonomy":"post_tag","embeddable":true,"href":"https:\/\/semmelweis.hu\/pak\/wp-json\/wp\/v2\/tags?post=3293"}],"curies":[{"name":"wp","href":"https:\/\/api.w.org\/{rel}","templated":true}]}}

Kari szabályzatok

<p><strong>A legfontosabb kari szabályzatok az alábbi linkeken érhetőek el:</strong></p>
<ul style="list-style-type: square">
<li><a href="https://semmelweis.hu/pak/files/2018/09/Kitüntetési-Szabályzat.pdf" target="_blank" rel="noopener">Kitüntetési Szabályzat</a></li>
<li><a href="https://semmelweis.hu/jogigfoig/files/2023/02/PAK_konyvtarhasznalati_rend_2023_final.pdf" target="_blank" rel="noopener">Könyvtárhasználati Szabályzat</a></li>
<li><a href="https://semmelweis.hu/pak/files/2025/11/Szervezeti-es-Mukodesi-Rend.pdf" target="_blank" rel="noopener">PAK Szervezeti és Működési Rend</a></li>
<li><a href="https://semmelweis.hu/pak/files/2021/11/127_2021_-melleklet-PAK_Tanulmanyi-es-Vizsgabizottsag.pdf" target="_blank" rel="noopener">PAK Tanulmányi és Vizsgabizottság</a></li>
<li><a href="https://semmelweis.hu/pak/files/2021/11/127_2021_-melleklet-PAK_Kreditatviteli-Bizottsag.pdf" target="_blank" rel="noopener">PAK Kreditátviteli Bizottság</a></li>
<li><a href="https://semmelweis.hu/pak/files/2021/11/127_2021_-melleklet-PAK_Etikai-es-Fegyelmi-Bizottsag.pdf" target="_blank" rel="noopener">PAK Kari Etikai és Fegyelmi Bizottság</a></li>
<li><a href="https://semmelweis.hu/pak/files/2025/11/Kiadoi-es-Konyvtar-Bizottsag-Bizottsagi-Ugyrend.pdf">PAK Kiadói és Könyvtár Bizottság Bizottsági Ügyrend</a></li>
<li><a href="https://semmelweis.hu/pak/files/2026/03/Gyakorlati_es_Kepzesi_Bizottsag_Ugyrend_2026_compressed.pdf" target="_blank" rel="noopener">PAK Gyakorlati és Képzési Bizottság</a></li>
<li><a href="https://semmelweis.hu/pak/files/2025/11/Dekani-Hivatal-Szervezeti-Ugyrend.pdf" target="_blank" rel="noopener">PAK Dékáni Hivatal Szervezeti Ügyrend</a></li>
<li><a href="https://semmelweis.hu/pak/files/2025/04/PAK_KNNSZK_SZERVEZETI_UGYREND.pdf" target="_blank" rel="noopener">PAK KNNSZK Ügyrend és mellékletek</a></li>
<li><a href="https://semmelweis.hu/pak/files/2025/04/PAK_HUMANTUDOMANYI_INTEZET_SZERVEZETI_UGYREND.pdf" target="_blank" rel="noopener">PAK Humántudományi Intézet Ügyrend és mellékletek</a></li>
<li><a href="https://semmelweis.hu/pak/files/2025/04/PAK_KONDUKTIV_PEDAGOGIAI_INTEZET_SZERVEZETI_UGYREND.pdf" target="_blank" rel="noopener">PAK Konduktív Pedagógiai Intézet Ügyrend és mellékletek</a></li>
<li><a href="https://semmelweis.hu/pak/files/2024/10/THKI_Ugyrend_20240522.pdf" target="_blank" rel="noopener">PAK Tanulmányi És Hallgatói Központ, Karrier Iroda Ügyrend</a></li>
</ul>
<p>&nbsp;</p>

<p>A legfontosabb kari szabályzatok az alábbi linkeken érhetőek el:</p>
<p><a href="https://semmelweis.hu/pak/files/2018/09/Kitüntetési-Szabályzat.pdf" target="_blank" rel="noopener">Kitüntetési Szabályzat</a><br />
<a href="https://semmelweis.hu/jogigfoig/files/2023/02/PAK_konyvtarhasznalati_rend_2023_final.pdf" target="_blank" rel="noopener">Könyvtárhasználati Szabályzat</a><br />
<a href="https://semmelweis.hu/pak/files/2025/11/Szervezeti-es-Mukodesi-Rend.pdf" target="_blank" rel="noopener">PAK Szervezeti és Működési Rend</a><br />
<a href="https://semmelweis.hu/pak/files/2021/11/127_2021_-melleklet-PAK_Tanulmanyi-es-Vizsgabizottsag.pdf" target="_blank" rel="noopener">PAK Tanulmányi és Vizsgabizottság</a><br />
<a href="https://semmelweis.hu/pak/files/2021/11/127_2021_-melleklet-PAK_Kreditatviteli-Bizottsag.pdf" target="_blank" rel="noopener">PAK Kreditátviteli Bizottság</a><br />
<a href="https://semmelweis.hu/pak/files/2021/11/127_2021_-melleklet-PAK_Etikai-es-Fegyelmi-Bizottsag.pdf" target="_blank" rel="noopener">PAK Kari Etikai és Fegyelmi Bizottság</a><br />
<a href="https://semmelweis.hu/pak/files/2025/11/Kiadoi-es-Konyvtar-Bizottsag-Bizottsagi-Ugyrend.pdf">PAK Kiadói és Könyvtár Bizottság Bizottsági Ügyrend</a><br />
<a href="https://semmelweis.hu/pak/files/2026/03/Gyakorlati_es_Kepzesi_Bizottsag_Ugyrend_2026_compressed.pdf" target="_blank" rel="noopener">PAK Gyakorlati és Képzési Bizottság</a><br />
<a href="https://semmelweis.hu/pak/files/2025/11/Dekani-Hivatal-Szervezeti-Ugyrend.pdf" target="_blank" rel="noopener">PAK Dékáni Hivatal Szervezeti Ügyrend</a><br />
<a href="https://semmelweis.hu/pak/files/2025/04/PAK_KNNSZK_SZERVEZETI_UGYREND.pdf" target="_blank" rel="noopener">PAK KNNSZK Ügyrend és mellékletek</a><br />
<a href="https://semmelweis.hu/pak/files/2025/04/PAK_HUMANTUDOMANYI_INTEZET_SZERVEZETI_UGYREND.pdf" target="_blank" rel="noopener">PAK Humántudományi Intézet Ügyrend és mellékletek</a><br />
<a href="https://semmelweis.hu/pak/files/2025/04/PAK_KONDUKTIV_PEDAGOGIAI_INTEZET_SZERVEZETI_UGYREND.pdf" target="_blank" rel="noopener">PAK Konduktív Pedagógiai Intézet Ügyrend és mellékletek</a><br />
<a href="https://semmelweis.hu/pak/files/2024/10/THKI_Ugyrend_20240522.pdf" target="_blank" rel="noopener">PAK Tanulmányi És Hallgatói Központ, Karrier Iroda Ügyrend</a></p>
<p>&nbsp;</p>
