{"id":3146,"date":"2018-09-11T16:25:24","date_gmt":"2018-09-11T14:25:24","guid":{"rendered":"http:\/\/semmelweis.hu\/pak\/?page_id=3146"},"modified":"2024-01-23T11:49:22","modified_gmt":"2024-01-23T10:49:22","slug":"deans-welcome","status":"publish","type":"page","link":"https:\/\/semmelweis.hu\/pak\/en\/about-us\/deans-welcome\/","title":{"rendered":"Dean&#8217;s welcome"},"content":{"rendered":"<p style=\"text-align: justify\"><a href=\"https:\/\/semmelweis.hu\/pak\/files\/2018\/09\/278X145-px-web_zsebe.jpg\"><img loading=\"lazy\" decoding=\"async\" class=\"size-medium wp-image-8760 alignright\" src=\"https:\/\/semmelweis.hu\/pak\/files\/2023\/07\/RS125350_DSC00462-scr-267x400.jpg\" alt=\"\" width=\"267\" height=\"400\" srcset=\"https:\/\/semmelweis.hu\/pak\/files\/2023\/07\/RS125350_DSC00462-scr-267x400.jpg 267w, https:\/\/semmelweis.hu\/pak\/files\/2023\/07\/RS125350_DSC00462-scr.jpg 600w\" sizes=\"auto, (max-width: 267px) 100vw, 267px\" \/><\/a>Dear Guest,<\/p>\n<p style=\"text-align: justify\">welcome to the Andr\u00e1s Pet\u0151 Faculty of Semmelweis University, the home of Conductive Pedagogy.<\/p>\n<p style=\"text-align: justify\">Our Faculty is located in the Hungarian capital, Budapest, one of the most beautiful cities in Central Europe. The history of our institution goes back to the 1940s when Dr. Andr\u00e1s Pet\u0151 had developed its unique pedagogical rehabilitation system what we call today Conductive Pedagogy.<\/p>\n<p style=\"text-align: justify\">With the merger with Semmelweis University in 2017 we have also become an integral part of the most successful Hungarian higher education institution according to international rankings and one of the best universities in all Central Europe. The university activities are based on the triple unity of education, research-innovation, and healthcare services. The Andr\u00e1s Pet\u0151 faculty fits perfectly into this unity with its Conductive Pedagogy BA study program, with its research activities focusing on Cerebral Palsy and pedagogical rehabilitation, and its national and international rehabilitation services.<\/p>\n<div class=\"keretes w-100\">\n<p>Conductive pedagogy is a unique, holistic pedagogical rehabilitation method that improves the quality of life for people with disabilities caused by neurological damage. It uses pedagogical methodologies to develop both mental and motor skills, while promoting inclusion and integration into society, education, and the work environment.<\/p>\n<\/div>\n<p>&nbsp;<\/p>\n<p style=\"text-align: justify\">With more than 75 years of history, the concept of Conductive Pedagogy spread across the world and become famous in many countries. The professionals who completed their Conductive Pedagogy degree program at our institutions are highly sought-after in France, Germany, New Zealand, UK, USA, and many others. The program is available both in Hungarian and in English language and for international students scholarships are also an option.<\/p>\n<p style=\"text-align: justify\">\u00a0<\/p>\n<p style=\"text-align: justify\">Dear Visitor,<\/p>\n<p style=\"text-align: justify\">as a conductor, teacher and Dean of the faculty I am proud to lead our institution since 2016.<\/p>\n<p style=\"text-align: justify\">No matter how difficult the times &#8211; epidemic, economic crisis or war &#8211; \u00a0were, my colleagues and I have always found ways to help children with CP and their families and to train the professionals of the future. As a fundamental tenet of conductive pedagogy says, teamwork always leads to success!<\/p>\n<p style=\"text-align: justify\">Moreover, we have a mission to pass on the work of our great predecessors &#8211; Dr Andr\u00e1s Pet\u0151 and Dr M\u00e1ria H\u00e1ri &#8211; to future generations.<\/p>\n<p style=\"text-align: justify\">So, if you visit us, whether as a student, lecturer, researcher, colleague, or client, I am confident that you will experience our cohesion, professionalism and belief in the cause! I hope we can meet in the near future in person!<\/p>\n<p style=\"text-align: justify\">\u00a0<\/p>\n<p class=\"font_8\"><strong>Andrea Zsebe Phd.<\/strong><br \/>\nDean<br \/>\nAndras Peto Faculty<br \/>\nSemmelweis University<\/p>\n","protected":false},"excerpt":{"rendered":"<p><a href=\"https:\/\/semmelweis.hu\/pak\/files\/2018\/09\/278X145-px-web_zsebe.jpg\"><\/a> Dear Guest, welcome to the Andr\u00e1s Pet\u0151 Faculty of Semmelweis University, the home of Conductive Pedagogy. Our Faculty is located in the Hungarian capital, Budapest, one of the most beautiful cities in Central Europe. The history of our institution goes back to the 1940s when Dr. Andr\u00e1s Pet\u0151 had developed its unique pedagogical rehabilitation system &hellip;<\/p>\n","protected":false},"author":101255,"featured_media":0,"parent":2078,"menu_order":0,"comment_status":"closed","ping_status":"closed","template":"","meta":{"_acf_changed":false,"footnotes":""},"categories":[],"tags":[],"class_list":["post-3146","page","type-page","status-publish","hentry"],"acf":[],"_links":{"self":[{"href":"https:\/\/semmelweis.hu\/pak\/wp-json\/wp\/v2\/pages\/3146","targetHints":{"allow":["GET"]}}],"collection":[{"href":"https:\/\/semmelweis.hu\/pak\/wp-json\/wp\/v2\/pages"}],"about":[{"href":"https:\/\/semmelweis.hu\/pak\/wp-json\/wp\/v2\/types\/page"}],"author":[{"embeddable":true,"href":"https:\/\/semmelweis.hu\/pak\/wp-json\/wp\/v2\/users\/101255"}],"replies":[{"embeddable":true,"href":"https:\/\/semmelweis.hu\/pak\/wp-json\/wp\/v2\/comments?post=3146"}],"version-history":[{"count":11,"href":"https:\/\/semmelweis.hu\/pak\/wp-json\/wp\/v2\/pages\/3146\/revisions"}],"predecessor-version":[{"id":9884,"href":"https:\/\/semmelweis.hu\/pak\/wp-json\/wp\/v2\/pages\/3146\/revisions\/9884"}],"up":[{"embeddable":true,"href":"https:\/\/semmelweis.hu\/pak\/wp-json\/wp\/v2\/pages\/2078"}],"wp:attachment":[{"href":"https:\/\/semmelweis.hu\/pak\/wp-json\/wp\/v2\/media?parent=3146"}],"wp:term":[{"taxonomy":"category","embeddable":true,"href":"https:\/\/semmelweis.hu\/pak\/wp-json\/wp\/v2\/categories?post=3146"},{"taxonomy":"post_tag","embeddable":true,"href":"https:\/\/semmelweis.hu\/pak\/wp-json\/wp\/v2\/tags?post=3146"}],"curies":[{"name":"wp","href":"https:\/\/api.w.org\/{rel}","templated":true}]}}