{"id":189,"date":"2017-12-19T00:00:00","date_gmt":"2017-12-18T23:00:00","guid":{"rendered":"http:\/\/semmelweis.hu\/pak\/milyen-serules-tipusokkal-foglalkozunk\/"},"modified":"2024-02-29T13:44:39","modified_gmt":"2024-02-29T12:44:39","slug":"milyen-serules-tipusokkal-foglalkozunk","status":"publish","type":"page","link":"https:\/\/semmelweis.hu\/pak\/konduktiv-fejlesztes\/felnott-nevelesi-egyseg-fne\/milyen-serules-tipusokkal-foglalkozunk\/","title":{"rendered":"Milyen s\u00e9r\u00fcl\u00e9s t\u00edpusokkal foglalkozunk?"},"content":{"rendered":"<p>Int\u00e9zet\u00fcnk az 50-es \u00e9vek \u00f3ta foglalkozik feln\u0151tt s\u00e9r\u00fcltek rehabilit\u00e1ci\u00f3j\u00e1val.<\/p>\n<p>A kondukt\u00edv pedag\u00f3gia eredm\u00e9nyesen alkalmazhat\u00f3 k\u00fcl\u00f6nb\u00f6z\u0151 k\u00f6zponti idegrendszeri s\u00e9r\u00fcl\u00e9sb\u0151l ad\u00f3d\u00f3 mozg\u00e1s \u00e9s egy\u00e9b k\u00e9pess\u00e9gek, k\u00e9szs\u00e9gek, mint kommunik\u00e1ci\u00f3, \u00edr\u00e1s, gondolkod\u00e1s, eml\u00e9kezet fejleszt\u00e9s\u00e9re:<\/p>\n<ul>\n<li>Stroke ut\u00e1ni \u00e1llapot, hemipl\u00e9gia, hemiparesis, af\u00e1zia,<\/li>\n<li>Sclerosis multiplex,<\/li>\n<li>Parkinson-k\u00f3r ,<\/li>\n<li>Traum\u00e1s koponyas\u00e9r\u00fcl\u00e9s ut\u00e1ni \u00e1llapot komplex rehabilit\u00e1ci\u00f3j\u00e1ban.<\/li>\n<\/ul>\n<p>Rehabilit\u00e1ci\u00f3s tev\u00e9kenys\u00e9g\u00fcnket a NEAK finansz\u00edrozza, ez\u00e9rt h\u00e1ziorvosi, vagy szakorvosi beutal\u00f3 sz\u00fcks\u00e9ges a felv\u00e9telhez (<strong>0140P2201 Pet\u0151 Andr\u00e1s Rehabilit\u00e1ci\u00f3s \u00e9s Eg\u00e9szs\u00e9g\u00fcgyi Ell\u00e1t\u00e1si Rendel\u00e9s I., szakmak\u00f3d: 2200<\/strong>).<\/p>\n<p><strong>Jelentkez\u00e9s:<\/strong><\/p>\n<ul>\n<li>A jelentkez\u0151knek el\u0151sz\u00f6r rehabilit\u00e1ci\u00f3s szakorvosi vizsg\u00e1laton kell r\u00e9szt venni\u00fck.<br \/>\n<strong>Id\u0151pont egyeztet\u00e9s: + 36 1\u00a0224 1570<br \/>\nRendel\u00e9s:<\/strong> minden h\u00e9ten, <strong>cs\u00fct\u00f6rt\u00f6k\u00f6n, 13.00 \u2013 16.00<\/strong> k\u00f6zt<br \/>\n<strong>C\u00edm:<\/strong> 1125 Budapest, K\u00fatv\u00f6lgyi \u00fat 8., 127. szoba<\/p>\n<\/li>\n<li>A foglalkoztat\u00e1s megkezd\u00e9s\u00e9t megel\u0151zi egy kondukt\u00edv tan\u00e1csad\u00e1s is, amit minden h\u00e9ten, <strong>keddi \u00e9s cs\u00fct\u00f6rt\u00f6ki napokon 12:30-t\u00f3l<\/strong>,\u00a0<strong>el\u0151zetes id\u0151pont egyeztet\u00e9s<\/strong>alapj\u00e1n, konduktoraink v\u00e9geznek a Pet\u0151 Andr\u00e1s Kar f\u0151\u00e9p\u00fclet\u00e9ben. Az el\u0151zetes szakorvosi v\u00e9lem\u00e9ny \u00e9s a tan\u00e1csad\u00e1son tapasztalt \u00e1llapot alapj\u00e1n hat\u00e1rozzuk meg, melyik csoport a legjobb a jelentkez\u0151 sz\u00e1m\u00e1ra. A foglalkoz\u00e1sok 8-14 \u00f3ra k\u00f6z\u00f6tt zajlanak, heti 2&#215;2 \u00f3r\u00e1s id\u0151tartamban.<\/li>\n<\/ul>\n<p><strong>Tan\u00e1csad\u00e1sra id\u0151pont egyeztet\u00e9s telefonon:\u00a006 1 224-1574<\/strong>, M\u00e1t\u00e9ffy \u00c1gnesn\u00e9l<\/p>\n<p><strong>B\u0151vebb inform\u00e1ci\u00f3 k\u00e9r\u00e9se:<\/strong>\u00a0<strong>06-1-224-1511<\/strong><\/p>\n<p><strong>Fejleszt\u00e9s helysz\u00edne:<\/strong>\u00a01125 Budapest, K\u00fatv\u00f6lgyi \u00fat 8., A \u00e9p\u00fclet, fszt. 8. szoba<\/p>\n<p><strong>A tan\u00e1csad\u00e1sra k\u00e9rj\u00fck, hozza mag\u00e1val a s\u00e9r\u00fcl\u00e9s\u00e9re vonatkoz\u00f3 dokumentumok, z\u00e1r\u00f3jelent\u00e9sek m\u00e1solat\u00e1t, tov\u00e1bb\u00e1 a h\u00e1ziorvos\u00e1t\u00f3l, vagy szakorvos\u00e1t\u00f3l kapott beutal\u00f3t!<\/strong><\/p>\n<p><strong>A felv\u00e9tel, a f\u00e9r\u0151hely f\u00fcggv\u00e9ny\u00e9ben, mindig adott tan\u00e9vre sz\u00f3l \u00e9s sz\u00fcks\u00e9g szerint t\u00f6bbsz\u00f6r is hosszabb\u00edthat\u00f3.<\/strong><\/p>\n<p>Foglalkoz\u00e1saink bej\u00e1r\u00f3 rendszerben, ak\u00e1r heti t\u00f6bb alkalommal, a kondukt\u00edv pedag\u00f3gia gyakorlat\u00e1nak megfelel\u0151en\u00a0csoportos\u00a0form\u00e1ban t\u00f6rt\u00e9nnek, a tartama k\u00e9t \u00f3ra. A\u00a0t\u00fcnet specifikus\u00a0csoportokba k\u00f6zel hasonl\u00f3 \u00e1llapot\u00fa emberek j\u00e1rnak. A csoport dinamik\u00e1ja, a j\u00f3 l\u00e9gk\u00f6r, vid\u00e1m hangulat, a hasonl\u00f3 probl\u00e9m\u00e1kkal k\u00fczd\u0151k eredm\u00e9nyei mindig nagyon pozit\u00edvan hatnak az egy\u00e9nek teljes\u00edtm\u00e9ny\u00e9re. A csoport alkalmat ny\u00fajt a t\u00e1rsakkal val\u00f3 tapasztalatcser\u00e9re, lehet\u0151s\u00e9get ad \u00faj kapcsolatok teremt\u00e9s\u00e9re, melyek szint\u00e9n nagyban seg\u00edthetik a mindennapi \u00e9letben felmer\u00fcl\u0151 probl\u00e9m\u00e1k megold\u00e1s\u00e1t, kezel\u00e9s\u00e9t. A betegs\u00e9g, az \u00e1llapot elfogad\u00e1sa \u00e9s az ezzel val\u00f3 egy\u00fctt\u00e9l\u00e9s tanul\u00e1sa mindenki sz\u00e1m\u00e1ra egy neh\u00e9z folyamat, amit a t\u00e1rsak j\u00f3 p\u00e9ld\u00e1ja \u00e9s tan\u00e1csai megk\u00f6nny\u00edthetnek. Az \u00e1lland\u00f3 egym\u00e1sra val\u00f3 odafigyel\u00e9s jav\u00edtja az alkalmazkod\u00f3k\u00e9pess\u00e9get, t\u00fcrelmet \u00e9s toleranci\u00e1t ig\u00e9nyel a m\u00e1sik emberrel szemben, ez\u00e1ltal az egy\u00e9n saj\u00e1t mag\u00e1val szemben is t\u00fcrelmesebb\u00e9 v\u00e1lik. A foglalkoz\u00e1sok mindig oldott, j\u00f3 hangulatban a konduktorok vezet\u00e9s\u00e9vel folynak.<\/p>\n<p><strong>Mivel a Pet\u0151 Andr\u00e1s Rehabilit\u00e1ci\u00f3s Eg\u00e9szs\u00e9g\u00fcgyi \u00e9s Ell\u00e1t\u00e1si Oszt\u00e1ly (PAREEO) a Pet\u0151 Andr\u00e1s Karon foly\u00f3 konduktork\u00e9pz\u00e9s gyakorl\u00f3 ter\u00fclete is, \u00edgy a hallgat\u00f3k jelenl\u00e9te \u00e9s gyakorlata folyamatosan r\u00e9sze az \u00e9let\u00fcnknek.<\/strong><\/p>\n","protected":false},"excerpt":{"rendered":"<p>Int\u00e9zet\u00fcnk az 50-es \u00e9vek \u00f3ta foglalkozik feln\u0151tt s\u00e9r\u00fcltek rehabilit\u00e1ci\u00f3j\u00e1val. A kondukt\u00edv pedag\u00f3gia eredm\u00e9nyesen alkalmazhat\u00f3 k\u00fcl\u00f6nb\u00f6z\u0151 k\u00f6zponti idegrendszeri s\u00e9r\u00fcl\u00e9sb\u0151l ad\u00f3d\u00f3 mozg\u00e1s \u00e9s egy\u00e9b k\u00e9pess\u00e9gek, k\u00e9szs\u00e9gek, mint kommunik\u00e1ci\u00f3, \u00edr\u00e1s, gondolkod\u00e1s, eml\u00e9kezet fejleszt\u00e9s\u00e9re: Stroke ut\u00e1ni \u00e1llapot, hemipl\u00e9gia, hemiparesis, af\u00e1zia, Sclerosis multiplex, Parkinson-k\u00f3r , Traum\u00e1s koponyas\u00e9r\u00fcl\u00e9s ut\u00e1ni \u00e1llapot komplex rehabilit\u00e1ci\u00f3j\u00e1ban. Rehabilit\u00e1ci\u00f3s tev\u00e9kenys\u00e9g\u00fcnket a NEAK finansz\u00edrozza, ez\u00e9rt h\u00e1ziorvosi, vagy szakorvosi &hellip;<\/p>\n","protected":false},"author":101361,"featured_media":0,"parent":186,"menu_order":11,"comment_status":"closed","ping_status":"closed","template":"","meta":{"_acf_changed":false,"footnotes":""},"categories":[],"tags":[],"class_list":["post-189","page","type-page","status-publish","hentry"],"acf":[],"_links":{"self":[{"href":"https:\/\/semmelweis.hu\/pak\/wp-json\/wp\/v2\/pages\/189","targetHints":{"allow":["GET"]}}],"collection":[{"href":"https:\/\/semmelweis.hu\/pak\/wp-json\/wp\/v2\/pages"}],"about":[{"href":"https:\/\/semmelweis.hu\/pak\/wp-json\/wp\/v2\/types\/page"}],"author":[{"embeddable":true,"href":"https:\/\/semmelweis.hu\/pak\/wp-json\/wp\/v2\/users\/101361"}],"replies":[{"embeddable":true,"href":"https:\/\/semmelweis.hu\/pak\/wp-json\/wp\/v2\/comments?post=189"}],"version-history":[{"count":2,"href":"https:\/\/semmelweis.hu\/pak\/wp-json\/wp\/v2\/pages\/189\/revisions"}],"predecessor-version":[{"id":4247,"href":"https:\/\/semmelweis.hu\/pak\/wp-json\/wp\/v2\/pages\/189\/revisions\/4247"}],"up":[{"embeddable":true,"href":"https:\/\/semmelweis.hu\/pak\/wp-json\/wp\/v2\/pages\/186"}],"wp:attachment":[{"href":"https:\/\/semmelweis.hu\/pak\/wp-json\/wp\/v2\/media?parent=189"}],"wp:term":[{"taxonomy":"category","embeddable":true,"href":"https:\/\/semmelweis.hu\/pak\/wp-json\/wp\/v2\/categories?post=189"},{"taxonomy":"post_tag","embeddable":true,"href":"https:\/\/semmelweis.hu\/pak\/wp-json\/wp\/v2\/tags?post=189"}],"curies":[{"name":"wp","href":"https:\/\/api.w.org\/{rel}","templated":true}]}}