{"id":160,"date":"2017-12-19T00:00:00","date_gmt":"2017-12-18T23:00:00","guid":{"rendered":"http:\/\/semmelweis.hu\/pak\/rektori-koszonto\/"},"modified":"2025-07-15T09:37:10","modified_gmt":"2025-07-15T07:37:10","slug":"dekani-koszonto","status":"publish","type":"page","link":"https:\/\/semmelweis.hu\/pak\/a-karrol\/dekani-koszonto\/","title":{"rendered":"D\u00e9k\u00e1ni k\u00f6sz\u00f6nt\u0151"},"content":{"rendered":"<h5><a href=\"https:\/\/semmelweis.hu\/pak\/files\/2023\/12\/RS125350_DSC00462-scr.jpg\"><img loading=\"lazy\" decoding=\"async\" class=\"alignright size-medium wp-image-9675\" src=\"https:\/\/semmelweis.hu\/pak\/files\/2023\/12\/RS125350_DSC00462-scr-267x400.jpg\" alt=\"\" width=\"267\" height=\"400\" srcset=\"https:\/\/semmelweis.hu\/pak\/files\/2023\/12\/RS125350_DSC00462-scr-267x400.jpg 267w, https:\/\/semmelweis.hu\/pak\/files\/2023\/12\/RS125350_DSC00462-scr.jpg 600w\" sizes=\"auto, (max-width: 267px) 100vw, 267px\" \/><\/a>Tisztelt L\u00e1togat\u00f3!<\/h5>\n<h5>K\u00f6sz\u00f6nt\u00f6m \u00d6nt a Pet\u0151 Andr\u00e1s Kar honlapj\u00e1n!<\/h5>\n<p><a href=\"https:\/\/semmelweis.hu\/pak\/a-karrol\/\">Karunk<\/a>, az eg\u00e9sz vil\u00e1gon egyed\u00fcl\u00e1ll\u00f3 m\u00f3don, pedag\u00f3giai rehabilit\u00e1ci\u00f3s tev\u00e9kenys\u00e9get v\u00e9gz\u0151 pedag\u00f3gusokat, konduktorokat k\u00e9pez. Saj\u00e1t gyakorl\u00f3ter\u00fclet\u00fcnk\u00f6n, hat\u00e1ron t\u00fali projektjeinkben \u00e9vente t\u00f6bb mint 1000 f\u0151 gyermeknek \u00e9s feln\u0151ttnek ny\u00fajtunk kondukt\u00edv pedag\u00f3giai szolg\u00e1ltat\u00e1st.<\/p>\n<p><a href=\"https:\/\/semmelweis.hu\/pak\/oktatas\/oktatasi-tevekenysegunk\/\">Konduktork\u00e9pz\u00e9si<\/a> tapasztalatunk t\u00f6bb mint 60 \u00e9ves, a gyakorl\u00f3ter\u00fcleteinken v\u00e9gzett kondukt\u00edv fejleszt\u0151 munk\u00e1nk k\u00f6zel 80 \u00e9ves m\u00faltra tekint vissza.<\/p>\n<h4 class=\"keretes w-100\"><em>A Pet\u0151-m\u00f3dszer: &#8222;Az emberben rejl\u0151 csoda.&#8221;<\/em><\/h4>\n<p>A <a href=\"https:\/\/semmelweis.hu\/pak\/a-karrol\/peto-modszer\/\">Pet\u0151-m\u00f3dszer<\/a> alkalmaz\u00e1sa a k\u00f6zponti idegrendszer s\u00e9r\u00fcl\u00e9se miatt vagy vel\u0151cs\u0151-z\u00e1r\u00f3d\u00e1si zavar k\u00f6vetkezt\u00e9ben kialakult, domin\u00e1nsan mozg\u00e1sfunkci\u00f3 kies\u00e9ssel vagy zavarral k\u00fczd\u0151 gyermekekn\u00e9l \u00e9s feln\u0151ttekn\u00e9l bizony\u00edtottan eredm\u00e9nyes.<\/p>\n<p>Fels\u0151oktat\u00e1si <a href=\"https:\/\/semmelweis.hu\/pak\/oktatas\/oktatasi-tevekenysegunk\/\">k\u00e9pz\u00e9s\u00fcnk Budapesten \u00e9s kihelyezett k\u00e9pz\u00e9seink<\/a> keret\u00e9ben \u00e9rhet\u0151k el. A 8 f\u00e9l\u00e9ves <strong><a href=\"https:\/\/semmelweis.hu\/pak\/oktatas\/oktatas-a-karon\/\" target=\"_blank\" rel=\"noopener\">konduktor alapszakunk<\/a> <\/strong>az elm\u00e9let \u00e9s a gyakorlat p\u00e1rhuzamos elsaj\u00e1t\u00edt\u00e1s\u00e1ra \u00e9p\u00edt, magas gyakorlati \u00f3rasz\u00e1mmal. Akkredit\u00e1lt, <a href=\"https:\/\/semmelweis.hu\/pak\/oktatas\/oktatas-a-karon\/hazai-gyakorlati-kepzohelyek\/\" target=\"_blank\" rel=\"noopener\">gyakorlatk\u00f6zpont\u00fa k\u00e9pz\u00e9s\u00fcnk<\/a> egyed\u00fcl\u00e1ll\u00f3 a pedag\u00f3gusk\u00e9pz\u00e9s palett\u00e1j\u00e1n. Hallgat\u00f3ink a kar \u00e1ltal fenntartott gyakorl\u00f3ter\u00fcleteken \u00e9s partnerint\u00e9zm\u00e9nyeinkben szegreg\u00e1lt, t\u00f6bbs\u00e9gi \u00e9s inkluz\u00edv oktat\u00e1si k\u00f6rnyezetben kapcsol\u00f3dhatnak be a teljes diagn\u00f3zis \u00e9s \u00e9letkor specifikus holisztikus fejleszt\u00e9sbe.<\/p>\n<p>A konduktor alapszakot n\u00e9gy \u00e9ves, nappali tagozatos form\u00e1ban, h\u00e1rom v\u00e1laszthat\u00f3 specializ\u00e1ci\u00f3 lehet\u0151s\u00e9g\u00e9vel szervezz\u00fck magyar \u00e9s angol nyelven. B\u00e1rmely \u00e9letkor ir\u00e1nt \u00e9rdekl\u0151dik is, aki a kondukt\u00edv nevel\u00e9s felemel\u0151, de egyben \u00e1ldozatos pedag\u00f3giai rehabilit\u00e1ci\u00f3s tev\u00e9kenys\u00e9g\u00e9be k\u00edv\u00e1n bekapcsol\u00f3dni, Karunkon megtal\u00e1lja a c\u00e9lcsoportj\u00e1t.<\/p>\n<p>A konduktor BA elv\u00e9gz\u00e9s\u00e9t k\u00f6vet\u0151en a munkaer\u0151-piaci elv\u00e1r\u00e1soknak megfelel\u0151, versenyk\u00e9pes tud\u00e1s birtok\u00e1ba jutnak hallgat\u00f3ink, \u00e9s diplomaszerz\u00e9s\u00fcket k\u00f6vet\u0151en mind haz\u00e1nkban, mind nemzetk\u00f6zi kitekint\u00e9sekben megbecs\u00fclt \u00e9s keresett szakemberr\u00e9 v\u00e1lnak. A tanulm\u00e1nyok folytat\u00e1s\u00e1ra MA \u00e9s MSc k\u00e9pz\u00e9sek keret\u00e9ben is lehet\u0151s\u00e9g van, ak\u00e1r a karunk \u00e1ltal ind\u00edtott Neurorehabilit\u00e1ci\u00f3 MSc k\u00e9pz\u00e9sben.<\/p>\n<p>A k\u00e9pz\u00e9s\u00fcnk ir\u00e1nt \u00e9rdekl\u0151d\u0151knek t\u00f6bb <a href=\"https:\/\/semmelweis.hu\/pak\/felvetelizoknek\/nyilt-nap\/\" target=\"_blank\" rel=\"noopener\">ny\u00edlt napot<\/a> biztos\u00edtunk, felvett hallgat\u00f3ink tanulm\u00e1nyi halad\u00e1s\u00e1t sz\u00e1mos m\u00f3don seg\u00edtj\u00fck, t\u00e1mogatjuk. Int\u00e9zm\u00e9ny\u00fcnkben \u00e9vfolyamfelel\u0151si, tanul\u00f3p\u00e1r rendszert m\u0171k\u00f6dtet\u00fcnk a fels\u0151bb \u00e9vfolyamok bekapcsol\u00e1s\u00e1val.<\/p>\n<div class=\"keretes w-100\">\n<p>Kev\u00e9s olyan hivat\u00e1s van, ahol a r\u00e1nk b\u00edzott \u00e9letek oly intenz\u00edven \u00e9s oly hosszan vezethet\u0151k a fejl\u0151d\u00e9s \u00fatj\u00e1n, mint a konduktorok eset\u00e9ben!<\/p>\n<\/div>\n<p>J\u00f3magam 1995-ben, konduktork\u00e9nt kezdtem p\u00e1lyafut\u00e1somat. Az\u00f3ta az int\u00e9zm\u00e9ny k\u00f6tel\u00e9k\u00e9ben e hivat\u00e1snak szentelem magam, \u00e9s legf\u0151bb c\u00e9lom a konduktori munka megbecs\u00fcl\u00e9s\u00e9nek fenntart\u00e1sa.\u00a0Mindent megteszek az\u00e9rt, hogy int\u00e9zm\u00e9ny\u00fcnk fegyelmezett, hat\u00e9kony \u00e9s fejl\u0151dni k\u00e9pes munk\u00e1val, sokr\u00e9t\u0171 hazai \u00e9s nemzetk\u00f6zi szakmai kapcsolatainak fenntart\u00e1s\u00e1val \u00e9s fejleszt\u00e9s\u00e9vel m\u00e9g sok\u00e1ig m\u00e9lt\u00f3 legyen arra a t\u00e1rsadalmi megbecs\u00fcl\u00e9sre, arra a kondukt\u00edv fejleszt\u0151 munk\u00e1nk \u00e9s konduktork\u00e9pz\u00e9s\u00fck ir\u00e1nti tiszteletre \u00e9s \u00e9rdekl\u0151d\u00e9sre, amely az elm\u00falt \u00e9vtizedekben k\u00f6r\u00fclvett minket.<\/p>\n<p><strong>Dr. Tenk Mikl\u00f3sn\u00e9 Dr. Zsebe Andrea<br \/>\nd\u00e9k\u00e1n<br \/>\n<\/strong>konduktor, f\u0151iskolai tan\u00e1r<\/p>\n","protected":false},"excerpt":{"rendered":"<p><a href=\"https:\/\/semmelweis.hu\/pak\/files\/2023\/12\/RS125350_DSC00462-scr.jpg\"><\/a> Tisztelt L\u00e1togat\u00f3! K\u00f6sz\u00f6nt\u00f6m \u00d6nt a Pet\u0151 Andr\u00e1s Kar honlapj\u00e1n! <a href=\"https:\/\/semmelweis.hu\/pak\/a-karrol\/\">Karunk<\/a> , az eg\u00e9sz vil\u00e1gon egyed\u00fcl\u00e1ll\u00f3 m\u00f3don, pedag\u00f3giai rehabilit\u00e1ci\u00f3s tev\u00e9kenys\u00e9get v\u00e9gz\u0151 pedag\u00f3gusokat, konduktorokat k\u00e9pez. Saj\u00e1t gyakorl\u00f3ter\u00fclet\u00fcnk\u00f6n, hat\u00e1ron t\u00fali projektjeinkben \u00e9vente t\u00f6bb mint 1000 f\u0151 gyermeknek \u00e9s feln\u0151ttnek ny\u00fajtunk kondukt\u00edv pedag\u00f3giai szolg\u00e1ltat\u00e1st. <a href=\"https:\/\/semmelweis.hu\/pak\/oktatas\/oktatasi-tevekenysegunk\/\">Konduktork\u00e9pz\u00e9si<\/a> tapasztalatunk t\u00f6bb mint 60 \u00e9ves, a gyakorl\u00f3ter\u00fcleteinken v\u00e9gzett kondukt\u00edv fejleszt\u0151 munk\u00e1nk k\u00f6zel 80 \u00e9ves m\u00faltra tekint &hellip;<\/p>\n","protected":false},"author":101362,"featured_media":0,"parent":3254,"menu_order":0,"comment_status":"closed","ping_status":"closed","template":"","meta":{"_acf_changed":false,"footnotes":""},"categories":[],"tags":[],"class_list":["post-160","page","type-page","status-publish","hentry"],"acf":[],"_links":{"self":[{"href":"https:\/\/semmelweis.hu\/pak\/wp-json\/wp\/v2\/pages\/160","targetHints":{"allow":["GET"]}}],"collection":[{"href":"https:\/\/semmelweis.hu\/pak\/wp-json\/wp\/v2\/pages"}],"about":[{"href":"https:\/\/semmelweis.hu\/pak\/wp-json\/wp\/v2\/types\/page"}],"author":[{"embeddable":true,"href":"https:\/\/semmelweis.hu\/pak\/wp-json\/wp\/v2\/users\/101362"}],"replies":[{"embeddable":true,"href":"https:\/\/semmelweis.hu\/pak\/wp-json\/wp\/v2\/comments?post=160"}],"version-history":[{"count":13,"href":"https:\/\/semmelweis.hu\/pak\/wp-json\/wp\/v2\/pages\/160\/revisions"}],"predecessor-version":[{"id":12253,"href":"https:\/\/semmelweis.hu\/pak\/wp-json\/wp\/v2\/pages\/160\/revisions\/12253"}],"up":[{"embeddable":true,"href":"https:\/\/semmelweis.hu\/pak\/wp-json\/wp\/v2\/pages\/3254"}],"wp:attachment":[{"href":"https:\/\/semmelweis.hu\/pak\/wp-json\/wp\/v2\/media?parent=160"}],"wp:term":[{"taxonomy":"category","embeddable":true,"href":"https:\/\/semmelweis.hu\/pak\/wp-json\/wp\/v2\/categories?post=160"},{"taxonomy":"post_tag","embeddable":true,"href":"https:\/\/semmelweis.hu\/pak\/wp-json\/wp\/v2\/tags?post=160"}],"curies":[{"name":"wp","href":"https:\/\/api.w.org\/{rel}","templated":true}]}}