{"id":152,"date":"2017-12-19T00:00:00","date_gmt":"2017-12-18T23:00:00","guid":{"rendered":"http:\/\/semmelweis.hu\/pak\/hazai-gyakorlati-kepzohelyek\/"},"modified":"2026-03-05T18:22:39","modified_gmt":"2026-03-05T17:22:39","slug":"hazai-gyakorlati-kepzohelyek","status":"publish","type":"page","link":"https:\/\/semmelweis.hu\/pak\/oktatas\/oktatas-a-karon\/hazai-gyakorlati-kepzohelyek\/","title":{"rendered":"Gyakorlati k\u00e9pz\u00e9s"},"content":{"rendered":"<div class=\"keretes w-100\">\n<p style=\"text-align: justify\">A Semmelweis Egyetem Pet\u0151 Andr\u00e1s Kara m\u00e1r alap\u00edt\u00e1s\u00e1nak kezdet\u00e9t\u0151l fogva nagy hangs\u00falyt fektet a <strong>gyakorlatorient\u00e1lt k\u00e9pz\u00e9s<\/strong> megval\u00f3s\u00edt\u00e1s\u00e1ra.<\/p>\n<\/div>\n<p style=\"text-align: justify\">A konduktori hivat\u00e1s v\u00e9gz\u00e9s\u00e9hez sz\u00fcks\u00e9ges kompetenci\u00e1k kialak\u00edt\u00e1s\u00e1ban az elm\u00e9leti t\u00e1rgyak oktat\u00e1sa mellett az eredm\u00e9nyes <a href=\"https:\/\/semmelweis.hu\/pak\/oktatas\/oktatas-a-karon\/\">konduktork\u00e9pz\u00e9s<\/a> kulcseleme a gyakorlati k\u00e9pz\u00e9s, ez\u00e9rt hallgat\u00f3ink m\u00e1r az els\u0151 pillanatt\u00f3l kezdve szakmai gyakorlaton vesznek r\u00e9szt.<\/p>\n<p><a href=\"https:\/\/semmelweis.hu\/pak\/files\/2025\/05\/hallgatok_kepesseg.jpg\"><img loading=\"lazy\" decoding=\"async\" class=\"wp-image-12121 alignleft\" src=\"https:\/\/semmelweis.hu\/pak\/files\/2025\/05\/hallgatok_kepesseg-390x400.jpg\" alt=\"\" width=\"283\" height=\"290\" srcset=\"https:\/\/semmelweis.hu\/pak\/files\/2025\/05\/hallgatok_kepesseg-390x400.jpg 390w, https:\/\/semmelweis.hu\/pak\/files\/2025\/05\/hallgatok_kepesseg-753x772.jpg 753w, https:\/\/semmelweis.hu\/pak\/files\/2025\/05\/hallgatok_kepesseg.jpg 768w\" sizes=\"auto, (max-width: 283px) 100vw, 283px\" \/><\/a><\/p>\n<p style=\"text-align: justify\">A hallgat\u00f3k a n\u00e9gy tanulm\u00e1nyi \u00e9v alatt megismerkednek az idegrendszeri eredet\u0171 mozg\u00e1ss\u00e9r\u00fcl\u00e9s valamennyi t\u00edpus\u00e1val, az egyes koroszt\u00e1lyok saj\u00e1toss\u00e1gaival, a mozg\u00e1ss\u00e9r\u00fclt gyermekek \u00e9s feln\u0151ttek komplex int\u00e9zeti \u00e9s integr\u00e1lt nevel\u00e9s\u00e9nek lehet\u0151s\u00e9geivel, tev\u00e9kenyen r\u00e9szt vesznek a nevel\u00e9si-oktat\u00e1si \u00e9s fejleszt\u00e9si folyamatukban. \u00cdgy hallgat\u00f3ink tapasztalatszerz\u00e9s \u00fatj\u00e1n ismerik meg \u00e9s ismerik fel a kondukt\u00edv pedag\u00f3giai elm\u00e9let \u00e9s gyakorlat kapcsolat\u00e1t, \u00f6sszef\u00fcgg\u00e9seit, felk\u00e9sz\u00fclhetnek v\u00e1lasztott hivat\u00e1sukra: megfelel\u0151 szaktudom\u00e1nyos ismeretekkel, pozit\u00edv pedag\u00f3giai attit\u0171ddel rendelkezzenek, megtanuljanak reflekt\u00edv m\u00f3don viszonyulni munk\u00e1jukhoz tov\u00e1bb\u00e1 felel\u0151ss\u00e9get v\u00e1llalni tev\u00e9kenys\u00e9g\u00fck\u00e9rt.<\/p>\n<div class=\"keretes w-100\" style=\"text-align: justify\"><strong>Gyakorlatvezet\u0151 konduktor\/oktat\u00f3<\/strong> szem\u00e9lye biztos\u00edtja azt, hogy a k\u00fcl\u00f6nb\u00f6z\u0151 gyakorl\u00f3ter\u00fcleti csoportokban teljes\u00edt\u0151 hallgat\u00f3k a sz\u00e1mukra el\u0151\u00edrt k\u00f6vetelm\u00e9nyeket egys\u00e9gesen, ugyanolyan felt\u00e9telrendszerben teljes\u00edthess\u00e9k.<\/div>\n<p style=\"text-align: justify\"><a href=\"https:\/\/semmelweis.hu\/pak\/files\/2023\/10\/P1010355-scaled.jpg\"><img loading=\"lazy\" decoding=\"async\" class=\"alignright  wp-image-9242\" src=\"https:\/\/semmelweis.hu\/pak\/files\/2023\/10\/P1010355-400x268.jpg\" alt=\"\" width=\"312\" height=\"209\" srcset=\"https:\/\/semmelweis.hu\/pak\/files\/2023\/10\/P1010355-400x268.jpg 400w, https:\/\/semmelweis.hu\/pak\/files\/2023\/10\/P1010355-1024x686.jpg 1024w, https:\/\/semmelweis.hu\/pak\/files\/2023\/10\/P1010355-768x515.jpg 768w, https:\/\/semmelweis.hu\/pak\/files\/2023\/10\/P1010355-1536x1030.jpg 1536w, https:\/\/semmelweis.hu\/pak\/files\/2023\/10\/P1010355-2048x1373.jpg 2048w, https:\/\/semmelweis.hu\/pak\/files\/2023\/10\/P1010355-753x505.jpg 753w, https:\/\/semmelweis.hu\/pak\/files\/2023\/10\/P1010355-203x135.jpg 203w\" sizes=\"auto, (max-width: 312px) 100vw, 312px\" \/><\/a>A gyakorlati k\u00e9pz\u00e9s tartalmaz kondukt\u00edv pedag\u00f3giai gyakorlatokat \u00e9s a specializ\u00e1ci\u00f3nak megfelel\u0151 \u00f3vodai, iskolai vagy pedag\u00f3giai rehabilit\u00e1ci\u00f3s gyakorlatokat, melyek lehetnek egy\u00e9ni \u00e9s csoportos megfigyel\u00e9sek, hospit\u00e1l\u00e1sok valamint folyamatos jelleg\u0171 szakmai gyakorlatok.\u00a0<\/p>\n<div>\u00a0<\/div>\n<div class=\"w-100\"><strong>Gyakorlat\u00e9rt felel\u0151s oktat\u00f3k:<\/strong><\/div>\n<div class=\"w-100 keretes\"><span style=\"font-size: 14pt\">Dr. K\u00e1llay Zs\u00f3fia \u2013 folyamatos szakmai gyakorlatok (KPGY)<br \/>\nKapcs\u00e1ndy Gabriella \u2013 \u00f3vodai gyakorlatok (OPGY)<br \/>\nG\u00e1l Franciska \u2013 iskolai gyakorlatok (TPGY)<br \/>\nSzab\u00f3 G\u00e1bor \u2013 pedag\u00f3giai rehabilit\u00e1ci\u00f3s gyakorlatok (PRGY)<br \/>\n<\/span><\/div>\n<div>\u00a0<\/div>\n<div class=\"w-100\"><span style=\"font-size: 14pt\"><strong>GYAKORL\u00d3 INT\u00c9ZM\u00c9NYEK<\/p>\n<p><\/strong><\/span><\/div>\n<p class=\"uk-h3 uk-h2 uk-h4\"><span style=\"font-size: 14pt\">1. SEMMELWEIS EGYETEM (SE) PET\u0150 ANDR\u00c1S KAR (PAK) KONDUKT\u00cdV PEDAG\u00d3GIAI K\u00d6ZPONT (KPK)<\/span><\/p>\n<ol>\n<li class=\"uk-h3 uk-h2 uk-h4\"><span style=\"font-size: 14pt\"><a href=\"https:\/\/semmelweis.hu\/peto-ovoda\/\" target=\"_blank\" rel=\"noopener noreferrer\">SE Pet\u0151 Andr\u00e1s Gyakorl\u00f3 \u00d3voda<\/a><br \/>\n<\/span><\/li>\n<li class=\"uk-h3 uk-h2 uk-h4\"><span style=\"font-size: 14pt\"><a href=\"https:\/\/semmelweis.hu\/pak\/konduktiv-fejlesztes\/felnott-nevelesi-egyseg-fne\/\" target=\"_blank\" rel=\"noopener noreferrer\">SE Pet\u0151 Andr\u00e1s Rehabilit\u00e1ci\u00f3s \u00e9s Eg\u00e9szs\u00e9g\u00fcgyi Ell\u00e1t\u00e1si Oszt\u00e1ly (PAREEO)<\/a><br \/>\n<\/span><\/li>\n<li class=\"uk-h5\"><span style=\"font-size: 14pt\"><a href=\"https:\/\/semmelweis.hu\/peto-ekpmi\/\">SE Pet\u0151 Andr\u00e1s Egys\u00e9ges Kondukt\u00edv Pedag\u00f3giai M\u00f3dszertani Int\u00e9zm\u00e9nye (EKPMI)<\/a><\/span><\/li>\n<\/ol>\n<ul>\n<li><span style=\"font-size: 14pt\"><a href=\"https:\/\/semmelweis.hu\/peto-ekpmi\/szakszolgalat\/\" target=\"_blank\" rel=\"noopener noreferrer\">Gyakorl\u00f3 Pedag\u00f3giai Szakszolg\u00e1lat <\/a><\/span><\/li>\n<li><span style=\"font-size: 14pt\"><a href=\"https:\/\/semmelweis.hu\/peto-ekpmi\/gyakorlo-altalanos-iskola-bemutatkozas\/\" target=\"_blank\" rel=\"noopener noreferrer\">Gyakorl\u00f3 Kondukt\u00edv \u00c1ltal\u00e1nos Iskola \u00e9s Koll\u00e9gium<\/a><\/span><\/li>\n<li><span style=\"font-size: 14pt\"><a href=\"https:\/\/semmelweis.hu\/peto-ekpmi\/konduktiv-szakiskola\/\">Kondukt\u00edv Gyakorl\u00f3 Szakiskola Int\u00e9zm\u00e9nyegys\u00e9g<\/a><\/span><\/li>\n<li><span style=\"font-size: 14pt\"><a href=\"https:\/\/semmelweis.hu\/peto-ekpmi\/utazokonduktori-intezmenyegyseg\/\">Utaz\u00f3 Konduktori Szolg\u00e1lat<\/a><\/span><\/li>\n<\/ul>\n<p><span style=\"font-size: 14pt\">2. INT\u00c9ZM\u00c9NYEN K\u00cdV\u00dcLI TAN\u00cdT\u00c1SI M\u00d3DSZERTANI GYAKORL\u00d3HELYEK<\/span><\/p>\n<ul>\n<li><span style=\"font-size: 14pt\"><a href=\"https:\/\/adamjeno.hu\/\">\u00dajbudai \u00c1d\u00e1m Jen\u0151 \u00c1ltal\u00e1nos Iskola<\/a><br \/>\n<\/span><\/li>\n<\/ul>\n<p class=\"uk-h3 uk-h2 uk-h4\"><span style=\"font-size: 14pt\">3. INT\u00c9ZM\u00c9NYEN K\u00cdV\u00dcLI \u00d3VODAI M\u00d3DSZERTANI GYAKORL\u00d3HELYEK<\/span><\/p>\n<ul>\n<li><a href=\"https:\/\/www.varosmajoriovodak.hu\/\"><span style=\"font-size: 14pt\">V\u00e1rosmajori \u00d3vod\u00e1k<\/span><\/a><\/li>\n<\/ul>\n<p><span style=\"font-size: 14pt\">4. INT\u00c9ZM\u00c9NYEN K\u00cdV\u00dcLI PEDAG\u00d3GIAI REHABILIT\u00c1CI\u00d3S M\u00d3DSZERTANI GYAKORL\u00d3HELYEK<\/span><\/p>\n<ul>\n<li><span style=\"font-size: 14pt\"><a href=\"https:\/\/merek.hu\/\">Mozg\u00e1ss\u00e9r\u00fclt Emberek Integr\u00e1lt Int\u00e9zm\u00e9nye<\/a><\/span><\/li>\n<li><a href=\"https:\/\/semmelweis.hu\/rehabilitaciosklinika\/\"><span style=\"font-size: 14pt\">Semmelweis Egyetem Rehabilit\u00e1ci\u00f3s Klinika<\/span><\/a><\/li>\n<\/ul>\n<p>5. KIEMELT NEMZETK\u00d6ZI PARTNEREK &#8211; <a href=\"https:\/\/semmelweis.hu\/pak\/hallgatoknak\/mobilitasi-lehetosegek\/kiemelt-partnerek\/\">DESIGNATED INSTITUTE FOR PRACTICE<\/a><\/p>\n<div class=\"keretes w-100\">\n<p><strong>KAPCSOL\u00d3D\u00d3 DOKUMENTUMOK, T\u00c1J\u00c9KOZTAT\u00d3K<\/strong><\/p>\n<p><a href=\"https:\/\/semmelweis.hu\/pak\/files\/2026\/03\/GYAKOLATI-KEPZES-TAJEKOZTATOJA_2026-1.pdf\">Gyakorlati k\u00e9pz\u00e9s t\u00e1j\u00e9koztat\u00f3ja<\/a><\/p>\n<p><a href=\"https:\/\/semmelweis.hu\/pak\/files\/2026\/03\/Gyakorloteruletek_latogatasa_2026.pdf\">Gyakorlati ter\u00fcletek l\u00e1togat\u00e1si szab\u00e1lyai<\/a><\/p>\n<p><a href=\"https:\/\/semmelweis.hu\/pak\/files\/2019\/05\/GYAKORLATON-VAL%C3%93-MEGJELEN%C3%89S-K%C3%93DEXE.pdf\" target=\"_blank\" rel=\"noopener\">Gyakorlaton val\u00f3 megjelen\u00e9s k\u00f3dexe<\/a><\/p>\n<\/div>\n","protected":false},"excerpt":{"rendered":"<p>A Semmelweis Egyetem Pet\u0151 Andr\u00e1s Kara m\u00e1r alap\u00edt\u00e1s\u00e1nak kezdet\u00e9t\u0151l fogva nagy hangs\u00falyt fektet a gyakorlatorient\u00e1lt k\u00e9pz\u00e9s megval\u00f3s\u00edt\u00e1s\u00e1ra. A konduktori hivat\u00e1s v\u00e9gz\u00e9s\u00e9hez sz\u00fcks\u00e9ges kompetenci\u00e1k kialak\u00edt\u00e1s\u00e1ban az elm\u00e9leti t\u00e1rgyak oktat\u00e1sa mellett az eredm\u00e9nyes <a href=\"https:\/\/semmelweis.hu\/pak\/oktatas\/oktatas-a-karon\/\">konduktork\u00e9pz\u00e9s<\/a> kulcseleme a gyakorlati k\u00e9pz\u00e9s, ez\u00e9rt hallgat\u00f3ink m\u00e1r az els\u0151 pillanatt\u00f3l kezdve szakmai gyakorlaton vesznek r\u00e9szt. <a href=\"https:\/\/semmelweis.hu\/pak\/files\/2025\/05\/hallgatok_kepesseg.jpg\"><\/a> A hallgat\u00f3k a n\u00e9gy tanulm\u00e1nyi \u00e9v alatt megismerkednek az &hellip;<\/p>\n","protected":false},"author":101406,"featured_media":0,"parent":1148,"menu_order":13,"comment_status":"closed","ping_status":"closed","template":"","meta":{"_acf_changed":false,"footnotes":""},"categories":[],"tags":[],"class_list":["post-152","page","type-page","status-publish","hentry"],"acf":[],"_links":{"self":[{"href":"https:\/\/semmelweis.hu\/pak\/wp-json\/wp\/v2\/pages\/152","targetHints":{"allow":["GET"]}}],"collection":[{"href":"https:\/\/semmelweis.hu\/pak\/wp-json\/wp\/v2\/pages"}],"about":[{"href":"https:\/\/semmelweis.hu\/pak\/wp-json\/wp\/v2\/types\/page"}],"author":[{"embeddable":true,"href":"https:\/\/semmelweis.hu\/pak\/wp-json\/wp\/v2\/users\/101406"}],"replies":[{"embeddable":true,"href":"https:\/\/semmelweis.hu\/pak\/wp-json\/wp\/v2\/comments?post=152"}],"version-history":[{"count":14,"href":"https:\/\/semmelweis.hu\/pak\/wp-json\/wp\/v2\/pages\/152\/revisions"}],"predecessor-version":[{"id":13287,"href":"https:\/\/semmelweis.hu\/pak\/wp-json\/wp\/v2\/pages\/152\/revisions\/13287"}],"up":[{"embeddable":true,"href":"https:\/\/semmelweis.hu\/pak\/wp-json\/wp\/v2\/pages\/1148"}],"wp:attachment":[{"href":"https:\/\/semmelweis.hu\/pak\/wp-json\/wp\/v2\/media?parent=152"}],"wp:term":[{"taxonomy":"category","embeddable":true,"href":"https:\/\/semmelweis.hu\/pak\/wp-json\/wp\/v2\/categories?post=152"},{"taxonomy":"post_tag","embeddable":true,"href":"https:\/\/semmelweis.hu\/pak\/wp-json\/wp\/v2\/tags?post=152"}],"curies":[{"name":"wp","href":"https:\/\/api.w.org\/{rel}","templated":true}]}}