{"id":13171,"date":"2026-02-10T12:41:03","date_gmt":"2026-02-10T11:41:03","guid":{"rendered":"https:\/\/semmelweis.hu\/pak\/?page_id=13171"},"modified":"2026-03-02T10:32:50","modified_gmt":"2026-03-02T09:32:50","slug":"peto-szimpozium-2026","status":"publish","type":"page","link":"https:\/\/semmelweis.hu\/pak\/kutatas\/tudomanyos-rendezvenyeink\/peto-andras-tudomanyos-es-szakmai-szimpozium\/peto-szimpozium-2026\/","title":{"rendered":"Pet\u0151 Andr\u00e1s Nemzetk\u00f6zi Tudom\u00e1nyos \u00e9s Szakmai Szimp\u00f3zium 2026"},"content":{"rendered":"<p style=\"text-align: center\"><img loading=\"lazy\" decoding=\"async\" class=\"aligncenter wp-image-13172 size-large\" src=\"https:\/\/semmelweis.hu\/pak\/files\/2026\/02\/SE_PAK_szimpozium_2025_menekulokep_1920x1080-1024x576.jpg\" alt=\"\" width=\"753\" height=\"424\" srcset=\"https:\/\/semmelweis.hu\/pak\/files\/2026\/02\/SE_PAK_szimpozium_2025_menekulokep_1920x1080-1024x576.jpg 1024w, https:\/\/semmelweis.hu\/pak\/files\/2026\/02\/SE_PAK_szimpozium_2025_menekulokep_1920x1080-400x225.jpg 400w, https:\/\/semmelweis.hu\/pak\/files\/2026\/02\/SE_PAK_szimpozium_2025_menekulokep_1920x1080-768x432.jpg 768w, https:\/\/semmelweis.hu\/pak\/files\/2026\/02\/SE_PAK_szimpozium_2025_menekulokep_1920x1080-753x424.jpg 753w, https:\/\/semmelweis.hu\/pak\/files\/2026\/02\/SE_PAK_szimpozium_2025_menekulokep_1920x1080.jpg 1200w\" sizes=\"auto, (max-width: 753px) 100vw, 753px\" \/><strong>Pet\u0151 Andr\u00e1s Nemzetk\u00f6zi Tudom\u00e1nyos \u00e9s Szakmai Szimp\u00f3zium 2026: <br \/>\n<\/strong><strong>From Subfields to Unified Models<\/strong><\/p>\n<p style=\"text-align: center\"><strong>2026. november 26-27.<\/strong><\/p>\n<p style=\"text-align: center\">A szimp\u00f3zium programj\u00e1nak r\u00e9szleteit ezen az oldalon fogjuk k\u00f6zz\u00e9tenni.<\/p>\n<p>&nbsp;<\/p>\n<hr \/>\n<p>&nbsp;<\/p>\n<p style=\"text-align: center\"><em>Pet\u0151 Andr\u00e1s International Scientific and Professional Symposium 2026: <br \/>\nFrom Subfields t<\/em><em>o Unified Models <\/em><\/p>\n<p style=\"text-align: center\"><em>November 26\u201327, 2026<\/em><\/p>\n<p style=\"text-align: center\">The details of the symposium program will be published on this page.<\/p>\n","protected":false},"excerpt":{"rendered":"<p>Pet\u0151 Andr\u00e1s Nemzetk\u00f6zi Tudom\u00e1nyos \u00e9s Szakmai Szimp\u00f3zium 2026:<br \/>\nFrom Subfields to Unified Models<br \/>\n2026. november 26-27.<br \/>\nA szimp\u00f3zium programj\u00e1nak r\u00e9szleteit ezen az oldalon fogjuk k\u00f6zz\u00e9tenni.<br \/>\n&nbsp;<\/p>\n<p>&nbsp;<br \/>\nPet\u0151 Andr\u00e1s International Scientific and Professional Symposium 2026:<br \/>\nFrom Subfields to Unified Models<br \/>\nNovember 26\u201327, 2026<br \/>\nThe details of the symposium program will be published on this page.<\/p>\n","protected":false},"author":102433,"featured_media":0,"parent":10130,"menu_order":0,"comment_status":"closed","ping_status":"closed","template":"","meta":{"_acf_changed":false,"footnotes":""},"categories":[],"tags":[515,143],"class_list":["post-13171","page","type-page","status-publish","hentry","tag-peto-szimpozium","tag-szimpozium"],"acf":[],"_links":{"self":[{"href":"https:\/\/semmelweis.hu\/pak\/wp-json\/wp\/v2\/pages\/13171","targetHints":{"allow":["GET"]}}],"collection":[{"href":"https:\/\/semmelweis.hu\/pak\/wp-json\/wp\/v2\/pages"}],"about":[{"href":"https:\/\/semmelweis.hu\/pak\/wp-json\/wp\/v2\/types\/page"}],"author":[{"embeddable":true,"href":"https:\/\/semmelweis.hu\/pak\/wp-json\/wp\/v2\/users\/102433"}],"replies":[{"embeddable":true,"href":"https:\/\/semmelweis.hu\/pak\/wp-json\/wp\/v2\/comments?post=13171"}],"version-history":[{"count":8,"href":"https:\/\/semmelweis.hu\/pak\/wp-json\/wp\/v2\/pages\/13171\/revisions"}],"predecessor-version":[{"id":13228,"href":"https:\/\/semmelweis.hu\/pak\/wp-json\/wp\/v2\/pages\/13171\/revisions\/13228"}],"up":[{"embeddable":true,"href":"https:\/\/semmelweis.hu\/pak\/wp-json\/wp\/v2\/pages\/10130"}],"wp:attachment":[{"href":"https:\/\/semmelweis.hu\/pak\/wp-json\/wp\/v2\/media?parent=13171"}],"wp:term":[{"taxonomy":"category","embeddable":true,"href":"https:\/\/semmelweis.hu\/pak\/wp-json\/wp\/v2\/categories?post=13171"},{"taxonomy":"post_tag","embeddable":true,"href":"https:\/\/semmelweis.hu\/pak\/wp-json\/wp\/v2\/tags?post=13171"}],"curies":[{"name":"wp","href":"https:\/\/api.w.org\/{rel}","templated":true}]}}