{"id":12039,"date":"2025-04-29T16:43:31","date_gmt":"2025-04-29T14:43:31","guid":{"rendered":"https:\/\/semmelweis.hu\/pak\/?page_id=12039"},"modified":"2025-07-11T13:28:58","modified_gmt":"2025-07-11T11:28:58","slug":"peto-podcast-neurorehabilitacio-msc","status":"publish","type":"page","link":"https:\/\/semmelweis.hu\/pak\/oktatas\/mesterkepzes\/peto-podcast-neurorehabilitacio-msc\/","title":{"rendered":"Pet\u0151 Podcast &#8211; Neurorehabilit\u00e1ci\u00f3 MSc"},"content":{"rendered":"<p><span class=\"yt-core-attributed-string yt-core-attributed-string--white-space-pre-wrap\" dir=\"auto\" role=\"text\"><span class=\"yt-core-attributed-string--link-inherit-color\" dir=\"auto\">A Pet\u0151 Podcast m\u00e1sodik ad\u00e1s\u00e1ban Dr. Tenk Mikl\u00f3sn\u00e9 Dr. Zsebe Andrea \u00e9s Dr. Fogarasi Andr\u00e1s a Semmelweis Egyetem Pet\u0151 Andr\u00e1s Kar\u00e1nak frissen indul\u00f3, \u00faj mesterk\u00e9pz\u00e9s\u00e9r\u0151l besz\u00e9lgetnek.<\/span><\/span><\/p>\n<p>Youtube link:<\/p>\n<p><iframe loading=\"lazy\" title=\"Pet\u0151 Podcast - Neurorehabilit\u00e1ci\u00f3 Mesterk\u00e9pz\u00e9s\" width=\"753\" height=\"424\" src=\"https:\/\/www.youtube.com\/embed\/Id4Zq144j_o?feature=oembed\" frameborder=\"0\" allow=\"accelerometer; autoplay; clipboard-write; encrypted-media; gyroscope; picture-in-picture; web-share\" referrerpolicy=\"strict-origin-when-cross-origin\" allowfullscreen><\/iframe><\/p>\n","protected":false},"excerpt":{"rendered":"<p>A Pet\u0151 Podcast m\u00e1sodik ad\u00e1s\u00e1ban Dr. Tenk Mikl\u00f3sn\u00e9 Dr. Zsebe Andrea \u00e9s Dr. Fogarasi Andr\u00e1s a Semmelweis Egyetem Pet\u0151 Andr\u00e1s Kar\u00e1nak frissen indul\u00f3, \u00faj mesterk\u00e9pz\u00e9s\u00e9r\u0151l besz\u00e9lgetnek.<br \/>\nYoutube link:<\/p>\n","protected":false},"author":102056,"featured_media":0,"parent":9750,"menu_order":1,"comment_status":"closed","ping_status":"closed","template":"","meta":{"_acf_changed":false,"footnotes":""},"categories":[],"tags":[511],"class_list":["post-12039","page","type-page","status-publish","hentry","tag-peto-podcast"],"acf":[],"_links":{"self":[{"href":"https:\/\/semmelweis.hu\/pak\/wp-json\/wp\/v2\/pages\/12039","targetHints":{"allow":["GET"]}}],"collection":[{"href":"https:\/\/semmelweis.hu\/pak\/wp-json\/wp\/v2\/pages"}],"about":[{"href":"https:\/\/semmelweis.hu\/pak\/wp-json\/wp\/v2\/types\/page"}],"author":[{"embeddable":true,"href":"https:\/\/semmelweis.hu\/pak\/wp-json\/wp\/v2\/users\/102056"}],"replies":[{"embeddable":true,"href":"https:\/\/semmelweis.hu\/pak\/wp-json\/wp\/v2\/comments?post=12039"}],"version-history":[{"count":2,"href":"https:\/\/semmelweis.hu\/pak\/wp-json\/wp\/v2\/pages\/12039\/revisions"}],"predecessor-version":[{"id":12250,"href":"https:\/\/semmelweis.hu\/pak\/wp-json\/wp\/v2\/pages\/12039\/revisions\/12250"}],"up":[{"embeddable":true,"href":"https:\/\/semmelweis.hu\/pak\/wp-json\/wp\/v2\/pages\/9750"}],"wp:attachment":[{"href":"https:\/\/semmelweis.hu\/pak\/wp-json\/wp\/v2\/media?parent=12039"}],"wp:term":[{"taxonomy":"category","embeddable":true,"href":"https:\/\/semmelweis.hu\/pak\/wp-json\/wp\/v2\/categories?post=12039"},{"taxonomy":"post_tag","embeddable":true,"href":"https:\/\/semmelweis.hu\/pak\/wp-json\/wp\/v2\/tags?post=12039"}],"curies":[{"name":"wp","href":"https:\/\/api.w.org\/{rel}","templated":true}]}}