{"id":10373,"date":"2024-06-03T14:09:56","date_gmt":"2024-06-03T12:09:56","guid":{"rendered":"https:\/\/semmelweis.hu\/pak\/?page_id=10373"},"modified":"2025-02-05T14:48:55","modified_gmt":"2025-02-05T13:48:55","slug":"kari-tanacs-valasztas","status":"publish","type":"page","link":"https:\/\/semmelweis.hu\/pak\/a-karrol\/kari-tanacs\/kari-tanacs-valasztas\/","title":{"rendered":"Kari Tan\u00e1cs V\u00e1laszt\u00e1s"},"content":{"rendered":"<h5>A Pet\u0151 Andr\u00e1s Kar 2024-es \u00e9vi Kari Tan\u00e1cs v\u00e1laszt\u00e1s\u00e1val kapcsolatos dokumentumai:<\/h5>\n<p><a href=\"https:\/\/semmelweis.hu\/pak\/files\/2024\/06\/KT_Valasztasi_kiiras_2024-1.pdf\">Kari Tan\u00e1cs V\u00e1laszt\u00e1si ki\u00edr\u00e1s 2024<\/a><\/p>\n<p><a href=\"https:\/\/semmelweis.hu\/pak\/files\/2024\/06\/Kari-Tanacs-Tagok-valasztasi-rendje.pdf\">Kari Tan\u00e1cs Tagok V\u00e1laszt\u00e1si Rendje<\/a><\/p>\n<p><a href=\"https:\/\/semmelweis.hu\/pak\/files\/2024\/06\/ValasztasiBizottsag_hatarozatok_20240605.pdf\">V\u00e1laszt\u00e1si Bizotts\u00e1g hat\u00e1rozatai 2024.06.05.<\/a><\/p>\n<p><a href=\"https:\/\/semmelweis.hu\/pak\/files\/2024\/06\/Valasztasi_Nevjegyzek_2024.xlsx\" rel=\"noopener\">V\u00e1laszt\u00e1si N\u00e9vjegyz\u00e9k 2024<\/a><\/p>\n<p><a href=\"https:\/\/semmelweis.hu\/pak\/files\/2024\/06\/KVB-4-2024VI14-jeloltek.pdf\">Hat\u00e1rozat jel\u00f6ltek nyilv\u00e1ntart\u00e1sba v\u00e9tel\u00e9r\u0151l<\/a><\/p>\n<p><a href=\"https:\/\/semmelweis.hu\/pak\/files\/2024\/06\/KVB-5-2024VI14-szavazolapok.pdf\">Szavaz\u00f3lap minta<\/a><\/p>\n<p><a href=\"https:\/\/semmelweis.hu\/pak\/files\/2024\/06\/HIR_KT_Valasztas_Eredmeny_.pdf\">Kari Tan\u00e1cs V\u00e1laszt\u00e1s &#8211; szavaz\u00e1s eredm\u00e9nye<\/a><\/p>\n<p><a href=\"https:\/\/semmelweis.hu\/pak\/files\/2024\/06\/20240626110246.pdf\">A V\u00e1laszt\u00e1si Bizotts\u00e1g 2024.06.26-\u00e1n k\u00e9sz\u00fclt jegyz\u0151k\u00f6nyve a v\u00e1laszt\u00e1s eredm\u00e9ny\u00e9r\u0151l<\/a><\/p>\n<p><a href=\"https:\/\/semmelweis.hu\/pak\/files\/2024\/07\/KVB_hatarozat_09_10_VII01_2024.pdf\" target=\"_blank\" rel=\"noopener\">A V\u00e1laszt\u00e1si Bizotts\u00e1g hat\u00e1rozatai a Kari Tan\u00e1cs V\u00e1laszt\u00e1s v\u00e9gleges eredm\u00e9ny\u00e9r\u0151l <\/a><\/p>\n<p>&nbsp;<\/p>\n","protected":false},"excerpt":{"rendered":"<p>A Pet\u0151 Andr\u00e1s Kar 2024-es \u00e9vi Kari Tan\u00e1cs v\u00e1laszt\u00e1s\u00e1val kapcsolatos dokumentumai:<br \/>\n<a href=\"https:\/\/semmelweis.hu\/pak\/files\/2024\/06\/KT_Valasztasi_kiiras_2024-1.pdf\">Kari Tan\u00e1cs V\u00e1laszt\u00e1si ki\u00edr\u00e1s 2024<\/a><br \/>\n<a href=\"https:\/\/semmelweis.hu\/pak\/files\/2024\/06\/Kari-Tanacs-Tagok-valasztasi-rendje.pdf\">Kari Tan\u00e1cs Tagok V\u00e1laszt\u00e1si Rendje<\/a><br \/>\n<a href=\"https:\/\/semmelweis.hu\/pak\/files\/2024\/06\/ValasztasiBizottsag_hatarozatok_20240605.pdf\">V\u00e1laszt\u00e1si Bizotts\u00e1g hat\u00e1rozatai 2024.06.05.<\/a><br \/>\n<a href=\"https:\/\/semmelweis.hu\/pak\/files\/2024\/06\/Valasztasi_Nevjegyzek_2024.xlsx\" rel=\"noopener\">V\u00e1laszt\u00e1si N\u00e9vjegyz\u00e9k 2024<\/a><br \/>\n<a href=\"https:\/\/semmelweis.hu\/pak\/files\/2024\/06\/KVB-4-2024VI14-jeloltek.pdf\">Hat\u00e1rozat jel\u00f6ltek nyilv\u00e1ntart\u00e1sba v\u00e9tel\u00e9r\u0151l<\/a><br \/>\n<a href=\"https:\/\/semmelweis.hu\/pak\/files\/2024\/06\/KVB-5-2024VI14-szavazolapok.pdf\">Szavaz\u00f3lap minta<\/a><br \/>\n<a href=\"https:\/\/semmelweis.hu\/pak\/files\/2024\/06\/HIR_KT_Valasztas_Eredmeny_.pdf\">Kari Tan\u00e1cs V\u00e1laszt\u00e1s &#8211; szavaz\u00e1s eredm\u00e9nye<\/a><br \/>\n<a href=\"https:\/\/semmelweis.hu\/pak\/files\/2024\/06\/20240626110246.pdf\">A V\u00e1laszt\u00e1si Bizotts\u00e1g 2024.06.26-\u00e1n k\u00e9sz\u00fclt jegyz\u0151k\u00f6nyve a v\u00e1laszt\u00e1s eredm\u00e9ny\u00e9r\u0151l<\/a><br \/>\n<a href=\"https:\/\/semmelweis.hu\/pak\/files\/2024\/07\/KVB_hatarozat_09_10_VII01_2024.pdf\" target=\"_blank\" rel=\"noopener\">A V\u00e1laszt\u00e1si Bizotts\u00e1g hat\u00e1rozatai a Kari Tan\u00e1cs V\u00e1laszt\u00e1s v\u00e9gleges eredm\u00e9ny\u00e9r\u0151l <\/a><br \/>\n&nbsp;<\/p>\n","protected":false},"author":102235,"featured_media":0,"parent":11550,"menu_order":0,"comment_status":"closed","ping_status":"closed","template":"","meta":{"_acf_changed":false,"footnotes":""},"categories":[],"tags":[],"class_list":["post-10373","page","type-page","status-publish","hentry"],"acf":[],"_links":{"self":[{"href":"https:\/\/semmelweis.hu\/pak\/wp-json\/wp\/v2\/pages\/10373","targetHints":{"allow":["GET"]}}],"collection":[{"href":"https:\/\/semmelweis.hu\/pak\/wp-json\/wp\/v2\/pages"}],"about":[{"href":"https:\/\/semmelweis.hu\/pak\/wp-json\/wp\/v2\/types\/page"}],"author":[{"embeddable":true,"href":"https:\/\/semmelweis.hu\/pak\/wp-json\/wp\/v2\/users\/102235"}],"replies":[{"embeddable":true,"href":"https:\/\/semmelweis.hu\/pak\/wp-json\/wp\/v2\/comments?post=10373"}],"version-history":[{"count":10,"href":"https:\/\/semmelweis.hu\/pak\/wp-json\/wp\/v2\/pages\/10373\/revisions"}],"predecessor-version":[{"id":11563,"href":"https:\/\/semmelweis.hu\/pak\/wp-json\/wp\/v2\/pages\/10373\/revisions\/11563"}],"up":[{"embeddable":true,"href":"https:\/\/semmelweis.hu\/pak\/wp-json\/wp\/v2\/pages\/11550"}],"wp:attachment":[{"href":"https:\/\/semmelweis.hu\/pak\/wp-json\/wp\/v2\/media?parent=10373"}],"wp:term":[{"taxonomy":"category","embeddable":true,"href":"https:\/\/semmelweis.hu\/pak\/wp-json\/wp\/v2\/categories?post=10373"},{"taxonomy":"post_tag","embeddable":true,"href":"https:\/\/semmelweis.hu\/pak\/wp-json\/wp\/v2\/tags?post=10373"}],"curies":[{"name":"wp","href":"https:\/\/api.w.org\/{rel}","templated":true}]}}

Kari Tanács Választás

<h5>A Pető András Kar 2024-es évi Kari Tanács választásával kapcsolatos dokumentumai:</h5>
<p><a href="https://semmelweis.hu/pak/files/2024/06/KT_Valasztasi_kiiras_2024-1.pdf">Kari Tanács Választási kiírás 2024</a></p>
<p><a href="https://semmelweis.hu/pak/files/2024/06/Kari-Tanacs-Tagok-valasztasi-rendje.pdf">Kari Tanács Tagok Választási Rendje</a></p>
<p><a href="https://semmelweis.hu/pak/files/2024/06/ValasztasiBizottsag_hatarozatok_20240605.pdf">Választási Bizottság határozatai 2024.06.05.</a></p>
<p><a href="https://semmelweis.hu/pak/files/2024/06/Valasztasi_Nevjegyzek_2024.xlsx" rel="noopener">Választási Névjegyzék 2024</a></p>
<p><a href="https://semmelweis.hu/pak/files/2024/06/KVB-4-2024VI14-jeloltek.pdf">Határozat jelöltek nyilvántartásba vételéről</a></p>
<p><a href="https://semmelweis.hu/pak/files/2024/06/KVB-5-2024VI14-szavazolapok.pdf">Szavazólap minta</a></p>
<p><a href="https://semmelweis.hu/pak/files/2024/06/HIR_KT_Valasztas_Eredmeny_.pdf">Kari Tanács Választás &#8211; szavazás eredménye</a></p>
<p><a href="https://semmelweis.hu/pak/files/2024/06/20240626110246.pdf">A Választási Bizottság 2024.06.26-án készült jegyzőkönyve a választás eredményéről</a></p>
<p><a href="https://semmelweis.hu/pak/files/2024/07/KVB_hatarozat_09_10_VII01_2024.pdf" target="_blank" rel="noopener">A Választási Bizottság határozatai a Kari Tanács Választás végleges eredményéről </a></p>
<p>&nbsp;</p>

<p>A Pető András Kar 2024-es évi Kari Tanács választásával kapcsolatos dokumentumai:<br />
<a href="https://semmelweis.hu/pak/files/2024/06/KT_Valasztasi_kiiras_2024-1.pdf">Kari Tanács Választási kiírás 2024</a><br />
<a href="https://semmelweis.hu/pak/files/2024/06/Kari-Tanacs-Tagok-valasztasi-rendje.pdf">Kari Tanács Tagok Választási Rendje</a><br />
<a href="https://semmelweis.hu/pak/files/2024/06/ValasztasiBizottsag_hatarozatok_20240605.pdf">Választási Bizottság határozatai 2024.06.05.</a><br />
<a href="https://semmelweis.hu/pak/files/2024/06/Valasztasi_Nevjegyzek_2024.xlsx" rel="noopener">Választási Névjegyzék 2024</a><br />
<a href="https://semmelweis.hu/pak/files/2024/06/KVB-4-2024VI14-jeloltek.pdf">Határozat jelöltek nyilvántartásba vételéről</a><br />
<a href="https://semmelweis.hu/pak/files/2024/06/KVB-5-2024VI14-szavazolapok.pdf">Szavazólap minta</a><br />
<a href="https://semmelweis.hu/pak/files/2024/06/HIR_KT_Valasztas_Eredmeny_.pdf">Kari Tanács Választás &#8211; szavazás eredménye</a><br />
<a href="https://semmelweis.hu/pak/files/2024/06/20240626110246.pdf">A Választási Bizottság 2024.06.26-án készült jegyzőkönyve a választás eredményéről</a><br />
<a href="https://semmelweis.hu/pak/files/2024/07/KVB_hatarozat_09_10_VII01_2024.pdf" target="_blank" rel="noopener">A Választási Bizottság határozatai a Kari Tanács Választás végleges eredményéről </a><br />
&nbsp;</p>
