{"id":1031,"date":"2017-12-21T11:27:55","date_gmt":"2017-12-21T10:27:55","guid":{"rendered":"http:\/\/semmelweis.hu\/pak\/?page_id=1031"},"modified":"2026-02-19T01:42:34","modified_gmt":"2026-02-19T00:42:34","slug":"vezetok","status":"publish","type":"page","link":"https:\/\/semmelweis.hu\/pak\/a-karrol\/vezetok\/","title":{"rendered":"A kar vezet\u0151 munkat\u00e1rsai"},"content":{"rendered":"<h4><strong>D\u00e9k\u00e1n<\/strong><\/h4>\n<p><strong>Dr. Tenk Mikl\u00f3sn\u00e9 Dr. Zsebe Andrea, d\u00e9k\u00e1n<br \/>\n<\/strong><a href=\"mailto:tenk.miklosne@semmelweis.hu\">tenk.miklosne@semmelweis.hu<\/a><br \/>\n+36 1 224 1519<\/p>\n<h4><strong>D\u00e9k\u00e1ni Hivatal<\/strong><\/h4>\n<p><strong> Dr. Balogh Emese Celeszta, d\u00e9k\u00e1ni hivatalvezet\u0151\u00a0<br \/>\n<\/strong><a href=\"mailto:balogh.emese.celeszta@semmelweis.hu\">balogh.emese.celeszta@semmelweis.hu<\/a><br \/>\n+36 1 224 1517<\/p>\n<p><strong>Dr. Matos L\u00e1szl\u00f3, oktat\u00e1si d\u00e9k\u00e1nhelyettes<br \/>\n<\/strong><a href=\"mailto:matos.laszlo@semmelweis.hu\" target=\"_blank\" rel=\"noopener noreferrer\">matos.laszlo@semmelweis.hu<\/a><br \/>\n<span style=\"font-size: 1rem\">+36 1 224 1592<\/span><\/p>\n<p><strong><span style=\"font-size: 1rem\">Dr. T\u00fari Ibolya, <\/span>tudom\u00e1nyos d\u00e9k\u00e1nhelyettes<br \/>\n<\/strong><a href=\"mailto:turi.ibolya@semmelweis-univ.hu\">turi.ibolya@semmelweis.hu<\/a><br \/>\n<span style=\"font-size: 1rem\">+36 1 224 1583<\/span><\/p>\n<p><strong><span style=\"font-size: 1rem\">Tiger Szabolcs, <\/span>nemzetk\u00f6zi \u00fcgyek\u00e9rt felel\u0151s d\u00e9k\u00e1ni megb\u00edzott<br \/>\n<\/strong><a href=\"mailto:tiger.szabolcs@semmelweis.hu\" target=\"_blank\" rel=\"noopener\">tiger.szabolcs@semmelweis.hu<\/a><br \/>\n<span style=\"font-size: 1rem\">+36 1 224 1578<\/span><\/p>\n<h4><strong>Kondukt\u00edv Pedag\u00f3giai K\u00f6zpont <\/strong><\/h4>\n<p><strong>Feket\u00e9n\u00e9 Dr. Szab\u00f3 \u00c9va, igazgat\u00f3<br \/>\n<\/strong><a href=\"mailto:feketene.szabo.eva@semmelweis.hu\">feketene.szabo.eva@semmelweis.hu\u00a0<\/a><br \/>\n+36 1 224 1555<\/p>\n<p><strong>Luk\u00e1csi Anna, titk\u00e1rs\u00e1gvezet\u0151<br \/>\n<\/strong><a href=\"mailto:lukacsi.anna@semmelweis.hu\">lukacsi.anna@semmelweis.hu<\/a><br \/>\n+36 1 223 1518<\/p>\n<h4><strong>Kondukt\u00edv Pedag\u00f3giai Int\u00e9zet<\/strong><\/h4>\n<p><strong>Dr. F\u00f6ldesi Ren\u00e1ta, igazgat\u00f3<br \/>\n<\/strong><a href=\"mailto:foldesi.renata@semmelweis-univ.hu\">foldesi.renata@semmelweis.hu<\/a><br \/>\n+36 1 224 1524<\/p>\n<h4><strong>Hum\u00e1ntudom\u00e1nyi Int\u00e9zet<\/strong><\/h4>\n<p><strong>Dr. habil Mascher R\u00f3bert, igazgat\u00f3<br \/>\n<\/strong><a href=\"mailto:mascher.robert@semmelweis.hu\">mascher.robert@semmelweis.hu<\/a><br \/>\n+36 1 224 1500<\/p>\n<h4><strong><a href=\"https:\/\/semmelweis.hu\/peto-ekpmi\/az-egyseges-konduktiv-pedagogiai-modszertani-intezmeny-bemutatasa\/\" target=\"_blank\" rel=\"noopener\">Egys\u00e9ges Kondukt\u00edv Pedag\u00f3giai M\u00f3dszertani Int\u00e9zM\u00c9NY<\/a><\/strong><\/h4>\n<p><strong>Makk \u00c1d\u00e1m, int\u00e9zm\u00e9nyvezet\u0151<br \/>\n<\/strong><a href=\"mailto:makk.adam@semmelweis.hu\">makk.adam@semmelweis.hu<\/a><br \/>\n+36 20 430 0819<\/p>\n<h4><strong>Gyakorl\u00f3 \u00d3voda<\/strong><\/h4>\n<p><strong>Antoni G\u00e1born\u00e9, \u00f3vodavezet\u0151<br \/>\n<\/strong><a href=\"mailto:antoni.gaborne@semmelweis.hu\">antoni.gaborne@semmelweis.hu<\/a><br \/>\n+36 1 224 1585<\/p>\n<h4><strong>Pedag\u00f3giai Int\u00e9zet<\/strong><\/h4>\n<p><strong>Dr. Vissi T\u00edmea Aliz, megb\u00edzott igazgat\u00f3<br \/>\n<\/strong><a href=\"mailto:vissi.timea@semmelweis.hu\">vissi.timea@semmelweis.hu<\/a><br \/>\n+36 1 224 1594<\/p>\n<p><strong>M\u00e1ty\u00e1sin\u00e9 Kiss \u00c1gnes, nyugalmazott igazgat\u00f3<br \/>\n<\/strong><a href=\"mailto:matyasine.kiss.agnes@semmelweis.hu\">matyasine.kiss.agnes@semmelweis.hu<\/a><br \/>\n+36 70 198 8537<\/p>\n<h4><strong>Tanulm\u00e1nyi \u00e9s Hallgat\u00f3i K\u00f6zpont, Karrieriroda<\/strong><\/h4>\n<p><strong>Dr. Balogh Emese Celeszta, megb\u00edzott irodavezet\u0151<br \/>\n<\/strong><a href=\"mailto:balogh.emese.celeszta@semmelweis.hu\">balogh.emese.celeszta@semmelweis.hu<\/a><br \/>\n+36 1 224 1517<\/p>\n<h4><strong>H\u00e1ri M\u00e1ria Kari K\u00f6nyvt\u00e1r \u00e9s Forr\u00e1sk\u00f6zpont<\/strong><\/h4>\n<p><strong>Szab\u00f3 Julianna, k\u00f6nyvt\u00e1rvezet\u0151<br \/>\n<\/strong><a href=\"mailto:szabo.julianna@semmelweis.hu\">szabo.julianna@semmelweis.hu<\/a><br \/>\n+36 1 <span class=\"tel-value\" style=\"font-size: 1rem\">224 1520<\/span><\/p>\n<h4><span style=\"font-size: 1rem\"><strong>Kari Gazdas\u00e1gi Igazgat\u00f3s\u00e1g<\/strong><\/span><\/h4>\n<p><span style=\"font-size: 1rem\"><strong>Rakonczai \u00c9va, igazgat\u00f3<\/strong><br \/>\n<\/span><a href=\"mailto:rakonczai.eva@semmelweis.hu\">rakonczai.eva@semmelweis.hu<\/a><br \/>\n+36 1 224 1535<\/p>\n<h4><strong>Kiemelt NemzetK\u00d6ZI \u00e9s Nemzeti Szolg\u00e1ltat\u00e1sI K\u00f6zpont<\/strong><\/h4>\n<p><strong>Csuka P\u00e1l, igazgat\u00f3<\/strong><br \/>\n<a href=\"csuka.pal@semmelweis.hu\"><span class=\"tel-value\">csuka.pal@semmelweis.hu<\/span><\/a><br \/>\n+36 1 224 15<span class=\"tel-value\">21<\/span><\/p>\n","protected":false},"excerpt":{"rendered":"<p>D\u00e9k\u00e1n Dr. Tenk Mikl\u00f3sn\u00e9 Dr. Zsebe Andrea, d\u00e9k\u00e1n <a href=\"mailto:tenk.miklosne@semmelweis.hu\">tenk.miklosne@semmelweis.hu<\/a> +36 1 224 1519 D\u00e9k\u00e1ni Hivatal Dr. Balogh Emese Celeszta, d\u00e9k\u00e1ni hivatalvezet\u0151\u00a0 <a href=\"mailto:balogh.emese.celeszta@semmelweis.hu\">balogh.emese.celeszta@semmelweis.hu<\/a> +36 1 224 1517 Dr. Matos L\u00e1szl\u00f3, oktat\u00e1si d\u00e9k\u00e1nhelyettes <a href=\"mailto:matos.laszlo@semmelweis.hu\" target=\"_blank\" rel=\"noopener noreferrer\">matos.laszlo@semmelweis.hu<\/a> +36 1 224 1592 Dr. T\u00fari Ibolya, tudom\u00e1nyos d\u00e9k\u00e1nhelyettes <a href=\"mailto:turi.ibolya@semmelweis-univ.hu\">turi.ibolya@semmelweis.hu<\/a> +36 1 224 1583 Tiger Szabolcs, nemzetk\u00f6zi \u00fcgyek\u00e9rt felel\u0151s d\u00e9k\u00e1ni megb\u00edzott <a href=\"mailto:tiger.szabolcs@semmelweis.hu\" target=\"_blank\" rel=\"noopener\">tiger.szabolcs@semmelweis.hu<\/a> +36 1 224 1578 Kondukt\u00edv Pedag\u00f3giai &hellip;<\/p>\n","protected":false},"author":101362,"featured_media":0,"parent":3254,"menu_order":4,"comment_status":"closed","ping_status":"closed","template":"","meta":{"_acf_changed":false,"footnotes":""},"categories":[],"tags":[],"class_list":["post-1031","page","type-page","status-publish","hentry"],"acf":[],"_links":{"self":[{"href":"https:\/\/semmelweis.hu\/pak\/wp-json\/wp\/v2\/pages\/1031","targetHints":{"allow":["GET"]}}],"collection":[{"href":"https:\/\/semmelweis.hu\/pak\/wp-json\/wp\/v2\/pages"}],"about":[{"href":"https:\/\/semmelweis.hu\/pak\/wp-json\/wp\/v2\/types\/page"}],"author":[{"embeddable":true,"href":"https:\/\/semmelweis.hu\/pak\/wp-json\/wp\/v2\/users\/101362"}],"replies":[{"embeddable":true,"href":"https:\/\/semmelweis.hu\/pak\/wp-json\/wp\/v2\/comments?post=1031"}],"version-history":[{"count":18,"href":"https:\/\/semmelweis.hu\/pak\/wp-json\/wp\/v2\/pages\/1031\/revisions"}],"predecessor-version":[{"id":2578,"href":"https:\/\/semmelweis.hu\/pak\/wp-json\/wp\/v2\/pages\/1031\/revisions\/2578"}],"up":[{"embeddable":true,"href":"https:\/\/semmelweis.hu\/pak\/wp-json\/wp\/v2\/pages\/3254"}],"wp:attachment":[{"href":"https:\/\/semmelweis.hu\/pak\/wp-json\/wp\/v2\/media?parent=1031"}],"wp:term":[{"taxonomy":"category","embeddable":true,"href":"https:\/\/semmelweis.hu\/pak\/wp-json\/wp\/v2\/categories?post=1031"},{"taxonomy":"post_tag","embeddable":true,"href":"https:\/\/semmelweis.hu\/pak\/wp-json\/wp\/v2\/tags?post=1031"}],"curies":[{"name":"wp","href":"https:\/\/api.w.org\/{rel}","templated":true}]}}