{"id":24,"date":"2012-01-12T19:13:30","date_gmt":"2012-01-12T18:13:30","guid":{"rendered":"http:\/\/semmelweis-egyetem.hu\/ovoda\/?page_id=24"},"modified":"2025-10-30T09:24:40","modified_gmt":"2025-10-30T08:24:40","slug":"unnepek","status":"publish","type":"page","link":"https:\/\/semmelweis.hu\/ovoda\/unnepek\/","title":{"rendered":"\u00dcnnepeink"},"content":{"rendered":"<p>Az adventi id\u0151szakban l\u00e1togat el hozz\u00e1nk a<strong> Mikul\u00e1s, <\/strong>akinek \u00e9rkez\u00e9se el\u0151tt az \u00f3v\u00f3 n\u00e9nik mese el\u0151ad\u00e1ssal is k\u00e9sz\u00fclnek a gyermekeknek.<\/p>\n<p><strong>Kar\u00e1csony <\/strong>el\u0151tt az \u00fcnnepre val\u00f3 r\u00e1hangol\u00f3d\u00e1s seg\u00edtend\u0151 az \u00f3vodapedag\u00f3gusok k\u00e9sz\u00fclnek k\u00f6sz\u00f6nt\u0151vel, melyet a gyermekek sz\u00fcleikkel egy\u00fctt tekinthetnek meg. Majd k\u00f6z\u00f6s kar\u00e1csonyi \u00e9nekl\u00e9ssel z\u00e1rjuk a napt\u00e1ri \u00e9vet \u00e9s k\u00edv\u00e1nunk mindenkinek b\u00e9k\u00e9s \u00fcnnepeket.<\/p>\n<p><strong>Farsang<\/strong> alkalm\u00e1val\u00a0 jelmezes mulats\u00e1ggal temetj\u00fck a telet.<\/p>\n<p><strong>H\u00fasv\u00e9t<\/strong>kor a n\u00e9phagyom\u00e1nyok feleleven\u00edt\u00e9s\u00e9vel, toj\u00e1skeres\u00e9ssel hangol\u00f3dunk az \u00fcnnepre.<\/p>\n<p><strong>Any\u00e1k napj\u00e1n <\/strong>&#8222;meglepet\u00e9skuck\u00f3val&#8221; k\u00e9sz\u00fclnek a gyermekek \u00e9desanyjuk k\u00f6sz\u00f6nt\u00e9s\u00e9re.<br \/>\n<strong>Gyermeknapot<\/strong> m\u00e1jus v\u00e9g\u00e9n rendezz\u00fck. Sok j\u00e1t\u00e9kkal, m\u00f3k\u00e1val, programmal, ugr\u00e1l\u00f3v\u00e1rral k\u00f6z\u00f6s j\u00e1t\u00e9kos d\u00e9lel\u0151ttel v\u00e1rjuk a gyermekeket.<br \/>\n<strong>\u00c9vz\u00e1r\u00f3 \u00e9s ballag\u00e1s<\/strong><br \/>\nJ\u00fanius m\u00e1sodik het\u00e9ben \u00e9vz\u00e1r\u00f3 \u00fcnnep\u00e9llyel b\u00facs\u00faztatjuk nagycsoportosainkat.\u00a0<\/p>\n<p><strong>Ap\u00e1k napja \u00e9s Csal\u00e1di piknik<\/strong><\/p>\n<p>K\u00f6sz\u00f6ntj\u00fck az \u00e9desap\u00e1kat, csal\u00e1di vet\u00e9lked\u0151t \u00e9s pikniket szervez\u00fcnk. Ezzel a programmal z\u00e1rjuk az \u00f3vodai \u00e9vet a ny\u00e1ri id\u0151szak megkezd\u00e9se el\u0151tt.<\/p>\n","protected":false},"excerpt":{"rendered":"<p>Az adventi id\u0151szakban l\u00e1togat el hozz\u00e1nk a Mikul\u00e1s, akinek \u00e9rkez\u00e9se el\u0151tt az \u00f3v\u00f3 n\u00e9nik mese el\u0151ad\u00e1ssal is k\u00e9sz\u00fclnek a gyermekeknek. Kar\u00e1csony el\u0151tt az \u00fcnnepre val\u00f3 r\u00e1hangol\u00f3d\u00e1s seg\u00edtend\u0151 az \u00f3vodapedag\u00f3gusok k\u00e9sz\u00fclnek k\u00f6sz\u00f6nt\u0151vel, melyet a gyermekek sz\u00fcleikkel egy\u00fctt tekinthetnek meg. Majd k\u00f6z\u00f6s kar\u00e1csonyi \u00e9nekl\u00e9ssel z\u00e1rjuk a napt\u00e1ri \u00e9vet \u00e9s k\u00edv\u00e1nunk mindenkinek b\u00e9k\u00e9s \u00fcnnepeket. Farsang alkalm\u00e1val\u00a0 jelmezes mulats\u00e1ggal &hellip;<\/p>\n","protected":false},"author":344,"featured_media":0,"parent":0,"menu_order":3,"comment_status":"open","ping_status":"closed","template":"","meta":{"_acf_changed":false,"footnotes":""},"categories":[],"tags":[],"class_list":["post-24","page","type-page","status-publish","hentry"],"acf":[],"_links":{"self":[{"href":"https:\/\/semmelweis.hu\/ovoda\/wp-json\/wp\/v2\/pages\/24","targetHints":{"allow":["GET"]}}],"collection":[{"href":"https:\/\/semmelweis.hu\/ovoda\/wp-json\/wp\/v2\/pages"}],"about":[{"href":"https:\/\/semmelweis.hu\/ovoda\/wp-json\/wp\/v2\/types\/page"}],"author":[{"embeddable":true,"href":"https:\/\/semmelweis.hu\/ovoda\/wp-json\/wp\/v2\/users\/344"}],"replies":[{"embeddable":true,"href":"https:\/\/semmelweis.hu\/ovoda\/wp-json\/wp\/v2\/comments?post=24"}],"version-history":[{"count":11,"href":"https:\/\/semmelweis.hu\/ovoda\/wp-json\/wp\/v2\/pages\/24\/revisions"}],"predecessor-version":[{"id":2135,"href":"https:\/\/semmelweis.hu\/ovoda\/wp-json\/wp\/v2\/pages\/24\/revisions\/2135"}],"wp:attachment":[{"href":"https:\/\/semmelweis.hu\/ovoda\/wp-json\/wp\/v2\/media?parent=24"}],"wp:term":[{"taxonomy":"category","embeddable":true,"href":"https:\/\/semmelweis.hu\/ovoda\/wp-json\/wp\/v2\/categories?post=24"},{"taxonomy":"post_tag","embeddable":true,"href":"https:\/\/semmelweis.hu\/ovoda\/wp-json\/wp\/v2\/tags?post=24"}],"curies":[{"name":"wp","href":"https:\/\/api.w.org\/{rel}","templated":true}]}}