{"id":176,"date":"2015-02-06T14:41:49","date_gmt":"2015-02-06T13:41:49","guid":{"rendered":"http:\/\/semmelweis.hu\/ovoda\/?page_id=176"},"modified":"2025-10-30T08:52:16","modified_gmt":"2025-10-30T07:52:16","slug":"munkatarsak","status":"publish","type":"page","link":"https:\/\/semmelweis.hu\/ovoda\/az-ovodarol\/munkatarsak\/","title":{"rendered":"Munkat\u00e1rsak"},"content":{"rendered":"<p>Igazgat\u00f3: G\u00e1l Edit<\/p>\n<p><strong>\u00a0 \u00a0 \u00a0 \u00a0 \u00a0 \u00a0 \u00a0 \u00a0 \u00a0 \u00a0 \u00a0 \u00a0 \u00a0 \u00a0 \u00a0 \u00a0 \u00a0 \u00a0 \u00a0 \u00a0 \u00a0 \u00a0 \u00a0 \u00a0 \u00a0 \u00a0 \u00a0 \u00a0 \u00a0 \u00a0 \u00a0 \u00a0 \u00a0 <\/strong><strong>\u00a0 \u00a0 \u00a0 \u00a0 \u00a0 \u00a0 \u00a0 \u00a0 \u00a0 \u00a0 \u00a0 \u00a0 \u00a0 \u00a0 \u00a0 \u00a0 \u00a0 \u00a0 \u00a0 \u00a0 \u00a0 \u00a0 \u00a0 \u00a0 \u00a0 \u00a0 \u00a0 \u00a0 \u00a0 \u00a0 \u00a0 \u00a0<\/strong><strong>\u00a0 \u00a0 \u00a0 \u00a0 \u00a0 \u00a0 \u00a0 \u00a0 \u00a0 \u00a0 \u00a0 \u00a0 \u00a0 \u00a0 \u00a0 \u00a0 \u00a0 \u00a0 \u00a0 \u00a0 \u00a0 \u00a0 \u00a0 \u00a0 \u00a0 \u00a0 \u00a0 \u00a0 \u00a0 \u00a0 \u00a0 \u00a0 \u00a0 \u00a0 \u00a0 \u00a0 \u00a0 \u00a0 \u00a0 \u00a0 \u00a0<\/strong><\/p>\n<table class=\"middle-border\" style=\"width: 100%\" width=\"100%\">\n<tbody>\n<tr>\n<td style=\"width: 19.9273%\"><b>Katica csoport<\/b><\/td>\n<td style=\"width: 27.6364%\">T\u00f3thn\u00e9 Schebesta M\u00f3nika (\u00f3vodapedag\u00f3gus)<\/td>\n<td style=\"width: 29.6%\">Pelik\u00e1n Gy\u00f6rgyi (\u00f3vodapedag\u00f3gus)<\/td>\n<td style=\"width: 22.7636%\">Moldov\u00e1n Szilvia (dajka)<\/td>\n<\/tr>\n<tr>\n<td style=\"width: 19.9273%\"><strong>Maci csoport<\/strong><\/td>\n<td style=\"width: 27.6364%\">K\u00e1rp\u00e1tin\u00e9 Lehelv\u00e1ri M\u00f3nika (\u00f3vodapedag\u00f3gus)<\/td>\n<td style=\"width: 29.6%\">\u00a0<\/td>\n<td style=\"width: 22.7636%\">Horv\u00e1th Judit (dajka)<\/td>\n<\/tr>\n<tr>\n<td style=\"width: 19.9273%\">\n<p><strong>S\u00fcni csoport<\/strong><\/p>\n<\/td>\n<td style=\"width: 27.6364%\">Erd\u0151si Gabriella (\u00f3vodapedag\u00f3gus)<\/td>\n<td style=\"width: 29.6%\">Balogh Em\u0151ke (\u00f3vodapedag\u00f3gus)<\/td>\n<td style=\"width: 22.7636%\">Andr\u00e1si Szilvia (dajka)<\/td>\n<\/tr>\n<tr>\n<td style=\"width: 19.9273%\">\n<p><strong>Pedag\u00f3giai asszisztens:<\/strong><\/p>\n<p><strong>Gy\u00f3gypedag\u00f3gus:\u00a0<\/strong><\/p>\n<\/td>\n<td style=\"width: 27.6364%\">\n<p>Homoki Szilvia<\/p>\n<p>Szab\u00f3 Barbara<\/p>\n<\/td>\n<td style=\"width: 29.6%\"><strong>Konyhai kiseg\u00edt\u0151:\u00a0<\/strong><\/td>\n<td style=\"width: 22.7636%\">Szil\u00e1gyin\u00e9 D\u00e9nes Berta<\/td>\n<\/tr>\n<\/tbody>\n<\/table>\n<p>&nbsp;<\/p>\n<p>&nbsp;<\/p>\n","protected":false},"excerpt":{"rendered":"<p>Igazgat\u00f3: G\u00e1l Edit \u00a0 \u00a0 \u00a0 \u00a0 \u00a0 \u00a0 \u00a0 \u00a0 \u00a0 \u00a0 \u00a0 \u00a0 \u00a0 \u00a0 \u00a0 \u00a0 \u00a0 \u00a0 \u00a0 \u00a0 \u00a0 \u00a0 \u00a0 \u00a0 \u00a0 \u00a0 \u00a0 \u00a0 \u00a0 \u00a0 \u00a0 \u00a0 \u00a0 \u00a0 \u00a0 \u00a0 \u00a0 \u00a0 \u00a0 \u00a0 \u00a0 \u00a0 \u00a0 \u00a0 \u00a0 \u00a0 \u00a0 \u00a0 \u00a0 \u00a0 \u00a0 \u00a0 &hellip;<\/p>\n","protected":false},"author":344,"featured_media":0,"parent":17,"menu_order":0,"comment_status":"closed","ping_status":"closed","template":"","meta":{"_acf_changed":false,"footnotes":""},"categories":[],"tags":[],"class_list":["post-176","page","type-page","status-publish","hentry"],"acf":[],"_links":{"self":[{"href":"https:\/\/semmelweis.hu\/ovoda\/wp-json\/wp\/v2\/pages\/176","targetHints":{"allow":["GET"]}}],"collection":[{"href":"https:\/\/semmelweis.hu\/ovoda\/wp-json\/wp\/v2\/pages"}],"about":[{"href":"https:\/\/semmelweis.hu\/ovoda\/wp-json\/wp\/v2\/types\/page"}],"author":[{"embeddable":true,"href":"https:\/\/semmelweis.hu\/ovoda\/wp-json\/wp\/v2\/users\/344"}],"replies":[{"embeddable":true,"href":"https:\/\/semmelweis.hu\/ovoda\/wp-json\/wp\/v2\/comments?post=176"}],"version-history":[{"count":11,"href":"https:\/\/semmelweis.hu\/ovoda\/wp-json\/wp\/v2\/pages\/176\/revisions"}],"predecessor-version":[{"id":2130,"href":"https:\/\/semmelweis.hu\/ovoda\/wp-json\/wp\/v2\/pages\/176\/revisions\/2130"}],"up":[{"embeddable":true,"href":"https:\/\/semmelweis.hu\/ovoda\/wp-json\/wp\/v2\/pages\/17"}],"wp:attachment":[{"href":"https:\/\/semmelweis.hu\/ovoda\/wp-json\/wp\/v2\/media?parent=176"}],"wp:term":[{"taxonomy":"category","embeddable":true,"href":"https:\/\/semmelweis.hu\/ovoda\/wp-json\/wp\/v2\/categories?post=176"},{"taxonomy":"post_tag","embeddable":true,"href":"https:\/\/semmelweis.hu\/ovoda\/wp-json\/wp\/v2\/tags?post=176"}],"curies":[{"name":"wp","href":"https:\/\/api.w.org\/{rel}","templated":true}]}}