{"id":1702,"date":"2020-11-19T13:38:04","date_gmt":"2020-11-19T12:38:04","guid":{"rendered":"https:\/\/semmelweis.hu\/ovoda\/?page_id=1702"},"modified":"2026-04-14T09:41:47","modified_gmt":"2026-04-14T07:41:47","slug":"hirek-aktualitasok","status":"publish","type":"page","link":"https:\/\/semmelweis.hu\/ovoda\/hirek-aktualitasok\/","title":{"rendered":"H\u00edrek, aktualit\u00e1sok"},"content":{"rendered":"<p>&nbsp;<\/p>\n<p>Kedves Sz\u00fcl\u0151k!<\/p>\n<p>\u00c1prilisi programjaink:\u00a0<\/p>\n<ul style=\"list-style-type: circle\">\n<li>\u00e1prilis 2. H\u00fasv\u00e9ti toj\u00e1skeres\u00e9s, locsolkod\u00e1s\u00a0<\/li>\n<li>\u00e1prilis 16. d\u00e9lel\u0151tt 10 \u00f3r\u00e1t\u00f3l Ny\u00edlt nap a leend\u0151 \u00f3vod\u00e1s gyermekek sz\u00fcleinek<\/li>\n<li>\u00e1prilis 21. F\u00f6ld napja<\/li>\n<li>\u00e1prilis 28. sz\u00ednh\u00e1zl\u00e1togat\u00e1s a nagycsoportosoknak, illetve b\u00e1bsz\u00ednh\u00e1z az \u00f3vod\u00e1ban a kicsinyeknek<\/li>\n<li>\u00e1prilis 30. Any\u00e1k napja<\/li>\n<li>K\u00dcL\u00d6NFOGLALKOZ\u00c1SOK BEMUTAT\u00d3 ID\u0150PONTJAI<\/li>\n<\/ul>\n<ul>\n<li>\u00c1PRILIS 20. 16 \u00d3R\u00c1T\u00d3L &#8211; BOSU<\/li>\n<li>\u00c1PRILIS 21. 16 \u00d3R\u00c1T\u00d3L &#8211; J\u00c1T\u00c9KOS MATEMATIKA<\/li>\n<li>\u00c1PRILIS 22. 16 \u00d3R\u00c1T\u00d3L &#8211; MESE-VAR\u00c1ZS; KIS TUD\u00d3S KLUB;\u00a0<\/li>\n<li>\u00c1PRILIS 22. 9.30-T\u00d3L &#8211; J\u00c1T\u00c9KOS TART\u00c1SJAV\u00cdT\u00d3-\u00c9S L\u00c1BTORNA (KISCSOPORTOSOK)<\/li>\n<li>\u00c1PRILIS 27. 16 \u00d3R\u00c1T\u00d3L &#8211; ISKOLA EL\u0150K\u00c9SZ\u00cdT\u0150<\/li>\n<li>\u00c1PRILIS 27. 16 \u00d3R\u00c1T\u00d3L &#8211; J\u00c1T\u00c9KOS TART\u00c1SJAV\u00cdT\u00d3-\u00c9S L\u00c1BTORNA (K\u00d6Z\u00c9PS\u0150 CSOPORTOSOK)<\/li>\n<li>\u00c1PRILIS 28. 16 \u00d3R\u00c1T\u00d3L &#8211; J\u00c1T\u00c9KOS TART\u00c1SJAV\u00cdT\u00d3- \u00c9S L\u00c1BTORNA (NAGYCSOPORTOSOK)<\/li>\n<li>\u00c1PRILIS 29. 16 \u00d3R\u00c1T\u00d3L &#8211; BOSU<\/li>\n<\/ul>\n<p>MINDEN \u00c9RDEKL\u0150D\u0150 SZ\u00dcL\u0150T SZERETETTEL V\u00c1RUNK!<\/p>\n<p>&nbsp;<\/p>\n<p>&nbsp;<\/p>\n<p>&nbsp;<\/p>\n","protected":false},"excerpt":{"rendered":"<p>&nbsp; Kedves Sz\u00fcl\u0151k! \u00c1prilisi programjaink:\u00a0 \u00e1prilis 2. H\u00fasv\u00e9ti toj\u00e1skeres\u00e9s, locsolkod\u00e1s\u00a0 \u00e1prilis 16. d\u00e9lel\u0151tt 10 \u00f3r\u00e1t\u00f3l Ny\u00edlt nap a leend\u0151 \u00f3vod\u00e1s gyermekek sz\u00fcleinek \u00e1prilis 21. F\u00f6ld napja \u00e1prilis 28. sz\u00ednh\u00e1zl\u00e1togat\u00e1s a nagycsoportosoknak, illetve b\u00e1bsz\u00ednh\u00e1z az \u00f3vod\u00e1ban a kicsinyeknek \u00e1prilis 30. Any\u00e1k napja K\u00dcL\u00d6NFOGLALKOZ\u00c1SOK BEMUTAT\u00d3 ID\u0150PONTJAI \u00c1PRILIS 20. 16 \u00d3R\u00c1T\u00d3L &#8211; BOSU \u00c1PRILIS 21. 16 \u00d3R\u00c1T\u00d3L &#8211; &hellip;<\/p>\n","protected":false},"author":101626,"featured_media":0,"parent":0,"menu_order":0,"comment_status":"closed","ping_status":"closed","template":"","meta":{"_acf_changed":false,"footnotes":""},"categories":[],"tags":[],"class_list":["post-1702","page","type-page","status-publish","hentry"],"acf":[],"_links":{"self":[{"href":"https:\/\/semmelweis.hu\/ovoda\/wp-json\/wp\/v2\/pages\/1702","targetHints":{"allow":["GET"]}}],"collection":[{"href":"https:\/\/semmelweis.hu\/ovoda\/wp-json\/wp\/v2\/pages"}],"about":[{"href":"https:\/\/semmelweis.hu\/ovoda\/wp-json\/wp\/v2\/types\/page"}],"author":[{"embeddable":true,"href":"https:\/\/semmelweis.hu\/ovoda\/wp-json\/wp\/v2\/users\/101626"}],"replies":[{"embeddable":true,"href":"https:\/\/semmelweis.hu\/ovoda\/wp-json\/wp\/v2\/comments?post=1702"}],"version-history":[{"count":11,"href":"https:\/\/semmelweis.hu\/ovoda\/wp-json\/wp\/v2\/pages\/1702\/revisions"}],"predecessor-version":[{"id":2196,"href":"https:\/\/semmelweis.hu\/ovoda\/wp-json\/wp\/v2\/pages\/1702\/revisions\/2196"}],"wp:attachment":[{"href":"https:\/\/semmelweis.hu\/ovoda\/wp-json\/wp\/v2\/media?parent=1702"}],"wp:term":[{"taxonomy":"category","embeddable":true,"href":"https:\/\/semmelweis.hu\/ovoda\/wp-json\/wp\/v2\/categories?post=1702"},{"taxonomy":"post_tag","embeddable":true,"href":"https:\/\/semmelweis.hu\/ovoda\/wp-json\/wp\/v2\/tags?post=1702"}],"curies":[{"name":"wp","href":"https:\/\/api.w.org\/{rel}","templated":true}]}}

Hírek, aktualitások

<p>&nbsp;</p>
<p>Kedves Szülők!</p>
<p>Áprilisi programjaink: </p>
<ul style="list-style-type: circle">
<li>április 2. Húsvéti tojáskeresés, locsolkodás </li>
<li>április 16. délelőtt 10 órától Nyílt nap a leendő óvodás gyermekek szüleinek</li>
<li>április 21. Föld napja</li>
<li>április 28. színházlátogatás a nagycsoportosoknak, illetve bábszínház az óvodában a kicsinyeknek</li>
<li>április 30. Anyák napja</li>
<li>KÜLÖNFOGLALKOZÁSOK BEMUTATÓ IDŐPONTJAI</li>
</ul>
<ul>
<li>ÁPRILIS 20. 16 ÓRÁTÓL &#8211; BOSU</li>
<li>ÁPRILIS 21. 16 ÓRÁTÓL &#8211; JÁTÉKOS MATEMATIKA</li>
<li>ÁPRILIS 22. 16 ÓRÁTÓL &#8211; MESE-VARÁZS; KIS TUDÓS KLUB; </li>
<li>ÁPRILIS 22. 9.30-TÓL &#8211; JÁTÉKOS TARTÁSJAVÍTÓ-ÉS LÁBTORNA (KISCSOPORTOSOK)</li>
<li>ÁPRILIS 27. 16 ÓRÁTÓL &#8211; ISKOLA ELŐKÉSZÍTŐ</li>
<li>ÁPRILIS 27. 16 ÓRÁTÓL &#8211; JÁTÉKOS TARTÁSJAVÍTÓ-ÉS LÁBTORNA (KÖZÉPSŐ CSOPORTOSOK)</li>
<li>ÁPRILIS 28. 16 ÓRÁTÓL &#8211; JÁTÉKOS TARTÁSJAVÍTÓ- ÉS LÁBTORNA (NAGYCSOPORTOSOK)</li>
<li>ÁPRILIS 29. 16 ÓRÁTÓL &#8211; BOSU</li>
</ul>
<p>MINDEN ÉRDEKLŐDŐ SZÜLŐT SZERETETTEL VÁRUNK!</p>
<p>&nbsp;</p>
<p>&nbsp;</p>
<p>&nbsp;</p>

<p>&nbsp; Kedves Szülők! Áprilisi programjaink:  április 2. Húsvéti tojáskeresés, locsolkodás  április 16. délelőtt 10 órától Nyílt nap a leendő óvodás gyermekek szüleinek április 21. Föld napja április 28. színházlátogatás a nagycsoportosoknak, illetve bábszínház az óvodában a kicsinyeknek április 30. Anyák napja KÜLÖNFOGLALKOZÁSOK BEMUTATÓ IDŐPONTJAI ÁPRILIS 20. 16 ÓRÁTÓL &#8211; BOSU ÁPRILIS 21. 16 ÓRÁTÓL &#8211; &hellip;</p>
