{"id":17,"date":"2012-01-12T18:29:25","date_gmt":"2012-01-12T18:29:25","guid":{"rendered":"http:\/\/semmelweis-egyetem.hu\/ovoda\/?page_id=17"},"modified":"2026-01-20T09:35:42","modified_gmt":"2026-01-20T08:35:42","slug":"az-ovodarol","status":"publish","type":"page","link":"https:\/\/semmelweis.hu\/ovoda\/az-ovodarol\/","title":{"rendered":"Az \u00f3vod\u00e1r\u00f3l"},"content":{"rendered":"<p style=\"text-align: justify\">\u00d3vod\u00e1nk fenntart\u00f3ja a Semmelweis Egyetem. Az egyetem dolgoz\u00f3i \u00e9s hallgat\u00f3i az \u00e9v sor\u00e1n b\u00e1rmikor be\u00edrathatj\u00e1k gyermek\u00fcket az \u00f3vod\u00e1ba. Az \u00e9p\u00fclet a VIII. ker\u00fcleti tisztvisel\u0151 telep sz\u00e9l\u00e9n tal\u00e1lhat\u00f3, k\u00f6zel a Nagyv\u00e1rad t\u00e9rhez.<\/p>\n<p style=\"text-align: justify\">A h\u00e1rom szinten h\u00e1rom vegyes \u00e9letkor\u00fa csoportban, \u00f6sszesen 60 kisgyermek t\u00f6lti \u00f3vod\u00e1s \u00e9veit. Az \u00f3voda \u00e9p\u00fclet\u00e9nek homlokzata &#8211; \u00edgy a csoportszob\u00e1k ablakai is &#8211; az Eln\u00f6k utc\u00e1ra n\u00e9znek. Az \u00e9p\u00fclet bels\u0151 r\u00e9sz\u00e9hez csatlakoz\u00f3 \u00f3vodaudvar a k\u00fcl\u00f6nb\u00f6z\u0151 j\u00e1tsz\u00f3ter\u00fcletekkel, mozg\u00e1sfejleszt\u0151 eszk\u00f6z\u00f6kkel biztos\u00edtja a gyermekek \u00f6nfeledt szabadban val\u00f3 j\u00e1t\u00e9ktev\u00e9kenys\u00e9g\u00e9t.<\/p>\n<p style=\"text-align: justify\">Klimatiz\u00e1lt csoportszob\u00e1ink egy-egy szinten a hozz\u00e1juk tartoz\u00f3 kiszolg\u00e1l\u00f3 helyis\u00e9gekkel \u00e1llnak rendelkez\u00e9sre, a j\u00e1t\u00e9k, illetve a gondoz\u00e1si feladatok ell\u00e1t\u00e1s\u00e1ra. Emellett\u00a0 v\u00e1ltozatos mozg\u00e1sfejleszt\u0151 eszk\u00f6z\u00f6kkel \u00e9s falm\u00e1sz\u00f3 panellel ell\u00e1tott tornaszob\u00e1nk, nagym\u00e9ret\u0171 interakt\u00edv kijelz\u0151vel felszerelt fejleszt\u0151-\u00e9s logop\u00e9diai szoba, valamint gy\u00f3gypedag\u00f3giai fejleszt\u0151 biztos\u00edtja a gyermekek felz\u00e1rk\u00f3ztat\u00e1s\u00e1t \u00e9s a tehets\u00e9ggondoz\u00e1st. Minden csoportban k\u00e9t szakk\u00e9pzett \u00f3vodapedag\u00f3gus \u00e9s egy dajka n\u00e9ni l\u00e1tja el a mindennapi fejleszt\u0151-nevel\u0151 munk\u00e1t \u00e9s a gondoz\u00e1si teend\u0151ket.<\/p>\n<p>Az \u00f3vodai nevel\u00e9si \u00e9v szeptember 1-t\u0151l a k\u00f6vetkez\u0151 \u00e9v augusztus 31-ig tart. Az \u00f3voda a ny\u00e1ri id\u0151szakban n\u00e9gy h\u00e9tig z\u00e1rva tart, amelynek pontos id\u0151pontj\u00e1r\u00f3l a hirdet\u0151t\u00e1bl\u00e1kon, illetve online form\u00e1ban is t\u00e1j\u00e9koz\u00f3dhatnak a sz\u00fcl\u0151k.<\/p>\n<p>Az \u00f3vod\u00e1ban 5 nap nevel\u00e9s n\u00e9lk\u00fcli munkanap (szakmai nap) megtart\u00e1s\u00e1ra ker\u00fcl sor, melynek id\u0151pontj\u00e1t a szintenk\u00e9nt elhelyezett hirdet\u0151t\u00e1bl\u00e1n, valamint a honlapon (Nevel\u00e9si \u00e9v rendje) olvashatnak a sz\u00fcl\u0151k.<\/p>\n<p>\u00d3vod\u00e1nk h\u00e9tf\u0151t\u0151l p\u00e9ntekig naponta 7-t\u00f3l 17 \u00f3r\u00e1ig tart nyitva.<\/p>\n<p>Az \u00f3voda neve: <strong>Semmelweis Egyetem Napk\u00f6ziotthonos \u00d3vod\u00e1ja<\/strong> <br \/>\nSz\u00e9khelye, telefonsz\u00e1ma: 1089 Budapest, Eln\u00f6k utca 4. Tel: 3-140-291 <br \/>\nAz \u00f3voda fenntart\u00f3ja, c\u00edme: Semmelweis Egyetem &#8211; 1085 Budapest, \u00dcll\u0151i \u00fat 26. <br \/>\nAz \u00f3voda befogad\u00f3k\u00e9pess\u00e9ge: 60 f\u00e9r\u0151hely<\/p>\n<p>Email: ovoda@semmelweis.hu<\/p>\n","protected":false},"excerpt":{"rendered":"<p>\u00d3vod\u00e1nk fenntart\u00f3ja a Semmelweis Egyetem. Az egyetem dolgoz\u00f3i \u00e9s hallgat\u00f3i az \u00e9v sor\u00e1n b\u00e1rmikor be\u00edrathatj\u00e1k gyermek\u00fcket az \u00f3vod\u00e1ba. Az \u00e9p\u00fclet a VIII. ker\u00fcleti tisztvisel\u0151 telep sz\u00e9l\u00e9n tal\u00e1lhat\u00f3, k\u00f6zel a Nagyv\u00e1rad t\u00e9rhez.<\/p>\n","protected":false},"author":344,"featured_media":2088,"parent":0,"menu_order":0,"comment_status":"open","ping_status":"open","template":"","meta":{"_acf_changed":false,"footnotes":""},"categories":[],"tags":[],"class_list":["post-17","page","type-page","status-publish","has-post-thumbnail","hentry"],"acf":[],"_links":{"self":[{"href":"https:\/\/semmelweis.hu\/ovoda\/wp-json\/wp\/v2\/pages\/17","targetHints":{"allow":["GET"]}}],"collection":[{"href":"https:\/\/semmelweis.hu\/ovoda\/wp-json\/wp\/v2\/pages"}],"about":[{"href":"https:\/\/semmelweis.hu\/ovoda\/wp-json\/wp\/v2\/types\/page"}],"author":[{"embeddable":true,"href":"https:\/\/semmelweis.hu\/ovoda\/wp-json\/wp\/v2\/users\/344"}],"replies":[{"embeddable":true,"href":"https:\/\/semmelweis.hu\/ovoda\/wp-json\/wp\/v2\/comments?post=17"}],"version-history":[{"count":12,"href":"https:\/\/semmelweis.hu\/ovoda\/wp-json\/wp\/v2\/pages\/17\/revisions"}],"predecessor-version":[{"id":2191,"href":"https:\/\/semmelweis.hu\/ovoda\/wp-json\/wp\/v2\/pages\/17\/revisions\/2191"}],"wp:featuredmedia":[{"embeddable":true,"href":"https:\/\/semmelweis.hu\/ovoda\/wp-json\/wp\/v2\/media\/2088"}],"wp:attachment":[{"href":"https:\/\/semmelweis.hu\/ovoda\/wp-json\/wp\/v2\/media?parent=17"}],"wp:term":[{"taxonomy":"category","embeddable":true,"href":"https:\/\/semmelweis.hu\/ovoda\/wp-json\/wp\/v2\/categories?post=17"},{"taxonomy":"post_tag","embeddable":true,"href":"https:\/\/semmelweis.hu\/ovoda\/wp-json\/wp\/v2\/tags?post=17"}],"curies":[{"name":"wp","href":"https:\/\/api.w.org\/{rel}","templated":true}]}}