{"id":13,"date":"2012-01-12T18:01:28","date_gmt":"2012-01-12T17:01:28","guid":{"rendered":"http:\/\/semmelweis-egyetem.hu\/ovoda\/?page_id=13"},"modified":"2025-10-30T10:34:26","modified_gmt":"2025-10-30T09:34:26","slug":"dokumentumok","status":"publish","type":"page","link":"https:\/\/semmelweis.hu\/ovoda\/dokumentumok\/","title":{"rendered":"\u00d3vodai dokumentumok"},"content":{"rendered":"<ul style=\"list-style-type: square\">\n<li><a href=\"https:\/\/semmelweis.hu\/ovoda\/files\/2025\/10\/Nevelesi-ev-rendje-2025-2026.pdf\">Nevel\u00e9si \u00e9v rendje 2025-2026<\/a><\/li>\n<li><a href=\"https:\/\/semmelweis.hu\/ovoda\/files\/2025\/09\/Vezetoi-szakmai-program-Gal-Edit.pdf\">Vezet\u0151i szakmai program &#8211; G\u00e1l Edit<\/a><\/li>\n<li><a href=\"https:\/\/semmelweis.hu\/ovoda\/files\/2025\/09\/Napkoziotthonos-Ovoda-Teritesi-dij-szabalyzat.pdf\">Napk\u00f6ziotthonos \u00d3voda T\u00e9r\u00edt\u00e9si d\u00edj szab\u00e1lyzat<\/a><\/li>\n<li><a href=\"https:\/\/semmelweis.hu\/ovoda\/files\/2025\/02\/SZMSZ-2024.pdf\">SZMSZ 2024<\/a><\/li>\n<li><a href=\"https:\/\/semmelweis.hu\/ovoda\/files\/2024\/12\/munkaterv-ertekeles-2023-2024.pdf\">munkaterv \u00e9rt\u00e9kel\u00e9s 2023-2024<\/a><\/li>\n<li><a href=\"https:\/\/semmelweis.hu\/ovoda\/files\/2023\/09\/Munkaterv-2023-2024.pdf\">Munkaterv 2023-2024<\/a><\/li>\n<li><a href=\"https:\/\/semmelweis.hu\/ovoda\/files\/2023\/09\/Pedagogiai-Program-2023.pdf\">Pedag\u00f3giai Program 2023<\/a><\/li>\n<li><a href=\"https:\/\/semmelweis.hu\/ovoda\/files\/2024\/12\/Hazirend-2024.pdf\">H\u00e1zirend 2024<\/a><\/li>\n<li><a href=\"https:\/\/semmelweis.hu\/ovoda\/files\/2025\/02\/Kozzeteteli-lista-2024-2025-1.pdf\">K\u00f6zz\u00e9t\u00e9teli lista 2024-2025<\/a><\/li>\n<li><a href=\"https:\/\/semmelweis.hu\/ovoda\/files\/2024\/12\/Munkaterv-2024-2025.pdf\">Munkaterv 2024-2025<\/a><\/li>\n<\/ul>\n<div class=\"keretes w-100\">\n<h5>Adatv\u00e9delmi dokumentumok:<\/h5>\n<ul style=\"list-style-type: square\">\n<li><a href=\"https:\/\/semmelweis.hu\/ovoda\/files\/2021\/02\/Adatv\u00e9delmi-szab\u00e1lyzat.pdf\" target=\"_blank\" rel=\"noopener\">Adatv\u00e9delmi szab\u00e1lyzat (pdf)<\/a><\/li>\n<li><a href=\"https:\/\/semmelweis.hu\/ovoda\/files\/2021\/02\/adatv\u00e9delmi-t\u00e1j\u00e9koztat\u00f3.pdf\" target=\"_blank\" rel=\"noopener\">Adatv\u00e9delmi t\u00e1j\u00e9koztat\u00f3 (pdf)<\/a><\/li>\n<\/ul>\n<\/div>\n","protected":false},"excerpt":{"rendered":"<p><a href=\"https:\/\/semmelweis.hu\/ovoda\/files\/2025\/10\/Nevelesi-ev-rendje-2025-2026.pdf\">Nevel\u00e9si \u00e9v rendje 2025-2026<\/a><br \/>\n<a href=\"https:\/\/semmelweis.hu\/ovoda\/files\/2025\/09\/Vezetoi-szakmai-program-Gal-Edit.pdf\">Vezet\u0151i szakmai program &#8211; G\u00e1l Edit<\/a><br \/>\n<a href=\"https:\/\/semmelweis.hu\/ovoda\/files\/2025\/09\/Napkoziotthonos-Ovoda-Teritesi-dij-szabalyzat.pdf\">Napk\u00f6ziotthonos \u00d3voda T\u00e9r\u00edt\u00e9si d\u00edj szab\u00e1lyzat<\/a><br \/>\n<a href=\"https:\/\/semmelweis.hu\/ovoda\/files\/2025\/02\/SZMSZ-2024.pdf\">SZMSZ 2024<\/a><br \/>\n<a href=\"https:\/\/semmelweis.hu\/ovoda\/files\/2024\/12\/munkaterv-ertekeles-2023-2024.pdf\">munkaterv \u00e9rt\u00e9kel\u00e9s 2023-2024<\/a><br \/>\n<a href=\"https:\/\/semmelweis.hu\/ovoda\/files\/2023\/09\/Munkaterv-2023-2024.pdf\">Munkaterv 2023-2024<\/a><br \/>\n<a href=\"https:\/\/semmelweis.hu\/ovoda\/files\/2023\/09\/Pedagogiai-Program-2023.pdf\">Pedag\u00f3giai Program 2023<\/a><br \/>\n<a href=\"https:\/\/semmelweis.hu\/ovoda\/files\/2024\/12\/Hazirend-2024.pdf\">H\u00e1zirend 2024<\/a><br \/>\n<a href=\"https:\/\/semmelweis.hu\/ovoda\/files\/2025\/02\/Kozzeteteli-lista-2024-2025-1.pdf\">K\u00f6zz\u00e9t\u00e9teli lista 2024-2025<\/a><br \/>\n<a href=\"https:\/\/semmelweis.hu\/ovoda\/files\/2024\/12\/Munkaterv-2024-2025.pdf\">Munkaterv 2024-2025<\/a><\/p>\n<p>Adatv\u00e9delmi dokumentumok:<\/p>\n<p><a href=\"https:\/\/semmelweis.hu\/ovoda\/files\/2021\/02\/Adatv\u00e9delmi-szab\u00e1lyzat.pdf\" target=\"_blank\" rel=\"noopener\">Adatv\u00e9delmi szab\u00e1lyzat (pdf)<\/a><br \/>\n<a href=\"https:\/\/semmelweis.hu\/ovoda\/files\/2021\/02\/adatv\u00e9delmi-t\u00e1j\u00e9koztat\u00f3.pdf\" target=\"_blank\" rel=\"noopener\">Adatv\u00e9delmi t\u00e1j\u00e9koztat\u00f3 (pdf)<\/a><\/p>\n","protected":false},"author":344,"featured_media":0,"parent":0,"menu_order":4,"comment_status":"closed","ping_status":"closed","template":"","meta":{"_acf_changed":false,"footnotes":""},"categories":[],"tags":[],"class_list":["post-13","page","type-page","status-publish","hentry"],"acf":[],"_links":{"self":[{"href":"https:\/\/semmelweis.hu\/ovoda\/wp-json\/wp\/v2\/pages\/13","targetHints":{"allow":["GET"]}}],"collection":[{"href":"https:\/\/semmelweis.hu\/ovoda\/wp-json\/wp\/v2\/pages"}],"about":[{"href":"https:\/\/semmelweis.hu\/ovoda\/wp-json\/wp\/v2\/types\/page"}],"author":[{"embeddable":true,"href":"https:\/\/semmelweis.hu\/ovoda\/wp-json\/wp\/v2\/users\/344"}],"replies":[{"embeddable":true,"href":"https:\/\/semmelweis.hu\/ovoda\/wp-json\/wp\/v2\/comments?post=13"}],"version-history":[{"count":14,"href":"https:\/\/semmelweis.hu\/ovoda\/wp-json\/wp\/v2\/pages\/13\/revisions"}],"predecessor-version":[{"id":2144,"href":"https:\/\/semmelweis.hu\/ovoda\/wp-json\/wp\/v2\/pages\/13\/revisions\/2144"}],"wp:attachment":[{"href":"https:\/\/semmelweis.hu\/ovoda\/wp-json\/wp\/v2\/media?parent=13"}],"wp:term":[{"taxonomy":"category","embeddable":true,"href":"https:\/\/semmelweis.hu\/ovoda\/wp-json\/wp\/v2\/categories?post=13"},{"taxonomy":"post_tag","embeddable":true,"href":"https:\/\/semmelweis.hu\/ovoda\/wp-json\/wp\/v2\/tags?post=13"}],"curies":[{"name":"wp","href":"https:\/\/api.w.org\/{rel}","templated":true}]}}