{"id":123,"date":"2015-01-20T14:14:19","date_gmt":"2015-01-20T13:14:19","guid":{"rendered":"http:\/\/semmelweis.hu\/ovoda\/?page_id=123"},"modified":"2026-01-20T09:33:45","modified_gmt":"2026-01-20T08:33:45","slug":"elerhetosegek","status":"publish","type":"page","link":"https:\/\/semmelweis.hu\/ovoda\/elerhetosegek\/","title":{"rendered":"El\u00e9rhet\u0151s\u00e9gek"},"content":{"rendered":"<p><strong>Semmelweis Egyetem Napk\u00f6ziotthonos \u00d3vod\u00e1ja<\/strong><\/p>\n<p>C\u00edm:\u00a01089 Budapest, Eln\u00f6k utca 4.<br \/>\nTelefonsz\u00e1m: 06\/1-314-0291<br \/>\nE-mail:\u00a0<a href=\"mailto:ovoda@semmelweis-univ.hu\">ovoda@semmelweis.hu<\/a><\/p>\n<p>\u00d3vod\u00e1nk h\u00e9tf\u0151t\u0151l p\u00e9ntekig naponta 7-t\u00f3l 17 \u00f3r\u00e1ig tart nyitva.<\/p>\n<p>Az \u00f3voda fenntart\u00f3ja, c\u00edme: Semmelweis Egyetem \u2013 1085 Budapest, \u00dcll\u0151i \u00fat 26.<\/p>\n<p>Megk\u00f6zel\u00edthet\u0151: 3-as metr\u00f3val a Nagyv\u00e1rad t\u00e9ri meg\u00e1ll\u00f3ig, vagy a 24-es villamossal az Eln\u00f6k utc\u00e1ig.<\/p>\n\n<!-- iframe plugin v.6.0 wordpress.org\/plugins\/iframe\/ -->\n<iframe loading=\"lazy\" style=\"border: 0;\" src=\"https:\/\/www.google.com\/maps\/embed?pb=!1m18!1m12!1m3!1d2696.468546401793!2d19.094131000000008!3d47.480785!2m3!1f0!2f0!3f0!3m2!1i1024!2i768!4f13.1!3m3!1m2!1s0x4741dce632f07a8d%3A0x927c4dae23ea9f66!2sEln%C3%B6k+u.+4%2C+Budapest%2C+1089!5e0!3m2!1shu!2shu!4v1421759641438\" width=\"600\" height=\"450\" frameborder=\"0\" scrolling=\"yes\" class=\"iframe-class\"><\/iframe>\n\n","protected":false},"excerpt":{"rendered":"<p>Semmelweis Egyetem Napk\u00f6ziotthonos \u00d3vod\u00e1ja<br \/>\nC\u00edm:\u00a01089 Budapest, Eln\u00f6k utca 4.<br \/>\nTelefonsz\u00e1m: 06\/1-314-0291<br \/>\nE-mail:\u00a0<a href=\"mailto:ovoda@semmelweis-univ.hu\">ovoda@semmelweis.hu<\/a><br \/>\n\u00d3vod\u00e1nk h\u00e9tf\u0151t\u0151l p\u00e9ntekig naponta 7-t\u00f3l 17 \u00f3r\u00e1ig tart nyitva.<br \/>\nAz \u00f3voda fenntart\u00f3ja, c\u00edme: Semmelweis Egyetem \u2013 1085 Budapest, \u00dcll\u0151i \u00fat 26.<br \/>\nMegk\u00f6zel\u00edthet\u0151: 3-as metr\u00f3val a Nagyv\u00e1rad t\u00e9ri meg\u00e1ll\u00f3ig, vagy a 24-es villamossal az Eln\u00f6k utc\u00e1ig.<\/p>\n","protected":false},"author":344,"featured_media":0,"parent":0,"menu_order":5,"comment_status":"open","ping_status":"closed","template":"","meta":{"_acf_changed":false,"footnotes":""},"categories":[],"tags":[],"class_list":["post-123","page","type-page","status-publish","hentry"],"acf":[],"_links":{"self":[{"href":"https:\/\/semmelweis.hu\/ovoda\/wp-json\/wp\/v2\/pages\/123","targetHints":{"allow":["GET"]}}],"collection":[{"href":"https:\/\/semmelweis.hu\/ovoda\/wp-json\/wp\/v2\/pages"}],"about":[{"href":"https:\/\/semmelweis.hu\/ovoda\/wp-json\/wp\/v2\/types\/page"}],"author":[{"embeddable":true,"href":"https:\/\/semmelweis.hu\/ovoda\/wp-json\/wp\/v2\/users\/344"}],"replies":[{"embeddable":true,"href":"https:\/\/semmelweis.hu\/ovoda\/wp-json\/wp\/v2\/comments?post=123"}],"version-history":[{"count":8,"href":"https:\/\/semmelweis.hu\/ovoda\/wp-json\/wp\/v2\/pages\/123\/revisions"}],"predecessor-version":[{"id":2190,"href":"https:\/\/semmelweis.hu\/ovoda\/wp-json\/wp\/v2\/pages\/123\/revisions\/2190"}],"wp:attachment":[{"href":"https:\/\/semmelweis.hu\/ovoda\/wp-json\/wp\/v2\/media?parent=123"}],"wp:term":[{"taxonomy":"category","embeddable":true,"href":"https:\/\/semmelweis.hu\/ovoda\/wp-json\/wp\/v2\/categories?post=123"},{"taxonomy":"post_tag","embeddable":true,"href":"https:\/\/semmelweis.hu\/ovoda\/wp-json\/wp\/v2\/tags?post=123"}],"curies":[{"name":"wp","href":"https:\/\/api.w.org\/{rel}","templated":true}]}}