{"id":89,"date":"2020-02-18T01:58:22","date_gmt":"2020-02-18T00:58:22","guid":{"rendered":"http:\/\/semmelweis.hu\/otthonilelegeztetes\/?page_id=89"},"modified":"2025-11-19T15:12:40","modified_gmt":"2025-11-19T14:12:40","slug":"betegellatas","status":"publish","type":"page","link":"https:\/\/semmelweis.hu\/otthonilelegeztetes\/rolunk\/betegellatas\/","title":{"rendered":"Betegell\u00e1t\u00e1s"},"content":{"rendered":"<p>Fekv\u0151beteg ell\u00e1t\u00e1s<\/p>\n<p style=\"text-align: justify\">Oszt\u00e1lyunkon a kr\u00f3nikus l\u00e9gz\u00e9si el\u00e9gtelens\u00e9gben szenved\u0151 betegek kivizsg\u00e1l\u00e1sban r\u00e9szes\u00fclnek, sz\u00e1mukra egy\u00e9nre szabott tart\u00f3s\u00a0 l\u00e9gz\u00e9st\u00e1mogat\u00e1st \u00e1ll\u00edtunk be. Az oszt\u00e1lyr\u00f3l val\u00f3 hazabocs\u00e1t\u00e1s el\u0151tt sz\u00fcks\u00e9g szerint seg\u00edts\u00e9get ny\u00fajtunk a biztons\u00e1gos otthoni gondoz\u00e1s felt\u00e9teleinek biztos\u00edt\u00e1s\u00e1ban (szakmai koll\u00e9giumi enged\u00e9lyeztet\u00e9s, energiaszolg\u00e1ltat\u00f3 \u00e9rtes\u00edt\u00e9se, h\u00e1ziorvos t\u00e1j\u00e9koztat\u00e1sa, ment\u0151szolg\u00e1lat, ter\u00fcletileg illet\u00e9kes intenz\u00edv oszt\u00e1ly \u00e9rtes\u00edt\u00e9se, illet\u00e9kes n\u00e9peg\u00e9szs\u00e9g\u00fcgyi oszt\u00e1ly \u00e9rtes\u00edt\u00e9se). Az oszt\u00e1lyos ell\u00e1t\u00e1s sor\u00e1n k\u00fcl\u00f6n hangs\u00falyt fektet\u00fcnk a p\u00e1ciens \u00e9s hozz\u00e1tartoz\u00f3inak megfelel\u0151 oktat\u00e1s\u00e1ra, a l\u00e9legeztet\u00e9ssel kapcsolatos k\u00e9rd\u00e9sek tiszt\u00e1z\u00e1s\u00e1ra. A betegbiztons\u00e1got szem el\u0151tt tartva, feladatunkat az intenz\u00edv oszt\u00e1llyal szoros egy\u00fcttm\u0171k\u00f6d\u00e9sben l\u00e1tjuk el.<\/p>\n<p>\u00a0 Int\u00e9zeti j\u00e1r\u00f3beteg ell\u00e1t\u00e1s \u00e9s helysz\u00edni vizitek<\/p>\n<p style=\"text-align: justify\">Betegeink <strong>rendszeres kontroll<\/strong> alatt \u00e1llnak, a III-as szint\u0171 betegek <strong>havonta<\/strong>, m\u00edg az I-II-es szint\u0171 betegek pedig <strong>1-3 havonta vizit<\/strong>en jelennek meg. Ahol indokolt, ott helysz\u00edni viziteket biztos\u00edtunk. A vizitek sor\u00e1n a g\u00e9pi adatok let\u00f6lt\u00e9se, l\u00e9gz\u00e9sfunkci\u00f3s vizsg\u00e1lat, v\u00e9roxig\u00e9nszint \u00e9s kil\u00e9gz\u00e9si sz\u00e9ndioxid m\u00e9r\u00e9se, valamint fizik\u00e1lis vizsg\u00e1lat t\u00f6rt\u00e9nik. \u00c1ttekintj\u00fck a g\u00e9pi l\u00e9legeztet\u00e9s eszk\u00f6zeit, illetve a ter\u00e1pia sor\u00e1n \u00e9szlelt probl\u00e9m\u00e1kat, \u00e9s sz\u00fcks\u00e9g eset\u00e9n m\u00f3dos\u00edtunk a be\u00e1ll\u00edt\u00e1sokon. Amennyiben sz\u00fcks\u00e9ges helysz\u00edni v\u00e9rg\u00e1z, ionok, lakt\u00e1t, v\u00e9rcukor \u00e9s kreatinin vizsg\u00e1latot is v\u00e9gz\u00fcnk.<\/p>\n<p style=\"text-align: justify\">A technikai h\u00e1tteret a programmal kapcsolatban \u00e1ll\u00f3 szolg\u00e1ltat\u00f3kkal foly\u00f3 szoros egy\u00fcttm\u0171k\u00f6d\u00e9s biztos\u00edtja, melynek k\u00f6sz\u00f6nhet\u0151en a betegeket korszer\u0171, otthoni l\u00e9legeztet\u00e9sre alkalmas \u00e9s <strong>szem\u00e9lyre szabott g\u00e9pi be\u00e1ll\u00edt\u00e1st biztos\u00edt\u00f3 m\u0171szerekkel<\/strong> l\u00e1tjuk el, melyek <strong>folyamatos szerv\u00edze is biztos\u00edtott<\/strong>.<\/p>\n","protected":false},"excerpt":{"rendered":"<p>Fekv\u0151beteg ell\u00e1t\u00e1s Oszt\u00e1lyunkon a kr\u00f3nikus l\u00e9gz\u00e9si el\u00e9gtelens\u00e9gben szenved\u0151 betegek kivizsg\u00e1l\u00e1sban r\u00e9szes\u00fclnek, sz\u00e1mukra egy\u00e9nre szabott tart\u00f3s\u00a0 l\u00e9gz\u00e9st\u00e1mogat\u00e1st \u00e1ll\u00edtunk be. Az oszt\u00e1lyr\u00f3l val\u00f3 hazabocs\u00e1t\u00e1s el\u0151tt sz\u00fcks\u00e9g szerint seg\u00edts\u00e9get ny\u00fajtunk a biztons\u00e1gos otthoni gondoz\u00e1s felt\u00e9teleinek biztos\u00edt\u00e1s\u00e1ban (szakmai koll\u00e9giumi enged\u00e9lyeztet\u00e9s, energiaszolg\u00e1ltat\u00f3 \u00e9rtes\u00edt\u00e9se, h\u00e1ziorvos t\u00e1j\u00e9koztat\u00e1sa, ment\u0151szolg\u00e1lat, ter\u00fcletileg illet\u00e9kes intenz\u00edv oszt\u00e1ly \u00e9rtes\u00edt\u00e9se, illet\u00e9kes n\u00e9peg\u00e9szs\u00e9g\u00fcgyi oszt\u00e1ly \u00e9rtes\u00edt\u00e9se). Az oszt\u00e1lyos ell\u00e1t\u00e1s sor\u00e1n k\u00fcl\u00f6n &hellip;<\/p>\n","protected":false},"author":101484,"featured_media":0,"parent":6,"menu_order":3,"comment_status":"closed","ping_status":"closed","template":"","meta":{"_acf_changed":false,"footnotes":""},"categories":[],"tags":[],"class_list":["post-89","page","type-page","status-publish","hentry"],"acf":[],"_links":{"self":[{"href":"https:\/\/semmelweis.hu\/otthonilelegeztetes\/wp-json\/wp\/v2\/pages\/89","targetHints":{"allow":["GET"]}}],"collection":[{"href":"https:\/\/semmelweis.hu\/otthonilelegeztetes\/wp-json\/wp\/v2\/pages"}],"about":[{"href":"https:\/\/semmelweis.hu\/otthonilelegeztetes\/wp-json\/wp\/v2\/types\/page"}],"author":[{"embeddable":true,"href":"https:\/\/semmelweis.hu\/otthonilelegeztetes\/wp-json\/wp\/v2\/users\/101484"}],"replies":[{"embeddable":true,"href":"https:\/\/semmelweis.hu\/otthonilelegeztetes\/wp-json\/wp\/v2\/comments?post=89"}],"version-history":[{"count":4,"href":"https:\/\/semmelweis.hu\/otthonilelegeztetes\/wp-json\/wp\/v2\/pages\/89\/revisions"}],"predecessor-version":[{"id":426,"href":"https:\/\/semmelweis.hu\/otthonilelegeztetes\/wp-json\/wp\/v2\/pages\/89\/revisions\/426"}],"up":[{"embeddable":true,"href":"https:\/\/semmelweis.hu\/otthonilelegeztetes\/wp-json\/wp\/v2\/pages\/6"}],"wp:attachment":[{"href":"https:\/\/semmelweis.hu\/otthonilelegeztetes\/wp-json\/wp\/v2\/media?parent=89"}],"wp:term":[{"taxonomy":"category","embeddable":true,"href":"https:\/\/semmelweis.hu\/otthonilelegeztetes\/wp-json\/wp\/v2\/categories?post=89"},{"taxonomy":"post_tag","embeddable":true,"href":"https:\/\/semmelweis.hu\/otthonilelegeztetes\/wp-json\/wp\/v2\/tags?post=89"}],"curies":[{"name":"wp","href":"https:\/\/api.w.org\/{rel}","templated":true}]}}

Betegellátás

<p>Fekvőbeteg ellátás</p>
<p style="text-align: justify">Osztályunkon a krónikus légzési elégtelenségben szenvedő betegek kivizsgálásban részesülnek, számukra egyénre szabott tartós  légzéstámogatást állítunk be. Az osztályról való hazabocsátás előtt szükség szerint segítséget nyújtunk a biztonságos otthoni gondozás feltételeinek biztosításában (szakmai kollégiumi engedélyeztetés, energiaszolgáltató értesítése, háziorvos tájékoztatása, mentőszolgálat, területileg illetékes intenzív osztály értesítése, illetékes népegészségügyi osztály értesítése). Az osztályos ellátás során külön hangsúlyt fektetünk a páciens és hozzátartozóinak megfelelő oktatására, a lélegeztetéssel kapcsolatos kérdések tisztázására. A betegbiztonságot szem előtt tartva, feladatunkat az intenzív osztállyal szoros együttműködésben látjuk el.</p>
<p>  Intézeti járóbeteg ellátás és helyszíni vizitek</p>
<p style="text-align: justify">Betegeink <strong>rendszeres kontroll</strong> alatt állnak, a III-as szintű betegek <strong>havonta</strong>, míg az I-II-es szintű betegek pedig <strong>1-3 havonta vizit</strong>en jelennek meg. Ahol indokolt, ott helyszíni viziteket biztosítunk. A vizitek során a gépi adatok letöltése, légzésfunkciós vizsgálat, véroxigénszint és kilégzési széndioxid mérése, valamint fizikális vizsgálat történik. Áttekintjük a gépi lélegeztetés eszközeit, illetve a terápia során észlelt problémákat, és szükség esetén módosítunk a beállításokon. Amennyiben szükséges helyszíni vérgáz, ionok, laktát, vércukor és kreatinin vizsgálatot is végzünk.</p>
<p style="text-align: justify">A technikai hátteret a programmal kapcsolatban álló szolgáltatókkal folyó szoros együttműködés biztosítja, melynek köszönhetően a betegeket korszerű, otthoni lélegeztetésre alkalmas és <strong>személyre szabott gépi beállítást biztosító műszerekkel</strong> látjuk el, melyek <strong>folyamatos szervíze is biztosított</strong>.</p>

<p>Fekvőbeteg ellátás Osztályunkon a krónikus légzési elégtelenségben szenvedő betegek kivizsgálásban részesülnek, számukra egyénre szabott tartós  légzéstámogatást állítunk be. Az osztályról való hazabocsátás előtt szükség szerint segítséget nyújtunk a biztonságos otthoni gondozás feltételeinek biztosításában (szakmai kollégiumi engedélyeztetés, energiaszolgáltató értesítése, háziorvos tájékoztatása, mentőszolgálat, területileg illetékes intenzív osztály értesítése, illetékes népegészségügyi osztály értesítése). Az osztályos ellátás során külön &hellip;</p>
