{"id":25,"date":"2019-08-30T17:07:22","date_gmt":"2019-08-30T15:07:22","guid":{"rendered":"http:\/\/semmelweis.hu\/hef\/?page_id=25"},"modified":"2024-05-23T19:54:05","modified_gmt":"2024-05-23T17:54:05","slug":"kutatas","status":"publish","type":"page","link":"https:\/\/semmelweis.hu\/otthonilelegeztetes\/kutatas\/","title":{"rendered":"Kutat\u00e1s"},"content":{"rendered":"<p>Az Otthoni L\u00e9legeztet\u00e9si Program keretei k\u00f6z\u00f6tt akt\u00edv tudom\u00e1nyos \u00e9let zajlik. Kutat\u00f3csoportunk vizsg\u00e1latainak f\u0151bb ir\u00e1nyvonalai \u00e9rintik\u00a0<span style=\"font-size: 1rem\">a tart\u00f3s l\u00e9gz\u00e9st\u00e1mogat\u00e1s hat\u00e1sait a p\u00e1ciensek \u00e9letmin\u0151s\u00e9g\u00e9re, \u00e9letkil\u00e1t\u00e1saira, valamint <\/span><span style=\"font-size: 1rem\">a kr\u00f3nikus l\u00e9gz\u00e9si el\u00e9gtelens\u00e9g hazai gyakoris\u00e1g\u00e1t, tov\u00e1bb\u00e1 az alut \u00e9s kr\u00f3nikus l\u00e9gz\u00e9si el\u00e9gtelens\u00e9g\u00a0 h\u00e1tter\u00e9ben \u00e1ll\u00f3 k\u00f3rfolyamatok \u00e9s l\u00e9gz\u00e9smechanikai elt\u00e9r\u00e9sek vizsg\u00e1lat\u00e1t.<\/span><\/p>\n","protected":false},"excerpt":{"rendered":"<p>Az Otthoni L\u00e9legeztet\u00e9si Program keretei k\u00f6z\u00f6tt akt\u00edv tudom\u00e1nyos \u00e9let zajlik. Kutat\u00f3csoportunk vizsg\u00e1latainak f\u0151bb ir\u00e1nyvonalai \u00e9rintik\u00a0a tart\u00f3s l\u00e9gz\u00e9st\u00e1mogat\u00e1s hat\u00e1sait a p\u00e1ciensek \u00e9letmin\u0151s\u00e9g\u00e9re, \u00e9letkil\u00e1t\u00e1saira, valamint a kr\u00f3nikus l\u00e9gz\u00e9si el\u00e9gtelens\u00e9g hazai gyakoris\u00e1g\u00e1t, tov\u00e1bb\u00e1 az alut \u00e9s kr\u00f3nikus l\u00e9gz\u00e9si el\u00e9gtelens\u00e9g\u00a0 h\u00e1tter\u00e9ben \u00e1ll\u00f3 k\u00f3rfolyamatok \u00e9s l\u00e9gz\u00e9smechanikai elt\u00e9r\u00e9sek vizsg\u00e1lat\u00e1t.<\/p>\n","protected":false},"author":158,"featured_media":0,"parent":0,"menu_order":5,"comment_status":"closed","ping_status":"closed","template":"","meta":{"_acf_changed":false,"footnotes":""},"categories":[],"tags":[],"class_list":["post-25","page","type-page","status-publish","hentry"],"acf":[],"_links":{"self":[{"href":"https:\/\/semmelweis.hu\/otthonilelegeztetes\/wp-json\/wp\/v2\/pages\/25","targetHints":{"allow":["GET"]}}],"collection":[{"href":"https:\/\/semmelweis.hu\/otthonilelegeztetes\/wp-json\/wp\/v2\/pages"}],"about":[{"href":"https:\/\/semmelweis.hu\/otthonilelegeztetes\/wp-json\/wp\/v2\/types\/page"}],"author":[{"embeddable":true,"href":"https:\/\/semmelweis.hu\/otthonilelegeztetes\/wp-json\/wp\/v2\/users\/158"}],"replies":[{"embeddable":true,"href":"https:\/\/semmelweis.hu\/otthonilelegeztetes\/wp-json\/wp\/v2\/comments?post=25"}],"version-history":[{"count":4,"href":"https:\/\/semmelweis.hu\/otthonilelegeztetes\/wp-json\/wp\/v2\/pages\/25\/revisions"}],"predecessor-version":[{"id":403,"href":"https:\/\/semmelweis.hu\/otthonilelegeztetes\/wp-json\/wp\/v2\/pages\/25\/revisions\/403"}],"wp:attachment":[{"href":"https:\/\/semmelweis.hu\/otthonilelegeztetes\/wp-json\/wp\/v2\/media?parent=25"}],"wp:term":[{"taxonomy":"category","embeddable":true,"href":"https:\/\/semmelweis.hu\/otthonilelegeztetes\/wp-json\/wp\/v2\/categories?post=25"},{"taxonomy":"post_tag","embeddable":true,"href":"https:\/\/semmelweis.hu\/otthonilelegeztetes\/wp-json\/wp\/v2\/tags?post=25"}],"curies":[{"name":"wp","href":"https:\/\/api.w.org\/{rel}","templated":true}]}}