{"id":240,"date":"2020-03-09T12:48:19","date_gmt":"2020-03-09T11:48:19","guid":{"rendered":"http:\/\/semmelweis.hu\/otthonilelegeztetes\/?page_id=240"},"modified":"2025-11-19T20:52:03","modified_gmt":"2025-11-19T19:52:03","slug":"rendszeres-teendok","status":"publish","type":"page","link":"https:\/\/semmelweis.hu\/otthonilelegeztetes\/olp-oktatasi-anyag\/level-iii\/rendszeres-teendok\/","title":{"rendered":"Rendszeres teend\u0151k"},"content":{"rendered":"<p>Rendszeres teend\u0151k otthon l\u00e9legeztetett p\u00e1ciens gondoz\u00e1sa sor\u00e1n<\/p>\n<p>Naponta v\u00e9gzend\u0151 feladatok:<\/p>\n<ul>\n<li>\u00a0 \u00a0 K\u00eds\u00e9rje figyelemmel a beteg \u00e1llapot\u00e1t!<\/li>\n<li>\u00a0 \u00a0 Minden esetben \u00fcgyeljen a l\u00e9legeztet\u0151g\u00e9p megfelel\u0151 \u00e1ram ell\u00e1t\u00e1s\u00e1ra!<\/li>\n<li>\u00a0 Rendszeresen ellen\u0151rizze, hogy a p\u00e1r\u00e1s\u00edt\u00f3ban kell\u0151 mennyis\u00e9g\u0171 desztill\u00e1lt v\u00edz van-e, \u00e9s gy\u0151z\u0151dj\u00f6n meg a v\u00edz ut\u00e1np\u00f3tl\u00e1s\u00e1r\u00f3l!<\/li>\n<li>\u00a0 \u00a0 Rendszeresen ellen\u0151rizze, hogy a kil\u00e9gz\u0151szelep nem t\u00f6m\u0151d\u00f6tt-e el v\u00e1lad\u00e9kkal!<\/li>\n<li>\u00a0 V\u00e9gezzen naponta 5 alkalommal k\u00f6h\u00f6gtet\u00e9si ciklusokat, alkalmank\u00e9nt 3-4-szer, majd sz\u00edvja le a tracheav\u00e1lad\u00e9kot!<\/li>\n<li>\u00a0 \u00a0 Naponta \u00fcr\u00edtse ki, \u00e9s tiszt\u00edtsa el a v\u00e1lad\u00e9ksz\u00edv\u00f3 tart\u00e1ly\u00e1t!<\/li>\n<li>\u00a0 Naponta egy alkalommal tiszt\u00edtsa meg, \u00e9s kezelje fert\u0151tlen\u00edt\u00f3 szerrel a tracheoszt\u00f3ma k\u00f6rny\u00e9k\u00e9t, majd cser\u00e9lje le a fed\u0151k\u00f6t\u00e9st!<\/li>\n<li>\u00a0 Naponta legal\u00e1bb egy alkalommal ellen\u0151rizze, hogy a tracheoszt\u00f3ma \u2018cuff\u2019-ja kell\u0151en fel van-e f\u00fajva!<\/li>\n<\/ul>\n<p>&nbsp;<\/p>\n<p>Hetente v\u00e9gzend\u0151 feladatok:<\/p>\n<ul>\n<li>\u00a0 Ellen\u0151rizze a leveg\u0151 be\u00f6ml\u0151 ny\u00edl\u00e1s el\u0151tt tal\u00e1lhat\u00f3 porsz\u0171r\u0151t. Amennyiben porosnak tal\u00e1lja, tiszt\u00edtsa meg, sz\u00fcks\u00e9g eset\u00e9n cser\u00e9lje!<\/li>\n<li>\u00a0 \u00a0 T\u00f6r\u00f6lje le a l\u00e9legeztet\u0151g\u00e9pet egy enyh\u00e9n nedves ruh\u00e1val, vagy fert\u0151tlen\u00edt\u0151 kend\u0151vel!<\/li>\n<li>\u00a0 \u00a0 K\u00e9t hetente cser\u00e9lje a pollensz\u0171r\u0151t!<\/li>\n<\/ul>\n<p>Havonta v\u00e9gzend\u0151 feladatok:<\/p>\n<ul>\n<li>\u00a0 \u00a0 Cser\u00e9lje ki a teljes l\u00e9gz\u0151k\u00f6rt!<\/li>\n<li>\u00a0 \u00a0 Cser\u00e9lje ki a l\u00e9legeztet\u0151g\u00e9p \u00e9s a k\u00f6h\u00f6gtet\u0151 g\u00e9p bakt\u00e9rium sz\u0171r\u0151j\u00e9t!<\/li>\n<li>\u00a0 \u00a0 Ellen\u0151rizze a k\u00e9zi l\u00e9legeztet\u0151 ballon m\u0171k\u00f6d\u00e9s\u00e9t!<\/li>\n<\/ul>\n<p>&nbsp;<\/p>\n<p>A honlapon szerepl\u0151 oktat\u00e1si anyag az otthoni l\u00e9legeztet\u00e9si program betegeinek, hozz\u00e1tartoz\u00f3inak \u00e9s gondvisel\u0151inek t\u00e1j\u00e9koztat\u00e1s\u00e1t szolg\u00e1lja. Terjeszt\u00e9se, egy\u00e9b c\u00e9l\u00fa felhaszn\u00e1l\u00e1sa tilos. Minden jog fenntartva.<\/p>\n","protected":false},"excerpt":{"rendered":"<p>Rendszeres teend\u0151k otthon l\u00e9legeztetett p\u00e1ciens gondoz\u00e1sa sor\u00e1n Naponta v\u00e9gzend\u0151 feladatok: \u00a0 \u00a0 K\u00eds\u00e9rje figyelemmel a beteg \u00e1llapot\u00e1t! \u00a0 \u00a0 Minden esetben \u00fcgyeljen a l\u00e9legeztet\u0151g\u00e9p megfelel\u0151 \u00e1ram ell\u00e1t\u00e1s\u00e1ra! \u00a0 Rendszeresen ellen\u0151rizze, hogy a p\u00e1r\u00e1s\u00edt\u00f3ban kell\u0151 mennyis\u00e9g\u0171 desztill\u00e1lt v\u00edz van-e, \u00e9s gy\u0151z\u0151dj\u00f6n meg a v\u00edz ut\u00e1np\u00f3tl\u00e1s\u00e1r\u00f3l! \u00a0 \u00a0 Rendszeresen ellen\u0151rizze, hogy a kil\u00e9gz\u0151szelep nem t\u00f6m\u0151d\u00f6tt-e el v\u00e1lad\u00e9kkal! &hellip;<\/p>\n","protected":false},"author":101484,"featured_media":0,"parent":207,"menu_order":7,"comment_status":"closed","ping_status":"closed","template":"","meta":{"_acf_changed":false,"footnotes":""},"categories":[],"tags":[],"class_list":["post-240","page","type-page","status-publish","hentry"],"acf":[],"_links":{"self":[{"href":"https:\/\/semmelweis.hu\/otthonilelegeztetes\/wp-json\/wp\/v2\/pages\/240","targetHints":{"allow":["GET"]}}],"collection":[{"href":"https:\/\/semmelweis.hu\/otthonilelegeztetes\/wp-json\/wp\/v2\/pages"}],"about":[{"href":"https:\/\/semmelweis.hu\/otthonilelegeztetes\/wp-json\/wp\/v2\/types\/page"}],"author":[{"embeddable":true,"href":"https:\/\/semmelweis.hu\/otthonilelegeztetes\/wp-json\/wp\/v2\/users\/101484"}],"replies":[{"embeddable":true,"href":"https:\/\/semmelweis.hu\/otthonilelegeztetes\/wp-json\/wp\/v2\/comments?post=240"}],"version-history":[{"count":2,"href":"https:\/\/semmelweis.hu\/otthonilelegeztetes\/wp-json\/wp\/v2\/pages\/240\/revisions"}],"predecessor-version":[{"id":335,"href":"https:\/\/semmelweis.hu\/otthonilelegeztetes\/wp-json\/wp\/v2\/pages\/240\/revisions\/335"}],"up":[{"embeddable":true,"href":"https:\/\/semmelweis.hu\/otthonilelegeztetes\/wp-json\/wp\/v2\/pages\/207"}],"wp:attachment":[{"href":"https:\/\/semmelweis.hu\/otthonilelegeztetes\/wp-json\/wp\/v2\/media?parent=240"}],"wp:term":[{"taxonomy":"category","embeddable":true,"href":"https:\/\/semmelweis.hu\/otthonilelegeztetes\/wp-json\/wp\/v2\/categories?post=240"},{"taxonomy":"post_tag","embeddable":true,"href":"https:\/\/semmelweis.hu\/otthonilelegeztetes\/wp-json\/wp\/v2\/tags?post=240"}],"curies":[{"name":"wp","href":"https:\/\/api.w.org\/{rel}","templated":true}]}}