{"id":180,"date":"2020-03-09T11:13:04","date_gmt":"2020-03-09T10:13:04","guid":{"rendered":"http:\/\/semmelweis.hu\/otthonilelegeztetes\/?page_id=180"},"modified":"2025-11-19T20:50:16","modified_gmt":"2025-11-19T19:50:16","slug":"bevezetes","status":"publish","type":"page","link":"https:\/\/semmelweis.hu\/otthonilelegeztetes\/olp-oktatasi-anyag\/level-i-ii\/bevezetes\/","title":{"rendered":"Bevezet\u00e9s"},"content":{"rendered":"<p><b>A l\u00e9gz\u0151rendszer fel\u00e9p\u00edt\u00e9se<\/b><\/p>\n<p>A l\u00e9gz\u0151rendszer a fels\u0151 \u00e9s als\u00f3 l\u00e9gutakb\u00f3l \u00e1ll.<br \/>Fels\u0151 l\u00e9gutak:<\/p>\n<ul>\n<li>Orr<\/li>\n<li>Sz\u00e1j\u00fcreg<\/li>\n<li>G\u00e9ge<\/li>\n<\/ul>\n<p>Als\u00f3 l\u00e9gutak:<\/p>\n<ul>\n<li>L\u00e9gcs\u0151<\/li>\n<li>T\u00fcd\u0151felek<\/li>\n<li>H\u00f6rg\u0151k<\/li>\n<li>L\u00e9gh\u00f3lyagocsk\u00e1k<\/li>\n<li>Hajsz\u00e1lerek<\/li>\n<\/ul>\n<p>A l\u00e9gz\u0151munk\u00e1t a l\u00e9gz\u00e9si izmok v\u00e9gzik:<\/p>\n<ul>\n<li>Rekeszizom<\/li>\n<li>Bordak\u00f6zti izmok<\/li>\n<li>Hasizmok<\/li>\n<\/ul>\n<p style=\"text-align: justify\">Az orron kereszt\u00fcl bel\u00e9legzett leveg\u0151b\u0151l az orr\u00fcreg az apr\u00f3 porszemcs\u00e9ket kisz\u0171ri, az itt \u00e1thalad\u00f3 leveg\u0151 felmelegszik, p\u00e1r\u00e1val tel\u00edt\u0151dik. Ezeket a feladatokat az orr ny\u00e1lkah\u00e1rty\u00e1ja v\u00e9gzi.<\/p>\n<p style=\"text-align: justify\">A sz\u00e1jon kereszt\u00fcli l\u00e9gz\u00e9sn\u00e9l sz\u0171r\u00e9s nem t\u00f6rt\u00e9nik, de a leveg\u0151 \u00edgy is p\u00e1r\u00e1s, meleg lesz.<\/p>\n<p style=\"text-align: justify\">A g\u00e9g\u00e9ben vannak a hangszalagok, a besz\u00e9dhangot az ezeken \u00e1t\u00e1raml\u00f3 leveg\u0151 hozza l\u00e9tre \u00e9s a hangszalagok sz\u00fcks\u00e9gesek a hat\u00e9kony k\u00f6h\u00f6g\u00e9shez is.<\/p>\n<p style=\"text-align: justify\">A g\u00e9gebemenetet porcos fed\u00e9l fedi be, ami nyel\u00e9s k\u00f6zben megakad\u00e1lyozza, hogy az \u00e9tel\/ny\u00e1l a l\u00e9gcs\u0151be jusson.<\/p>\n<p style=\"text-align: justify\">A l\u00e9gcs\u0151 a g\u00e9g\u00e9t \u00e9s a t\u00fcd\u0151t k\u00f6ti \u00f6ssze.<\/p>\n<p style=\"text-align: justify\">A h\u00f6rg\u0151k a l\u00e9gcs\u0151b\u0151l ism\u00e9telten el\u00e1gazva vezetik tov\u00e1bb a leveg\u0151t, eg\u00e9szen a t\u00fcd\u0151 h\u00f3lyagocsk\u00e1kig, ahol a g\u00e1zcsere t\u00f6rt\u00e9nik.<\/p>\n<p style=\"text-align: justify\">A kisebb h\u00f6rg\u0151kben norm\u00e1lisan is k\u00e9pz\u0151dik l\u00e9g\u00fati v\u00e1lad\u00e9k, melynek szerepe, hogy az als\u00f3 l\u00e9gutakba lejut\u00f3 szennyez\u0151d\u00e9st felfogja. A v\u00e1lad\u00e9kot a l\u00e9gutakat b\u00e9lel\u0151 ny\u00e1lkah\u00e1rtya felsz\u00edn\u00e9n mozg\u00f3 apr\u00f3 csill\u00f3sz\u0151r\u00f6k hajtj\u00e1k kifel\u00e9, mely azt\u00e1n a k\u00f6h\u00f6g\u00e9se sor\u00e1n t\u00e1vozik a l\u00e9gutakb\u00f3l.<\/p>\n<p style=\"text-align: justify\">A l\u00e9gh\u00f3lyagocsk\u00e1kat k\u00edv\u00fclr\u0151l h\u00e1l\u00f3zz\u00e1k be a hajsz\u00e1lerek, ezek v\u00e9gzik az oxig\u00e9n \u00e9s a sz\u00e9ndioxid sz\u00e1ll\u00edt\u00e1s\u00e1t.<\/p>\n<p style=\"text-align: justify\">A bord\u00e1k a mellkas v\u00e1z\u00e1t alkotj\u00e1k, melyek \u00f6sszehangoltan fel-le mozognak a l\u00e9gz\u00e9s sor\u00e1n, a t\u00fcd\u0151 t\u00e1gul\u00e1s\u00e1t \u00e9s ki\u00fcr\u00fcl\u00e9s\u00e9t seg\u00edtve.<\/p>\n<p style=\"text-align: justify\">A rekeszizom egy nagy, er\u0151s izomlemez, mely a mellkast \u00e9s a has\u00fcreget elv\u00e1lasztja egym\u00e1st\u00f3l. A rekeszizom bel\u00e9gz\u00e9skor \u00f6sszeh\u00faz\u00f3dva lefel\u00e9 mozdul, seg\u00edtve a t\u00fcd\u0151 t\u00e1gul\u00e1s\u00e1t.<\/p>\n<p style=\"text-align: justify\">A bels\u0151 ill. k\u00fcls\u0151 bordak\u00f6zti izmok seg\u00edtenek a ki- ill. bel\u00e9gz\u00e9sben.<\/p>\n<p style=\"text-align: justify\">A hasizmok er\u0151ltetett l\u00e9gz\u00e9sben ill. a k\u00f6h\u00f6g\u00e9s l\u00e9trehoz\u00e1s\u00e1ban j\u00e1tszanak szerepet.<\/p>\n<p><b>A l\u00e9gz\u00e9s folyamata<\/b><\/p>\n<p>Bel\u00e9gz\u00e9s<\/p>\n<p style=\"text-align: justify\">Spont\u00e1n l\u00e9gz\u00e9s sor\u00e1n a rekeszizom \u00e9s a bordak\u00f6zi izmok \u00f6sszeh\u00faz\u00f3d\u00e1s\u00e1val a mellkas t\u00e9rfogata megn\u0151, a t\u00fcd\u0151 kit\u00e1gul. Az \u00edgy keletkez\u0151 sz\u00edv\u00f3 hat\u00e1s r\u00e9v\u00e9n az orron kereszt\u00fcl leveg\u0151 \u00e1ramlik a l\u00e9gcs\u0151be, majd az ism\u00e9telten el\u00e1gaz\u00f3d\u00f3 h\u00f6rg\u0151kbe, v\u00e9g\u00fcl oxig\u00e9nt juttatva a l\u00e9gh\u00f3lyagocsk\u00e1kba. Innen az oxig\u00e9n a hajsz\u00e1lerekbe sz\u00edv\u00f3dik \u00e1t, ezek \u00f6sszegy\u0171lve nagyobb ereket alkotva futnak a sz\u00edv fel\u00e9. Az oxig\u00e9nd\u00fas v\u00e9rt a sz\u00edv a test t\u00f6bbi r\u00e9sz\u00e9be pump\u00e1lja tov\u00e1bb.<\/p>\n<p>Kil\u00e9gz\u00e9s<\/p>\n<p style=\"text-align: justify\">A test sz\u00f6veteiben k\u00e9pz\u0151d\u0151 sz\u00e9ndioxid a hajsz\u00e1lereken \u00e1t jut a t\u00fcd\u0151h\u00f3lyagocsk\u00e1kba. Kil\u00e9gz\u00e9s sor\u00e1n a rekeszizom elernyed, a mellkas visszat\u00e9r nyugalmi m\u00e9ret\u00e9re \u00e9s a leveg\u0151 a t\u00fcd\u0151kb\u0151l a h\u00f6rg\u0151k\u00f6n, majd a l\u00e9gcs\u00f6v\u00f6n \u00e1t ki\u00e1ramlik, mag\u00e1val sz\u00e1ll\u00edtva a felgy\u0171lemlett sz\u00e9ndioxidot.<\/p>\n<p style=\"text-align: justify\">A kil\u00e9gz\u00e9s a hasizmok akt\u00edv \u00f6sszeh\u00faz\u00f3d\u00e1s\u00e1val lehet sokkal er\u0151teljesebb is, p\u00e9ld\u00e1ul k\u00f6h\u00f6g\u00e9s sor\u00e1n.<\/p>\n<p style=\"text-align: justify\">Norm\u00e1l esetben a l\u00e9gz\u00e9s automatikus, \u00f6sszehangolt folyamat, melyet tudatosan fel\u00fcl tudunk vez\u00e9relni.<\/p>\n<p><b>Fert\u0151z\u00e9smegel\u0151z\u00e9s<\/b><\/p>\n<p style=\"text-align: justify\">A fert\u0151z\u00e9sek megel\u0151z\u00e9s\u00e9nek \u00e9rdek\u00e9ben a p\u00e1ciens k\u00f6rnyezet\u00e9t tiszt\u00e1n kell tartani:<\/p>\n<ul>\n<li>Kezek &#8211; gyakori k\u00e9zmos\u00e1s \u00e9s rendszeres k\u00e9zfert\u0151tlen\u00edt\u00e9s sz\u00fcks\u00e9ges<\/li>\n<li>\u00a0Leveg\u0151 &#8211; ker\u00fclj\u00fck a doh\u00e1nyf\u00fcst\u00f6t; b\u00e1rmilyen l\u00e9g\u00fati fert\u0151z\u00e9sben szenved\u0151 l\u00e1togat\u00f3t tartsunk t\u00e1vol otthonunkt\u00f3l, ha m\u00e9gis sz\u00fcks\u00e9ges jelenl\u00e9t\u00fck, hordjanak maszkot, keszty\u0171t<\/li>\n<li>L\u00e9legeztet\u00e9si eszk\u00f6z\u00f6k &#8211; a l\u00e9gz\u0151k\u00f6r rendszeres tiszt\u00e1n tart\u00e1sa, cser\u00e9je sz\u00fcks\u00e9ges, a sz\u0171r\u0151ket, fogy\u00f3 eszk\u00f6z\u00f6ket rendszeresen cser\u00e9lj\u00fck<\/li>\n<\/ul>\n<p style=\"text-align: justify\">Ha a t\u00fcd\u0151sz\u00f6vetbe k\u00f3rokoz\u00f3k ker\u00fclnek, az t\u00fcd\u0151gyullad\u00e1st okozhat, ekkor a h\u00f6rg\u0151k ny\u00e1lkah\u00e1rty\u00e1ja megduzzad, a v\u00e1lad\u00e9ktermel\u00e9s fokoz\u00f3dik, a g\u00e1zcsere hat\u00e9konys\u00e1ga romlik. Ennek megel\u0151z\u00e9s\u00e9ben a bel\u00e9gzett leveg\u0151 min\u0151s\u00e9ge kulcsfontoss\u00e1g\u00fa. Ha a bel\u00e9gzett leveg\u0151 sz\u00e1raz \u00e9s hideg, az kedvez a fert\u0151z\u00e9seknek.<\/p>\n<p>\u00a0\u00a0\u00a0\u00a0 A l\u00e9g\u00fati fert\u0151z\u00e9s jelei<\/p>\n<p>A l\u00e9g\u00fati fert\u0151z\u00e9snek sz\u00e1mos jele van:<\/p>\n<ul>\n<li>K\u00f6h\u00f6g\u00e9s<\/li>\n<li>L\u00e1z, hidegr\u00e1z\u00e1s<\/li>\n<li>Gyenges\u00e9g, elesetts\u00e9g<\/li>\n<li>L\u00e9gszomj<\/li>\n<li>V\u00e1lad\u00e9k b\u0151s\u00e9gesebb, s\u0171r\u0171bb, s\u00e1rga vagy z\u00f6ld sz\u00edn\u0171, kellemetlen szag\u00fa<\/li>\n<\/ul>\n<p style=\"text-align: justify\">L\u00e9g\u00fati fert\u0151z\u00e9s eset\u00e9n a megn\u00f6vekedett v\u00e1lad\u00e9ktermel\u00e9s miatt sz\u00fcks\u00e9gess\u00e9 v\u00e1lhat a gyakoribb k\u00f6h\u00f6gtet\u0151 g\u00e9p haszn\u00e1lat, l\u00e9g\u00fati lesz\u00edv\u00e1s \u00e9s gyakran a l\u00e9legeztet\u0151g\u00e9pnek is magasabb nyom\u00e1sokkal kell m\u0171k\u00f6dnie.<\/p>\n<p style=\"text-align: justify\">Fontos, hogy a l\u00e9legeztet\u0151g\u00e9pet a fert\u0151z\u00e9sek ideje alatt is rendszeresen haszn\u00e1ljuk. L\u00e9g\u00fati v\u00e1lad\u00e9k, produkt\u00edv k\u00f6h\u00f6g\u00e9s nem akad\u00e1lya a l\u00e9legeztet\u0151g\u00e9p haszn\u00e1latnak. Ellenben fert\u0151z\u00e9s alatt elhagyott l\u00e9gz\u00e9st\u00e1mogat\u00e1s felesleges plusz terhet r\u00f3 a szervezetre, meghosszabb\u00edtja a gy\u00f3gyul\u00e1si id\u0151t, \u00e9s s\u00falyosb\u00edtja a t\u00fcneteket.\u00a0<\/p>\n<p style=\"text-align: justify\">L\u00e9g\u00fati fert\u0151z\u00e9s jeleinek \u00e9szlel\u00e9sekor \u00e9rtes\u00edts\u00fck a kezel\u0151orvost, sz\u00fcks\u00e9ges lehet az antibiotikum kezel\u00e9s elind\u00edt\u00e1sa.<\/p>\n<p>&nbsp;<\/p>\n<p>Az alapos k\u00e9zmos\u00e1s<\/p>\n<p style=\"text-align: justify\">A k\u00e9zmos\u00e1s alapvet\u0151 fontoss\u00e1g\u00fa a l\u00e9g\u00fati fert\u0151z\u00e9sek megel\u0151z\u00e9s\u00e9ben. Amennyiben hosszas \u00e1pol\u00e1si feladatokat v\u00e9gz\u00fcnk,t\u00f6bbsz\u00f6ri k\u00e9zfert\u0151tlen\u00edt\u00e9sre is sz\u00fcks\u00e9g lehet.<\/p>\n<p>&nbsp;<\/p>\n<ul>\n<li><b><a href=\"https:\/\/semmelweis.hu\/otthonilelegeztetes\/files\/2020\/03\/Fertotlenito_kezmosas_20110223.pdf\" target=\"_blank\" rel=\"noopener noreferrer\">Fert\u0151tlen\u00edt\u0151 k\u00e9zmos\u00e1s<\/a><br \/><\/b><\/li>\n<\/ul>\n<ul>\n<li><a href=\"https:\/\/semmelweis.hu\/otthonilelegeztetes\/files\/2020\/03\/Alkoholos_kezbedorzsoles_20110223.pdf\" target=\"_blank\" rel=\"noopener noreferrer\">Alkoholos k\u00e9zbed\u00f6rzs\u00f6l\u00e9s<\/a><\/li>\n<\/ul>\n<ul>\n<li><a href=\"https:\/\/semmelweis.hu\/otthonilelegeztetes\/files\/2020\/03\/A_kezhigiene_5_momentuma_20110223.pdf\" target=\"_blank\" rel=\"noopener noreferrer\">A k\u00e9zhigi\u00e9n\u00e9 \u00f6t momentuma<\/a><\/li>\n<\/ul>\n<p>&nbsp;<\/p>\n<p>A honlapon szerepl\u0151 oktat\u00e1si anyag az otthoni l\u00e9legeztet\u00e9si program betegeinek, hozz\u00e1tartoz\u00f3inak \u00e9s gondvisel\u0151inek t\u00e1j\u00e9koztat\u00e1s\u00e1t szolg\u00e1lja. Terjeszt\u00e9se, egy\u00e9b c\u00e9l\u00fa felhaszn\u00e1l\u00e1sa tilos. Minden jog fenntartva.<\/p>\n<p>&nbsp;<\/p>\n","protected":false},"excerpt":{"rendered":"<p>A l\u00e9gz\u0151rendszer fel\u00e9p\u00edt\u00e9se A l\u00e9gz\u0151rendszer a fels\u0151 \u00e9s als\u00f3 l\u00e9gutakb\u00f3l \u00e1ll.Fels\u0151 l\u00e9gutak: Orr Sz\u00e1j\u00fcreg G\u00e9ge Als\u00f3 l\u00e9gutak: L\u00e9gcs\u0151 T\u00fcd\u0151felek H\u00f6rg\u0151k L\u00e9gh\u00f3lyagocsk\u00e1k Hajsz\u00e1lerek A l\u00e9gz\u0151munk\u00e1t a l\u00e9gz\u00e9si izmok v\u00e9gzik: Rekeszizom Bordak\u00f6zti izmok Hasizmok Az orron kereszt\u00fcl bel\u00e9legzett leveg\u0151b\u0151l az orr\u00fcreg az apr\u00f3 porszemcs\u00e9ket kisz\u0171ri, az itt \u00e1thalad\u00f3 leveg\u0151 felmelegszik, p\u00e1r\u00e1val tel\u00edt\u0151dik. Ezeket a feladatokat az orr &hellip;<\/p>\n","protected":false},"author":101484,"featured_media":0,"parent":178,"menu_order":1,"comment_status":"closed","ping_status":"closed","template":"","meta":{"_acf_changed":false,"footnotes":""},"categories":[],"tags":[],"class_list":["post-180","page","type-page","status-publish","hentry"],"acf":[],"_links":{"self":[{"href":"https:\/\/semmelweis.hu\/otthonilelegeztetes\/wp-json\/wp\/v2\/pages\/180","targetHints":{"allow":["GET"]}}],"collection":[{"href":"https:\/\/semmelweis.hu\/otthonilelegeztetes\/wp-json\/wp\/v2\/pages"}],"about":[{"href":"https:\/\/semmelweis.hu\/otthonilelegeztetes\/wp-json\/wp\/v2\/types\/page"}],"author":[{"embeddable":true,"href":"https:\/\/semmelweis.hu\/otthonilelegeztetes\/wp-json\/wp\/v2\/users\/101484"}],"replies":[{"embeddable":true,"href":"https:\/\/semmelweis.hu\/otthonilelegeztetes\/wp-json\/wp\/v2\/comments?post=180"}],"version-history":[{"count":3,"href":"https:\/\/semmelweis.hu\/otthonilelegeztetes\/wp-json\/wp\/v2\/pages\/180\/revisions"}],"predecessor-version":[{"id":337,"href":"https:\/\/semmelweis.hu\/otthonilelegeztetes\/wp-json\/wp\/v2\/pages\/180\/revisions\/337"}],"up":[{"embeddable":true,"href":"https:\/\/semmelweis.hu\/otthonilelegeztetes\/wp-json\/wp\/v2\/pages\/178"}],"wp:attachment":[{"href":"https:\/\/semmelweis.hu\/otthonilelegeztetes\/wp-json\/wp\/v2\/media?parent=180"}],"wp:term":[{"taxonomy":"category","embeddable":true,"href":"https:\/\/semmelweis.hu\/otthonilelegeztetes\/wp-json\/wp\/v2\/categories?post=180"},{"taxonomy":"post_tag","embeddable":true,"href":"https:\/\/semmelweis.hu\/otthonilelegeztetes\/wp-json\/wp\/v2\/tags?post=180"}],"curies":[{"name":"wp","href":"https:\/\/api.w.org\/{rel}","templated":true}]}}